{"id":765,"date":"2014-02-08T08:40:13","date_gmt":"2014-02-08T08:40:13","guid":{"rendered":"http:\/\/xn--skuggorfrndetfrflutna-02b01b.se\/?page_id=765"},"modified":"2014-02-08T08:40:13","modified_gmt":"2014-02-08T08:40:13","slug":"uppgiften","status":"publish","type":"page","link":"https:\/\/xn--skuggorfrndetfrflutna-02b01b.se\/?page_id=765","title":{"rendered":"Uppgiften"},"content":{"rendered":"<h1><strong>Intervju \u2013 P\u00e5 denna plats\u2026 \u00a0 \u00a0\u00a0Krigsminnen eller minnen fr\u00e5n 1950-talet<\/strong><\/h1>\n<p><b>Uppgift:<\/b><\/p>\n<p>Du ska intervjua en sl\u00e4kting eller bekant om hur det var att leva i Sverige eller i n\u00e5got annat land under andra v\u00e4rldskriget och\/eller under 1950-talet. Kalla kriget hettade till <b><span style=\"text-decoration: underline;\">1962<\/span><\/b> och din intervjuperson ska ha minnen att ber\u00e4tta om tiden f\u00f6re detta \u00e5r och detta betyder att din person ska vara f\u00f6dd senast 1950. B\u00f6rja med att g\u00f6ra en minneskarta med de fr\u00e5gor som kan vara intressanta att st\u00e4lla. Se f\u00f6rslag p\u00e5 n\u00e4sta sida.<\/p>\n<p>Du ska kunna redovisa intervjun <span style=\"text-decoration: underline;\">muntligt<\/span> inf\u00f6r klassen samt <span style=\"text-decoration: underline;\">sammanfatta <\/span>det viktigaste p\u00e5 <span style=\"text-decoration: underline;\">en<\/span> datautskriven sida (storlek 12) med l\u00f6pande text (ej fr\u00e5ga\/svar). Observera att den muntliga redovisningen och samman-fattningen <span style=\"text-decoration: underline;\">inte<\/span> \u00e4r samma sak. Du kan allts\u00e5 ber\u00e4tta mer och om andra saker \u00e4n din sammanfattning. Att kort sammanfatta en intervju \u00e4r sv\u00e5rt!<b> <\/b>Se exemplet i h\u00e4ftet.<b> Ta g\u00e4rna med dig gamla fotografier eller f\u00f6rem\u00e5l som har samband med det du ber\u00e4ttar. Ta g\u00e4rna en digital bild p\u00e5 ditt intervjuobjekt.<\/b><\/p>\n<p>&nbsp;<\/p>\n<p>Du ska l\u00e4mna in sammanfattningen senast den <b>___________________<\/b><\/p>\n<p>&nbsp;<\/p>\n<p>Arbetet redovisas muntligt fr\u00e5n och med detta datum p\u00e5 SO- eller SV-lektionerna. Se till att spara ditt arbete f\u00f6r omarbetning. Klassens arbeten kommer att redovisas som ett h\u00e4fte som du ska delge din intervjuperson.<\/p>\n<p>Din egen historia kan vara mer intressant \u00e4n historieb\u00f6ckerna!<\/p>\n<p>&nbsp;<\/p>\n<p style=\"text-align: left;\" align=\"center\">Lycka till!<\/p>\n<p style=\"text-align: left;\" align=\"center\">\n<p style=\"text-align: left;\" align=\"center\"><b>SO- och Sv-l\u00e4rarna<\/b><\/p>\n<p>&nbsp;<\/p>\n<p><b><a href=\"http:\/\/xn--skuggorfrndetfrflutna-02b01b.se\/wp-content\/uploads\/2014\/02\/Lapplandskriget.jpg\"><img loading=\"lazy\" decoding=\"async\" class=\"alignnone size-large wp-image-766\" alt=\"Lapplandskriget\" src=\"http:\/\/xn--skuggorfrndetfrflutna-02b01b.se\/wp-content\/uploads\/2014\/02\/Lapplandskriget-1024x674.jpg\" width=\"1024\" height=\"674\" srcset=\"https:\/\/xn--skuggorfrndetfrflutna-02b01b.se\/wp-content\/uploads\/2014\/02\/Lapplandskriget-1024x674.jpg 1024w, https:\/\/xn--skuggorfrndetfrflutna-02b01b.se\/wp-content\/uploads\/2014\/02\/Lapplandskriget-300x197.jpg 300w, https:\/\/xn--skuggorfrndetfrflutna-02b01b.se\/wp-content\/uploads\/2014\/02\/Lapplandskriget.jpg 1141w\" sizes=\"auto, (max-width: 1024px) 100vw, 1024px\" \/><\/a><\/b><\/p>\n<p>&#8221;Farfar Per-Alibins fotoalbum&#8221;, bilder fr\u00e5n redovisning Tove 9E &#8211; Lapplandskriget mellan Finland och Tyskland 1944. Bilderna visar den finska sidan fr\u00e5n Sverige.<\/p>\n<p><b>\u00a0<\/b><\/p>\n<h1><b>Att intervjua en person som har minnen fr\u00e5n tiden f\u00f6re 1962<\/b><\/h1>\n<p>&nbsp;<\/p>\n<p>1) Introduktionsfr\u00e5gor: f\u00f6dd n\u00e4r, var, familj, f\u00f6r\u00e4ldrars yrken, syskon osv<\/p>\n<p>&nbsp;<\/p>\n<p>2) B\u00e4sta och s\u00e4msta minne 1939-45\u00a0eller f\u00f6re 1962?<\/p>\n<p>&nbsp;<\/p>\n<p><b>H\u00e4r f\u00f6ljer olika f\u00f6rslag p\u00e5 teman att h\u00e4mta fr\u00e5gor ifr\u00e5n. Du kan blanda fritt eller v\u00e4lja att fokusera p\u00e5 ett tema. G\u00e4rna egna fr\u00e5gor.<\/b><\/p>\n<p>&nbsp;<\/p>\n<p>3) Arbete och l\u00f6n \u2013 Hur f\u00f6rs\u00f6rjde man sig? Vilka yrken var vanliga? Viken var l\u00f6nen? Hur var relationen mellan arbetsgivare och arbetstagare? Hur fungerade ransoneringen? Vad var svarta b\u00f6rsen?<\/p>\n<p>&nbsp;<\/p>\n<p>4) Mat och skola \u2013 Vad \u00e5t man till vardags och till fest? Hur var relationen mellan l\u00e4rare och elev? Hur fungerade skolan? Hur var det med l\u00e4rob\u00f6cker, skolk och bestraffning?<\/p>\n<p>&nbsp;<\/p>\n<p>5) M\u00e4nniskor och k\u00e4rlek &#8211; N\u00e4r gifte man sig? Var? Vem best\u00e4mde f\u00f6rlovning och gifterm\u00e5l? Vad h\u00e4nder med relationer under krig? Hur p\u00e5verkades familjen?<\/p>\n<p>&nbsp;<\/p>\n<p>6) Politik och demokrati \u2013 Vad h\u00e4nde med demokratin i Sverige under andra v\u00e4rldskriget\/p\u00e5 1950-talet? Vilka var de mest v\u00e4lk\u00e4nda politikerna? Varf\u00f6r var de v\u00e4lk\u00e4nda? Vad man fri att s\u00e4ga och tycka det man ville?<\/p>\n<p>&nbsp;<\/p>\n<p>7) Krig och flyktingar \u2013 <b>Vad visste man om F\u00f6rintelsen? <\/b>M\u00e4rkte man n\u00e5gonting av flyktingarna under och efter kriget? Varifr\u00e5n kom flyktingarna? Fanns det n\u00e5gra hj\u00e4lporganisationer? Fanns det n\u00e5gra historier om n\u00e5gra flyktingar? Hur m\u00e4rkte man av det andra v\u00e4rldskriget eller det kalla kriget?<\/p>\n<p>&nbsp;<\/p>\n<p>8) Lek och fritid \u2013 Vad gjorde man p\u00e5 sin fritid? Vad lekte man med? Vilka leksaker fanns? Med vilka umgicks man? Fanns mobbing? Vilka kl\u00e4der hade man? Vilka var favoritkl\u00e4derna?<\/p>\n<p>&nbsp;<\/p>\n<p>9) Media och teknik \u2013 Hur fick man nyheter p\u00e5 1950-talet? Vad det som man fick h\u00f6ra sant? Vilka var de viktigaste nyheterna? Vilka var de viktigaste uppfinningarna som slog igenom? Vilka kommunikationer fanns? Hur tog man sig fram?<\/p>\n","protected":false},"excerpt":{"rendered":"<p>Intervju \u2013 P\u00e5 denna plats\u2026 \u00a0 \u00a0\u00a0Krigsminnen eller minnen fr\u00e5n 1950-talet Uppgift: Du ska intervjua en sl\u00e4kting eller bekant om hur det var att leva i Sverige eller i n\u00e5got annat land under andra v\u00e4rldskriget och\/eller under 1950-talet. Kalla kriget hettade till 1962 och din intervjuperson ska ha minnen att ber\u00e4tta om tiden f\u00f6re detta &hellip; <\/p>\n<p><a class=\"more-link btn\" href=\"https:\/\/xn--skuggorfrndetfrflutna-02b01b.se\/?page_id=765\">Forts\u00e4tt l\u00e4sa<\/a><\/p>\n","protected":false},"author":1,"featured_media":0,"parent":0,"menu_order":0,"comment_status":"closed","ping_status":"open","template":"","meta":{"_monsterinsights_skip_tracking":false,"_monsterinsights_sitenote_active":false,"_monsterinsights_sitenote_note":"","_monsterinsights_sitenote_category":0,"footnotes":""},"class_list":["post-765","page","type-page","status-publish","hentry","nodate","item-wrap"],"jetpack_sharing_enabled":true,"_links":{"self":[{"href":"https:\/\/xn--skuggorfrndetfrflutna-02b01b.se\/index.php?rest_route=\/wp\/v2\/pages\/765","targetHints":{"allow":["GET"]}}],"collection":[{"href":"https:\/\/xn--skuggorfrndetfrflutna-02b01b.se\/index.php?rest_route=\/wp\/v2\/pages"}],"about":[{"href":"https:\/\/xn--skuggorfrndetfrflutna-02b01b.se\/index.php?rest_route=\/wp\/v2\/types\/page"}],"author":[{"embeddable":true,"href":"https:\/\/xn--skuggorfrndetfrflutna-02b01b.se\/index.php?rest_route=\/wp\/v2\/users\/1"}],"replies":[{"embeddable":true,"href":"https:\/\/xn--skuggorfrndetfrflutna-02b01b.se\/index.php?rest_route=%2Fwp%2Fv2%2Fcomments&post=765"}],"version-history":[{"count":1,"href":"https:\/\/xn--skuggorfrndetfrflutna-02b01b.se\/index.php?rest_route=\/wp\/v2\/pages\/765\/revisions"}],"predecessor-version":[{"id":768,"href":"https:\/\/xn--skuggorfrndetfrflutna-02b01b.se\/index.php?rest_route=\/wp\/v2\/pages\/765\/revisions\/768"}],"wp:attachment":[{"href":"https:\/\/xn--skuggorfrndetfrflutna-02b01b.se\/index.php?rest_route=%2Fwp%2Fv2%2Fmedia&parent=765"}],"curies":[{"name":"wp","href":"https:\/\/api.w.org\/{rel}","templated":true}]}}