{"id":635,"date":"2013-09-28T17:40:54","date_gmt":"2013-09-28T17:40:54","guid":{"rendered":"http:\/\/xn--skuggorfrndetfrflutna-02b01b.se\/?page_id=635"},"modified":"2013-09-28T17:40:54","modified_gmt":"2013-09-28T17:40:54","slug":"de-vita-bussarna-2","status":"publish","type":"page","link":"https:\/\/xn--skuggorfrndetfrflutna-02b01b.se\/?page_id=635","title":{"rendered":"De vita bussarna"},"content":{"rendered":"<p>De vita bussarna leddes av den svenska greven Folke Bernadotte, som hade i \u00e4ndam\u00e5l att tillsammans med r\u00e4ddningsaktionen R\u00f6da korset r\u00e4dda skandinaver i slutet av andra v\u00e4rdskriget. D\u00e4r av danskar och norrm\u00e4n som satt i tyska koncentrationsl\u00e4ger. Namnet p\u00e5 de vita bussarna kommer efter att bussarna var vita med r\u00f6da kors p\u00e5 taket, sidan, fram och bak. Bussarna s\u00e5g ut p\u00e5 detta vis d\u00e4rf\u00f6r att man inte skulle bli tagna f\u00f6r milit\u00e4ra m\u00e5l.<\/p>\n<p>R\u00f6da korset lyckades r\u00e4dda cirka 15\u00a0000 skandinaver och folk av andra nationaliteter fr\u00e5n koncentrationsl\u00e4gren mellan mars och april \u00e5r 1945. D\u00e4refter r\u00e4ddades ytterligare 10\u00a0000 personer under maj och juni \u00e5r 1945 efter den tyska kapitulationen. Totalt r\u00e4ddades n\u00e4rmare 30 000 personer fr\u00e5n koncentrationsl\u00e4ger i Tyskland, tack vare R\u00f6da korset och den svenska regeringen.<\/p>\n<p>Skandinaver var prioriterade h\u00f6gst upp men om det var m\u00f6jligt skulle man \u00e4ven ta med kvinnor och barn. Om det sedan fanns plats med \u00e4nnu fler personer skulle man ta med andra m\u00e4nniskor av olika nationaliteter som beh\u00f6vde hj\u00e4lpen.<\/p>\n<p>K\u00e4llor: Wikipedia<\/p>\n<p>Linnea Nygren 9E, vt 2012<\/p>\n","protected":false},"excerpt":{"rendered":"<p>De vita bussarna leddes av den svenska greven Folke Bernadotte, som hade i \u00e4ndam\u00e5l att tillsammans med r\u00e4ddningsaktionen R\u00f6da korset r\u00e4dda skandinaver i slutet av andra v\u00e4rdskriget. D\u00e4r av danskar och norrm\u00e4n som satt i tyska koncentrationsl\u00e4ger. Namnet p\u00e5 de vita bussarna kommer efter att bussarna var vita med r\u00f6da kors p\u00e5 taket, sidan, fram &hellip; <\/p>\n<p><a class=\"more-link btn\" href=\"https:\/\/xn--skuggorfrndetfrflutna-02b01b.se\/?page_id=635\">Forts\u00e4tt l\u00e4sa<\/a><\/p>\n","protected":false},"author":1,"featured_media":0,"parent":0,"menu_order":0,"comment_status":"closed","ping_status":"open","template":"","meta":{"_monsterinsights_skip_tracking":false,"_monsterinsights_sitenote_active":false,"_monsterinsights_sitenote_note":"","_monsterinsights_sitenote_category":0,"footnotes":""},"class_list":["post-635","page","type-page","status-publish","hentry","nodate","item-wrap"],"jetpack_sharing_enabled":true,"_links":{"self":[{"href":"https:\/\/xn--skuggorfrndetfrflutna-02b01b.se\/index.php?rest_route=\/wp\/v2\/pages\/635","targetHints":{"allow":["GET"]}}],"collection":[{"href":"https:\/\/xn--skuggorfrndetfrflutna-02b01b.se\/index.php?rest_route=\/wp\/v2\/pages"}],"about":[{"href":"https:\/\/xn--skuggorfrndetfrflutna-02b01b.se\/index.php?rest_route=\/wp\/v2\/types\/page"}],"author":[{"embeddable":true,"href":"https:\/\/xn--skuggorfrndetfrflutna-02b01b.se\/index.php?rest_route=\/wp\/v2\/users\/1"}],"replies":[{"embeddable":true,"href":"https:\/\/xn--skuggorfrndetfrflutna-02b01b.se\/index.php?rest_route=%2Fwp%2Fv2%2Fcomments&post=635"}],"version-history":[{"count":1,"href":"https:\/\/xn--skuggorfrndetfrflutna-02b01b.se\/index.php?rest_route=\/wp\/v2\/pages\/635\/revisions"}],"predecessor-version":[{"id":637,"href":"https:\/\/xn--skuggorfrndetfrflutna-02b01b.se\/index.php?rest_route=\/wp\/v2\/pages\/635\/revisions\/637"}],"wp:attachment":[{"href":"https:\/\/xn--skuggorfrndetfrflutna-02b01b.se\/index.php?rest_route=%2Fwp%2Fv2%2Fmedia&parent=635"}],"curies":[{"name":"wp","href":"https:\/\/api.w.org\/{rel}","templated":true}]}}

<p>De vita bussarna leddes av den svenska greven Folke Bernadotte, som hade i ändamål att tillsammans med räddningsaktionen Röda korset rädda skandinaver i slutet av andra värdskriget. Där av danskar och norrmän som satt i tyska koncentrationsläger. Namnet på de vita bussarna kommer efter att bussarna var vita med röda kors på taket, sidan, fram och bak. Bussarna såg ut på detta vis därför att man inte skulle bli tagna för militära mål.</p>
<p>Röda korset lyckades rädda cirka 15 000 skandinaver och folk av andra nationaliteter från koncentrationslägren mellan mars och april år 1945. Därefter räddades ytterligare 10 000 personer under maj och juni år 1945 efter den tyska kapitulationen. Totalt räddades närmare 30 000 personer från koncentrationsläger i Tyskland, tack vare Röda korset och den svenska regeringen.</p>
<p>Skandinaver var prioriterade högst upp men om det var möjligt skulle man även ta med kvinnor och barn. Om det sedan fanns plats med ännu fler personer skulle man ta med andra människor av olika nationaliteter som behövde hjälpen.</p>
<p>Källor: Wikipedia</p>
<p>Linnea Nygren 9E, vt 2012</p>

<p>De vita bussarna leddes av den svenska greven Folke Bernadotte, som hade i ändamål att tillsammans med räddningsaktionen Röda korset rädda skandinaver i slutet av andra värdskriget. Där av danskar och norrmän som satt i tyska koncentrationsläger. Namnet på de vita bussarna kommer efter att bussarna var vita med röda kors på taket, sidan, fram &hellip; </p>
<p><a class="more-link btn" href="https://xn--skuggorfrndetfrflutna-02b01b.se/?page_id=635">Fortsätt läsa</a></p>
