{"id":623,"date":"2013-09-28T17:30:20","date_gmt":"2013-09-28T17:30:20","guid":{"rendered":"http:\/\/xn--skuggorfrndetfrflutna-02b01b.se\/?page_id=623"},"modified":"2013-09-28T17:30:30","modified_gmt":"2013-09-28T17:30:30","slug":"gross-rosen","status":"publish","type":"page","link":"https:\/\/xn--skuggorfrndetfrflutna-02b01b.se\/?page_id=623","title":{"rendered":"Gross-Rosen"},"content":{"rendered":"<p style=\"text-align: left;\" align=\"center\">L\u00e4gret Gross-Rosen byggdes sommaren 1940,och l\u00e5g d\u00e5 i nedre Schlesien i Tyskland. Ska man \u00e5ka till det nu skulle man f\u00e5 \u00e5ka till Rogo`znica i Polen. Fr\u00e5n b\u00f6rjan var Gross-Rosen ett underl\u00e4ger med bara n\u00e5gra 100 f\u00e5ngar, och det var inte f\u00f6rr\u00e4n i maj 1941 det blev ett sj\u00e4lvst\u00e4ndigt koncentrationsl\u00e4ger.<\/p>\n<p>\u00a0Gross-Rosen var bara ett litet arbetsl\u00e4ger fr\u00e5n b\u00f6rjan men i takt med att Tyskland fick mer makt d\u00e5 utvecklades l\u00e4gret och blev st\u00f6rre och st\u00f6rre. I slutet hade l\u00e4gret ett 70-tal underl\u00e4ger. Ungef\u00e4r 20 av dessa l\u00e4ger var f\u00f6r kvinnor. I m\u00e5nga av l\u00e4gren arbetade f\u00e5ngarna med rustningsarbete f\u00f6r tyska f\u00f6retag I.G fabriken och krupp.<\/p>\n<p>\u00c5r 1941-1942 flyttades judar fr\u00e5n getton i Polen till Gross-Rosen. H\u00e4lften av alla f\u00e5ngar i Gross-Rosen var judar och de fick de mest slitsamma jobb, till exempel i stenbrotten och de fick inga pauser som alla andra f\u00e5ngar fick. Judarna fick inte heller det medicinska hj\u00e4lp de beh\u00f6vde. Totalt 125 000 f\u00e5ngar passerade igenom l\u00e4gret, ungef\u00e4r 40\u00a0000 av dem dog, flertalet judar.<\/p>\n<p>Tyskarna b\u00f6rjade evakuera Gross-Rosen i slutet av 1944. L\u00e4gren n\u00e4rmast \u00f6stfronten t\u00f6mdes f\u00f6rst. I b\u00f6rjan av februari 1945 evakuerades f\u00e5ngarna i huvudl\u00e4gret och resten av underl\u00e4grena. Omkring 40\u00a0000 f\u00e5ngar tvingades marschera i den s\u00e5 kallade d\u00f6dmarsch. M\u00e5nga dog av sv\u00e4lt och t\u00f6rst och n\u00e5gra blev skjutna av SS- vakterna. De d\u00f6da kropparna blev l\u00e4mnade p\u00e5 v\u00e4gkanten.<\/p>\n<p>\u00d6verlevarna skickades till andra l\u00e4ger, som Bergen-Belsen.<\/p>\n<p>K\u00e4llor: Wikipedia och www.levandehistoria.se av Sara, Louse och Sandra 9F vt 2012<\/p>\n","protected":false},"excerpt":{"rendered":"<p>L\u00e4gret Gross-Rosen byggdes sommaren 1940,och l\u00e5g d\u00e5 i nedre Schlesien i Tyskland. Ska man \u00e5ka till det nu skulle man f\u00e5 \u00e5ka till Rogo`znica i Polen. Fr\u00e5n b\u00f6rjan var Gross-Rosen ett underl\u00e4ger med bara n\u00e5gra 100 f\u00e5ngar, och det var inte f\u00f6rr\u00e4n i maj 1941 det blev ett sj\u00e4lvst\u00e4ndigt koncentrationsl\u00e4ger. \u00a0Gross-Rosen var bara ett litet &hellip; <\/p>\n<p><a class=\"more-link btn\" href=\"https:\/\/xn--skuggorfrndetfrflutna-02b01b.se\/?page_id=623\">Forts\u00e4tt l\u00e4sa<\/a><\/p>\n","protected":false},"author":1,"featured_media":0,"parent":0,"menu_order":0,"comment_status":"closed","ping_status":"open","template":"","meta":{"_monsterinsights_skip_tracking":false,"_monsterinsights_sitenote_active":false,"_monsterinsights_sitenote_note":"","_monsterinsights_sitenote_category":0,"footnotes":""},"class_list":["post-623","page","type-page","status-publish","hentry","nodate","item-wrap"],"jetpack_sharing_enabled":true,"_links":{"self":[{"href":"https:\/\/xn--skuggorfrndetfrflutna-02b01b.se\/index.php?rest_route=\/wp\/v2\/pages\/623","targetHints":{"allow":["GET"]}}],"collection":[{"href":"https:\/\/xn--skuggorfrndetfrflutna-02b01b.se\/index.php?rest_route=\/wp\/v2\/pages"}],"about":[{"href":"https:\/\/xn--skuggorfrndetfrflutna-02b01b.se\/index.php?rest_route=\/wp\/v2\/types\/page"}],"author":[{"embeddable":true,"href":"https:\/\/xn--skuggorfrndetfrflutna-02b01b.se\/index.php?rest_route=\/wp\/v2\/users\/1"}],"replies":[{"embeddable":true,"href":"https:\/\/xn--skuggorfrndetfrflutna-02b01b.se\/index.php?rest_route=%2Fwp%2Fv2%2Fcomments&post=623"}],"version-history":[{"count":1,"href":"https:\/\/xn--skuggorfrndetfrflutna-02b01b.se\/index.php?rest_route=\/wp\/v2\/pages\/623\/revisions"}],"predecessor-version":[{"id":625,"href":"https:\/\/xn--skuggorfrndetfrflutna-02b01b.se\/index.php?rest_route=\/wp\/v2\/pages\/623\/revisions\/625"}],"wp:attachment":[{"href":"https:\/\/xn--skuggorfrndetfrflutna-02b01b.se\/index.php?rest_route=%2Fwp%2Fv2%2Fmedia&parent=623"}],"curies":[{"name":"wp","href":"https:\/\/api.w.org\/{rel}","templated":true}]}}