{"id":527,"date":"2013-09-15T07:04:26","date_gmt":"2013-09-15T07:04:26","guid":{"rendered":"http:\/\/xn--skuggorfrndetfrflutna-02b01b.se\/?page_id=527"},"modified":"2018-01-04T12:20:36","modified_gmt":"2018-01-04T12:20:36","slug":"emilia-krystyna-p","status":"publish","type":"page","link":"https:\/\/xn--skuggorfrndetfrflutna-02b01b.se\/?page_id=527","title":{"rendered":"Emilia Krystyna P"},"content":{"rendered":"<p style=\"text-align: justify;\" align=\"center\">Emilia var dotter till Antoni M och Franciska R.\u00a0Hon f\u00f6ddes den 30 juli 1910 i Kielce, Polen. Emilia hade g\u00e5tt 7 \u00e5r i folkskola, 8 \u00e5r i gymnasium och 2 \u00e5r i teknisk skola. Efter att hon slutat skolan s\u00e5 tog hon jobb p\u00e5 ett arkitektkontor i Warszawa.<\/p>\n<p style=\"text-align: justify;\">Hennes f\u00f6rsta man, Kazimierz J, skickades till koncentrationsl\u00e4ger \u00e5r 1941 och den 29 april samma \u00e5r fick hon besked om att han avlidit. Hennes andra man, Leon P, arresterades den 10 augusti \u00e5r 1944 och f\u00f6rdes till Tyskland, han dog sannolikt i n\u00e5got koncentrationsl\u00e4ger. Hon och Leon hade tillsammans ett barn, detta barn avled tyv\u00e4rr vid f\u00f6dseln.<\/p>\n<p style=\"text-align: justify;\">N\u00e4r Warszawa i augusti 1944 evakuerades s\u00e5 f\u00f6rdes hon till Ravensbr\u00fcck. Hon var d\u00e4r till den 5 september d\u00e5 hon skickades vidare till ett arbetsl\u00e4ger i Altenburg. D\u00e4r arbetade hon i en ammunitionsfabrik till den 5 december samma \u00e5r, d\u00e5 hon \u00e5ters\u00e4ndes till Ravensbr\u00fcck p\u00e5 grund av havandeskap. Den 25 april 1945 blev hon fri och f\u00f6ljde med det svenska R\u00f6da korset till Sverige.<\/p>\n<p style=\"text-align: justify;\">Emilia Krystyna P kom till Malm\u00f6 den 29 april \u00e5r 1945 efter m\u00e5nga m\u00e5nader i arbetsl\u00e4ger. Hon hade d\u00e5 inga legitimationshandlingar eller pengar. Sedan transporterades hon vidare till \u00d6rebro beredskapssjukhus den 12 juni. Allt enligt ett polisf\u00f6rh\u00f6r.<\/p>\n<p style=\"text-align: justify;\">Den 31 augusti 1945 blev hon friskf\u00f6rklarad och sedan blev hon anst\u00e4lld p\u00e5 skofabriksaktiebolaget Pehrson &amp; Comp i \u00d6rebro. Hon tj\u00e4nade d\u00e4r 44 kronor i veckan. Hon jobbade s\u00e5 bra att f\u00f6retaget skickade ett brev till staten, d\u00e4r de bad att hon skulle f\u00e5 pass och uppeh\u00e5llstillst\u00e5nd s\u00e5 att hon kunde jobba kvar.<\/p>\n<p style=\"text-align: justify;\">Emilia \u00f6nskade att till v\u00e5ren 1946 kunna \u00e5terv\u00e4nda till Polen, men hon var mycket n\u00f6jd med sitt jobb och boende och \u00f6nskade att stanna i \u00d6rebro till dess. Hon l\u00e4mnade \u00d6rebro f\u00f6r att \u00e5ka till USA \u00e5r 1950 d\u00e4r hon senare gifte sig med man med namnet Wels.<\/p>\n<p style=\"text-align: justify;\">K\u00e4llor: Dossier Statens Utl\u00e4nningskommission, Riksarkivet<\/p>\n<p style=\"text-align: justify;\">Av: Amanda Axelsson, 9F, vt 2012<\/p>\n","protected":false},"excerpt":{"rendered":"<p>Emilia var dotter till Antoni M och Franciska R.\u00a0Hon f\u00f6ddes den 30 juli 1910 i Kielce, Polen. Emilia hade g\u00e5tt 7 \u00e5r i folkskola, 8 \u00e5r i gymnasium och 2 \u00e5r i teknisk skola. Efter att hon slutat skolan s\u00e5 tog hon jobb p\u00e5 ett arkitektkontor i Warszawa. Hennes f\u00f6rsta man, Kazimierz J, skickades till &hellip; <\/p>\n<p><a class=\"more-link btn\" href=\"https:\/\/xn--skuggorfrndetfrflutna-02b01b.se\/?page_id=527\">Forts\u00e4tt l\u00e4sa<\/a><\/p>\n","protected":false},"author":1,"featured_media":0,"parent":0,"menu_order":0,"comment_status":"closed","ping_status":"open","template":"","meta":{"_monsterinsights_skip_tracking":false,"_monsterinsights_sitenote_active":false,"_monsterinsights_sitenote_note":"","_monsterinsights_sitenote_category":0,"footnotes":""},"class_list":["post-527","page","type-page","status-publish","hentry","nodate","item-wrap"],"jetpack_sharing_enabled":true,"_links":{"self":[{"href":"https:\/\/xn--skuggorfrndetfrflutna-02b01b.se\/index.php?rest_route=\/wp\/v2\/pages\/527","targetHints":{"allow":["GET"]}}],"collection":[{"href":"https:\/\/xn--skuggorfrndetfrflutna-02b01b.se\/index.php?rest_route=\/wp\/v2\/pages"}],"about":[{"href":"https:\/\/xn--skuggorfrndetfrflutna-02b01b.se\/index.php?rest_route=\/wp\/v2\/types\/page"}],"author":[{"embeddable":true,"href":"https:\/\/xn--skuggorfrndetfrflutna-02b01b.se\/index.php?rest_route=\/wp\/v2\/users\/1"}],"replies":[{"embeddable":true,"href":"https:\/\/xn--skuggorfrndetfrflutna-02b01b.se\/index.php?rest_route=%2Fwp%2Fv2%2Fcomments&post=527"}],"version-history":[{"count":4,"href":"https:\/\/xn--skuggorfrndetfrflutna-02b01b.se\/index.php?rest_route=\/wp\/v2\/pages\/527\/revisions"}],"predecessor-version":[{"id":3355,"href":"https:\/\/xn--skuggorfrndetfrflutna-02b01b.se\/index.php?rest_route=\/wp\/v2\/pages\/527\/revisions\/3355"}],"wp:attachment":[{"href":"https:\/\/xn--skuggorfrndetfrflutna-02b01b.se\/index.php?rest_route=%2Fwp%2Fv2%2Fmedia&parent=527"}],"curies":[{"name":"wp","href":"https:\/\/api.w.org\/{rel}","templated":true}]}}