{"id":519,"date":"2013-09-15T06:51:29","date_gmt":"2013-09-15T06:51:29","guid":{"rendered":"http:\/\/xn--skuggorfrndetfrflutna-02b01b.se\/?page_id=519"},"modified":"2013-09-15T06:51:29","modified_gmt":"2013-09-15T06:51:29","slug":"auschwitz-2","status":"publish","type":"page","link":"https:\/\/xn--skuggorfrndetfrflutna-02b01b.se\/?page_id=519","title":{"rendered":"Auschwitz"},"content":{"rendered":"<p style=\"text-align: left;\" align=\"center\">Auschwitz-Birkenau l\u00e5g ungef\u00e4r 60 kilometer fr\u00e5n den stad som heter Krakow i Polen. Denna mardr\u00f6mslika plats var en kombination av koncentrations- och f\u00f6rintelsel\u00e4ger. Auschwitz var det st\u00f6rsta och mest brutala av alla l\u00e4ger nazisterna uppr\u00e4ttade. Utanf\u00f6r Auschwitz fanns en perrong d\u00e4r t\u00e5gen med f\u00e5ngarna anl\u00e4nde till l\u00e4gret.<\/p>\n<p>\u00a0Till Auschwitz deporterades runt 1,3 miljoner m\u00e4nniskor varav 1,1 miljoner var judar.\u00a0 Omkring 1 miljon av judarna dog i l\u00e4gret.\u00a0 Mestadels judar m\u00f6rdades i gaskamrarna och resterande m\u00f6rdades eller dog i tyfus. De f\u00e5ngar som inte var judar var bland annat polacker, romer och sovjetiska krigsf\u00e5ngar.<\/p>\n<p><strong>\u00a0Auschwitz I<\/strong><\/p>\n<p>\u00c5ret var 1940, Heinrich Heimler, SS-chefen, gav order att man ska uppr\u00e4tta ett koncentrationsl\u00e4ger i den polska staden Oswiecim, som p\u00e5 tyska heter just Auschwitz. Denna del av l\u00e4gret kallade man Auschwitz I, eller huvudl\u00e4gret. Auschwitz I \u00f6ppnades den 20 maj 1940. I b\u00f6rjan var det mest medlemmar i den polska motst\u00e5ndsr\u00f6relsen som deporterades till Auschwitz, men inte l\u00e5ng tid efter det b\u00f6rjade man s\u00e4nda dit f\u00e5ngar fr\u00e5n andra europeiska l\u00e4nder samt Sovjetunionen. Mot slutet p\u00e5 det m\u00f6rka 1941 inr\u00e4ttade man \u00e4ven en gaskammare i l\u00e4gret. Den anv\u00e4ndes fr\u00e4mst till att utf\u00f6ra experiment p\u00e5 sm\u00e5 grupper av f\u00e5ngar. Ett av experimenten var att gasa ihj\u00e4l m\u00e4nniskor med gasen Zyklon-B. Offren f\u00f6r detta experiment var sovjetiska krigsf\u00e5ngar.<\/p>\n<p><b>Auschwitz<\/b> <b>II<\/b> <b>(Birkenau)<\/b><\/p>\n<p>&nbsp;<\/p>\n<p>I oktober 1941 uppr\u00e4ttades ett l\u00e4geromr\u00e5de tre kilometer fr\u00e5n Auschwitz I. Detta omr\u00e5de byggdes i den polska staden Brzezinka, som p\u00e5 tyska blir Birkenau. Birkenau fungerade som ett f\u00f6rintelsel\u00e4ger dit f\u00e5ngar kom mestadels f\u00f6r att m\u00f6rdas i gaskamrarna. I l\u00e4geromr\u00e5det fanns det fyra stora gaskammare och fyra krematorier. Birkenau utvidgade sin yta hela tiden och blev till slut det st\u00f6rsta l\u00e4geromr\u00e5det, med 250 baracker och byggnader, som mest fanns det runt 100 000 f\u00e5ngar i Birkenau. Auschwitz och Birkenau drevs av SS, med Rudolf H\u00f6ss som kommendant. De flesta f\u00e5ngar var judar, som kom fr\u00e5n alla tyskkontrollerade l\u00e4nder i Europa. Tidigt \u00e5r 1943 uppr\u00e4ttades en egen del i Birkenau f\u00f6r romer.<\/p>\n<p>K\u00e4llor: Wikipedia, www.levandehistoria.se<\/p>\n<p>Av: Freddie 9E, vt 2012<\/p>\n","protected":false},"excerpt":{"rendered":"<p>Auschwitz-Birkenau l\u00e5g ungef\u00e4r 60 kilometer fr\u00e5n den stad som heter Krakow i Polen. Denna mardr\u00f6mslika plats var en kombination av koncentrations- och f\u00f6rintelsel\u00e4ger. Auschwitz var det st\u00f6rsta och mest brutala av alla l\u00e4ger nazisterna uppr\u00e4ttade. Utanf\u00f6r Auschwitz fanns en perrong d\u00e4r t\u00e5gen med f\u00e5ngarna anl\u00e4nde till l\u00e4gret. \u00a0Till Auschwitz deporterades runt 1,3 miljoner m\u00e4nniskor varav &hellip; <\/p>\n<p><a class=\"more-link btn\" href=\"https:\/\/xn--skuggorfrndetfrflutna-02b01b.se\/?page_id=519\">Forts\u00e4tt l\u00e4sa<\/a><\/p>\n","protected":false},"author":1,"featured_media":0,"parent":0,"menu_order":0,"comment_status":"closed","ping_status":"open","template":"","meta":{"_monsterinsights_skip_tracking":false,"_monsterinsights_sitenote_active":false,"_monsterinsights_sitenote_note":"","_monsterinsights_sitenote_category":0,"footnotes":""},"class_list":["post-519","page","type-page","status-publish","hentry","nodate","item-wrap"],"jetpack_sharing_enabled":true,"_links":{"self":[{"href":"https:\/\/xn--skuggorfrndetfrflutna-02b01b.se\/index.php?rest_route=\/wp\/v2\/pages\/519","targetHints":{"allow":["GET"]}}],"collection":[{"href":"https:\/\/xn--skuggorfrndetfrflutna-02b01b.se\/index.php?rest_route=\/wp\/v2\/pages"}],"about":[{"href":"https:\/\/xn--skuggorfrndetfrflutna-02b01b.se\/index.php?rest_route=\/wp\/v2\/types\/page"}],"author":[{"embeddable":true,"href":"https:\/\/xn--skuggorfrndetfrflutna-02b01b.se\/index.php?rest_route=\/wp\/v2\/users\/1"}],"replies":[{"embeddable":true,"href":"https:\/\/xn--skuggorfrndetfrflutna-02b01b.se\/index.php?rest_route=%2Fwp%2Fv2%2Fcomments&post=519"}],"version-history":[{"count":1,"href":"https:\/\/xn--skuggorfrndetfrflutna-02b01b.se\/index.php?rest_route=\/wp\/v2\/pages\/519\/revisions"}],"predecessor-version":[{"id":521,"href":"https:\/\/xn--skuggorfrndetfrflutna-02b01b.se\/index.php?rest_route=\/wp\/v2\/pages\/519\/revisions\/521"}],"wp:attachment":[{"href":"https:\/\/xn--skuggorfrndetfrflutna-02b01b.se\/index.php?rest_route=%2Fwp%2Fv2%2Fmedia&parent=519"}],"curies":[{"name":"wp","href":"https:\/\/api.w.org\/{rel}","templated":true}]}}