{"id":331,"date":"2013-09-11T18:44:30","date_gmt":"2013-09-11T18:44:30","guid":{"rendered":"http:\/\/xn--skuggorfrndetfrflutna-02b01b.se\/?page_id=331"},"modified":"2013-09-13T15:33:41","modified_gmt":"2013-09-13T15:33:41","slug":"jozca-b","status":"publish","type":"page","link":"https:\/\/xn--skuggorfrndetfrflutna-02b01b.se\/?page_id=331","title":{"rendered":"Jozca B"},"content":{"rendered":"<p><a href=\"http:\/\/xn--skuggorfrndetfrflutna-02b01b.se\/wp-content\/uploads\/2013\/09\/int6.jpg\"><img loading=\"lazy\" decoding=\"async\" class=\"alignnone size-full wp-image-364\" alt=\"int6\" src=\"http:\/\/xn--skuggorfrndetfrflutna-02b01b.se\/wp-content\/uploads\/2013\/09\/int6.jpg\" width=\"234\" height=\"347\" srcset=\"https:\/\/xn--skuggorfrndetfrflutna-02b01b.se\/wp-content\/uploads\/2013\/09\/int6.jpg 234w, https:\/\/xn--skuggorfrndetfrflutna-02b01b.se\/wp-content\/uploads\/2013\/09\/int6-202x300.jpg 202w\" sizes=\"auto, (max-width: 234px) 100vw, 234px\" \/><\/a><\/p>\n<p>Jozca var f\u00f6dd 11 november 1930 i Petrowo selo, Jugoslavien. Hennes f\u00f6r\u00e4ldrar var Samuel (1895) ocks\u00e5\u00a0 fr\u00e5n Petrowo selo, Jugoslavien och hans hustru Paula (1900) ifr\u00e5n Ilok. Hon \u00e4r uppv\u00e4xt i f\u00f6r\u00e4ldrahemmet. Jozca studerade i hemorten Subotica, hon gick fyra klasser i folkskola och tre klasser i borgarskola. Hon hade \u00e4ven en syster som hette Mira, men om henne vet vi ingenting.<\/p>\n<p>Den 15 juli 1944 f\u00f6rdes hon till Auschwitz tillsammans med sina f\u00f6r\u00e4ldrar, syster och bror. Systern och hon blev skilda fr\u00e5n resten av familjen och s\u00e5g dem aldrig mer efter det. Systern avled senare i en transport till ett annat l\u00e4ger. Jozca var i Auschwitz i fem m\u00e5nader och f\u00f6rdes sedan vidare till Belsen-Bergen och var d\u00e4r i fyra veckor. I Auschwitz:s arkiv finns en notering om att tyskarna tog blodprov p\u00e5 henne 29 september 1944, vad detta betyder vet vi inte, kanske genomf\u00f6rdes medicinska experiment. Hon blev senare f\u00f6rd till Braunschweig och d\u00e4r tillsammans med andra f\u00e5ngar fick hon vara med om uppr\u00f6jningsarbete. I januari 1945 f\u00f6rdes hon till ett arbetsl\u00e4ger vid Bendorf och arbetade i en flygmaskinsfabrik och i mars vidare till koncentrationsl\u00e4gret Ocksenzol, d\u00e4r var hon kvar till hon blev omh\u00e4ndertagen av Svenska R\u00f6da korset som tog henne till Sverige.<\/p>\n<p>Jozca kom till Sverige 4 maj 1945 till Lund och kom sedan fram till \u00d6rebros beredskapssjukhus den 25 maj. 6 augusti 1945 friskf\u00f6rklarades hon och var d\u00e4refter \u201darbetsf\u00f6r\u201d. \u00a0Den 16 oktober 1945 f\u00e5r hon en permission fr\u00e5n \u00d6rebro och \u00e5ker till Dr. E Lipschutz i Sundsvall och har tillst\u00e5nd att vara d\u00e4r i en m\u00e5nad. Hon erh\u00f6ll 60 kr fr\u00e5n den Jugoslaviska legationen i Stockholm under sin tid som sjuk. \u00a0Den 29 december 1945 bor hon p\u00e5 Sj\u00f6berga barnhem i Knarsebo tills hon f\u00f6rs vidare till Sj\u00f6berga internatskola den 7 januari 1946. Fyra m\u00e5nader senare, den 8 maj 1946, befinner hon sig i Visings\u00f6 och 31 maj samma \u00e5r b\u00f6rjar hon p\u00e5 H\u00f6svikens internatskola i Klockarvedja. 18 september 1946 befinner hon sig i L\u00e4ckeby. Tv\u00e5 \u00e5r senare, den 22 maj 1947, utreser hon till Polen. Vart hon sedan tar v\u00e4gen vet vi inte men dokumentsp\u00e5r tyder p\u00e5 USA eller Chile, d\u00e4r det fanns en sl\u00e4kting.<\/p>\n<p>Ulla Britta P\u00e5lsg\u00e5rd ber\u00e4ttar:<\/p>\n<p>\u201dJozca var en utav de flickor som kom fr\u00e5n kriget och flyttade in med andra flyktingar p\u00e5 skolan. Jag tyckte att Jozca var el\u00e4ndigt kl\u00e4dd s\u00e5 hon fick en upps\u00e4ttning kl\u00e4der vilket min mamma inte tyckte om. N\u00e4r vi provade kl\u00e4der kommer jag ih\u00e5g att Jozca inte ville att n\u00e5gon skulle se, hon hade v\u00e4ldigt kort h\u00e5r och hade kopp\u00e4rr p\u00e5 hela kroppen. Jozca ville en dag visa mig hur det s\u00e5g ut d\u00e4r hon bodde s\u00e5 de smet in <em>(det var egentligen olagligt f\u00f6r mig att vara d\u00e4r)<\/em>. Jag kommer ih\u00e5g att det var ot\u00e4ckt, det stod m\u00e5nga s\u00e4ngar i skolsalarna och \u00e4ven i korridorerna och det var en del som l\u00e5g och skrek, m\u00e5nga var nog inte helt friska i huvudet. Frisyrerna var stubbade och Jozca hade ett nummer intatuerat vilket visade att hon kom fr\u00e5n Jugoslavien.\u201d<\/p>\n<p>K\u00e4llor: Dossier Statens utl\u00e4nningskommission, Riksarkivet, mailv\u00e4xling med Auschwitz museum,Intervju med Ulla Britta P\u00e5lsg\u00e5rd 2011.<\/p>\n<p>Av: Gry Hammarlund 9D och Adam Gustavsson 9E vt 2012<\/p>\n<p>&nbsp;<\/p>\n<p>&nbsp;<\/p>\n<p>&nbsp;<\/p>\n<p>&nbsp;<\/p>\n","protected":false},"excerpt":{"rendered":"<p>Jozca var f\u00f6dd 11 november 1930 i Petrowo selo, Jugoslavien. Hennes f\u00f6r\u00e4ldrar var Samuel (1895) ocks\u00e5\u00a0 fr\u00e5n Petrowo selo, Jugoslavien och hans hustru Paula (1900) ifr\u00e5n Ilok. Hon \u00e4r uppv\u00e4xt i f\u00f6r\u00e4ldrahemmet. Jozca studerade i hemorten Subotica, hon gick fyra klasser i folkskola och tre klasser i borgarskola. Hon hade \u00e4ven en syster som hette &hellip; <\/p>\n<p><a class=\"more-link btn\" href=\"https:\/\/xn--skuggorfrndetfrflutna-02b01b.se\/?page_id=331\">Forts\u00e4tt l\u00e4sa<\/a><\/p>\n","protected":false},"author":1,"featured_media":0,"parent":0,"menu_order":0,"comment_status":"closed","ping_status":"open","template":"","meta":{"_monsterinsights_skip_tracking":false,"_monsterinsights_sitenote_active":false,"_monsterinsights_sitenote_note":"","_monsterinsights_sitenote_category":0,"footnotes":""},"class_list":["post-331","page","type-page","status-publish","hentry","nodate","item-wrap"],"jetpack_sharing_enabled":true,"_links":{"self":[{"href":"https:\/\/xn--skuggorfrndetfrflutna-02b01b.se\/index.php?rest_route=\/wp\/v2\/pages\/331","targetHints":{"allow":["GET"]}}],"collection":[{"href":"https:\/\/xn--skuggorfrndetfrflutna-02b01b.se\/index.php?rest_route=\/wp\/v2\/pages"}],"about":[{"href":"https:\/\/xn--skuggorfrndetfrflutna-02b01b.se\/index.php?rest_route=\/wp\/v2\/types\/page"}],"author":[{"embeddable":true,"href":"https:\/\/xn--skuggorfrndetfrflutna-02b01b.se\/index.php?rest_route=\/wp\/v2\/users\/1"}],"replies":[{"embeddable":true,"href":"https:\/\/xn--skuggorfrndetfrflutna-02b01b.se\/index.php?rest_route=%2Fwp%2Fv2%2Fcomments&post=331"}],"version-history":[{"count":4,"href":"https:\/\/xn--skuggorfrndetfrflutna-02b01b.se\/index.php?rest_route=\/wp\/v2\/pages\/331\/revisions"}],"predecessor-version":[{"id":443,"href":"https:\/\/xn--skuggorfrndetfrflutna-02b01b.se\/index.php?rest_route=\/wp\/v2\/pages\/331\/revisions\/443"}],"wp:attachment":[{"href":"https:\/\/xn--skuggorfrndetfrflutna-02b01b.se\/index.php?rest_route=%2Fwp%2Fv2%2Fmedia&parent=331"}],"curies":[{"name":"wp","href":"https:\/\/api.w.org\/{rel}","templated":true}]}}

<p><a href="http://xn--skuggorfrndetfrflutna-02b01b.se/wp-content/uploads/2013/09/int6.jpg"><img loading="lazy" decoding="async" class="alignnone size-full wp-image-364" alt="int6" src="http://xn--skuggorfrndetfrflutna-02b01b.se/wp-content/uploads/2013/09/int6.jpg" width="234" height="347" srcset="https://xn--skuggorfrndetfrflutna-02b01b.se/wp-content/uploads/2013/09/int6.jpg 234w, https://xn--skuggorfrndetfrflutna-02b01b.se/wp-content/uploads/2013/09/int6-202x300.jpg 202w" sizes="auto, (max-width: 234px) 100vw, 234px" /></a></p>
<p>Jozca var född 11 november 1930 i Petrowo selo, Jugoslavien. Hennes föräldrar var Samuel (1895) också  från Petrowo selo, Jugoslavien och hans hustru Paula (1900) ifrån Ilok. Hon är uppväxt i föräldrahemmet. Jozca studerade i hemorten Subotica, hon gick fyra klasser i folkskola och tre klasser i borgarskola. Hon hade även en syster som hette Mira, men om henne vet vi ingenting.</p>
<p>Den 15 juli 1944 fördes hon till Auschwitz tillsammans med sina föräldrar, syster och bror. Systern och hon blev skilda från resten av familjen och såg dem aldrig mer efter det. Systern avled senare i en transport till ett annat läger. Jozca var i Auschwitz i fem månader och fördes sedan vidare till Belsen-Bergen och var där i fyra veckor. I Auschwitz:s arkiv finns en notering om att tyskarna tog blodprov på henne 29 september 1944, vad detta betyder vet vi inte, kanske genomfördes medicinska experiment. Hon blev senare förd till Braunschweig och där tillsammans med andra fångar fick hon vara med om uppröjningsarbete. I januari 1945 fördes hon till ett arbetsläger vid Bendorf och arbetade i en flygmaskinsfabrik och i mars vidare till koncentrationslägret Ocksenzol, där var hon kvar till hon blev omhändertagen av Svenska Röda korset som tog henne till Sverige.</p>
<p>Jozca kom till Sverige 4 maj 1945 till Lund och kom sedan fram till Örebros beredskapssjukhus den 25 maj. 6 augusti 1945 friskförklarades hon och var därefter ”arbetsför”.  Den 16 oktober 1945 får hon en permission från Örebro och åker till Dr. E Lipschutz i Sundsvall och har tillstånd att vara där i en månad. Hon erhöll 60 kr från den Jugoslaviska legationen i Stockholm under sin tid som sjuk.  Den 29 december 1945 bor hon på Sjöberga barnhem i Knarsebo tills hon förs vidare till Sjöberga internatskola den 7 januari 1946. Fyra månader senare, den 8 maj 1946, befinner hon sig i Visingsö och 31 maj samma år börjar hon på Hösvikens internatskola i Klockarvedja. 18 september 1946 befinner hon sig i Läckeby. Två år senare, den 22 maj 1947, utreser hon till Polen. Vart hon sedan tar vägen vet vi inte men dokumentspår tyder på USA eller Chile, där det fanns en släkting.</p>
<p>Ulla Britta Pålsgård berättar:</p>
<p>”Jozca var en utav de flickor som kom från kriget och flyttade in med andra flyktingar på skolan. Jag tyckte att Jozca var eländigt klädd så hon fick en uppsättning kläder vilket min mamma inte tyckte om. När vi provade kläder kommer jag ihåg att Jozca inte ville att någon skulle se, hon hade väldigt kort hår och hade koppärr på hela kroppen. Jozca ville en dag visa mig hur det såg ut där hon bodde så de smet in <em>(det var egentligen olagligt för mig att vara där)</em>. Jag kommer ihåg att det var otäckt, det stod många sängar i skolsalarna och även i korridorerna och det var en del som låg och skrek, många var nog inte helt friska i huvudet. Frisyrerna var stubbade och Jozca hade ett nummer intatuerat vilket visade att hon kom från Jugoslavien.”</p>
<p>Källor: Dossier Statens utlänningskommission, Riksarkivet, mailväxling med Auschwitz museum,Intervju med Ulla Britta Pålsgård 2011.</p>
<p>Av: Gry Hammarlund 9D och Adam Gustavsson 9E vt 2012</p>
<p>&nbsp;</p>
<p>&nbsp;</p>
<p>&nbsp;</p>
<p>&nbsp;</p>

<p>Jozca var född 11 november 1930 i Petrowo selo, Jugoslavien. Hennes föräldrar var Samuel (1895) också  från Petrowo selo, Jugoslavien och hans hustru Paula (1900) ifrån Ilok. Hon är uppväxt i föräldrahemmet. Jozca studerade i hemorten Subotica, hon gick fyra klasser i folkskola och tre klasser i borgarskola. Hon hade även en syster som hette &hellip; </p>
<p><a class="more-link btn" href="https://xn--skuggorfrndetfrflutna-02b01b.se/?page_id=331">Fortsätt läsa</a></p>
