{"id":2965,"date":"2016-07-04T13:18:52","date_gmt":"2016-07-04T13:18:52","guid":{"rendered":"http:\/\/skugg.wopsa.se\/?page_id=2965"},"modified":"2018-01-04T21:52:34","modified_gmt":"2018-01-04T21:52:34","slug":"magda-drucker-mendolowicz","status":"publish","type":"page","link":"https:\/\/xn--skuggorfrndetfrflutna-02b01b.se\/?page_id=2965","title":{"rendered":"Magda Drucker (Mendolowicz)"},"content":{"rendered":"<p style=\"text-align: justify;\">Magda Mendolowicz ankom till Sverige den 8 juli 1945, sannolikt fr\u00e5n det svenska R\u00f6da kors-transitl\u00e4gret i L\u00fcbeck och fr\u00e5n f\u00f6re detta Bergen-Belsen som befriades av britterna den 15 april 1945. Den 9 juli skrevs hon i p\u00e5 karant\u00e4n-sjukhuset i den kommunala flickskolan i Lund. Efter n\u00e5gra veckor i Lund skickades hon till \u00d6rebro beredskapssjukhus den 22 augusti 1945. N\u00e4r beredskapssjukhuset i \u00d6rebro st\u00e4nger skickas hon den 17 december till Kalmar Beredskapssjukhus. P\u00e5 grund av sina sjukdomar \u00e4r hon sedan p\u00e5 olika v\u00e5rdplatser fram till 1947. D\u00e4refter bor hon hos sin syster Cecilia och bror Ignatz i Stockholm. Hon uppger att hon varit tre m\u00e5nader i Auschwitz och d\u00e4refter i olika arbetsl\u00e4ger i Genzenk\u00fcchen (2 m\u00e5nader) \u00a0och Essen (6 m\u00e5nader) f\u00f6re Bergen-Belsen. Magda gifter sig med den polske medborgaren Aron Drucker den 11 februari 1951. Makarna l\u00e4mnar Sverige f\u00f6r USA den 25 mars 1954.<\/p>\n<p style=\"text-align: justify;\">I videointervjun fr\u00e5n Shoah Foundation nedan finns detta fotografi med. Det \u00e4r d\u00e4rf\u00f6r h\u00f6gst sannolikt att bilden visar Magda p\u00e5 Kalmar Beredskapssjukhus n\u00e5gon g\u00e5ng under 1946.<\/p>\n<p><a href=\"http:\/\/skugg.wopsa.se\/?attachment_id=2950\" rel=\"attachment wp-att-2950\"><img loading=\"lazy\" decoding=\"async\" class=\" wp-image-2950\" src=\"http:\/\/skugg.wopsa.se\/wp-content\/uploads\/2016\/07\/032waVaEUWNs.jpg\" alt=\"Inger Britta H\u00e4ll 21 feb 1946\" width=\"667\" height=\"469\" srcset=\"https:\/\/xn--skuggorfrndetfrflutna-02b01b.se\/wp-content\/uploads\/2016\/07\/032waVaEUWNs.jpg 540w, https:\/\/xn--skuggorfrndetfrflutna-02b01b.se\/wp-content\/uploads\/2016\/07\/032waVaEUWNs-300x211.jpg 300w\" sizes=\"auto, (max-width: 667px) 100vw, 667px\" \/><\/a><\/p>\n<h1><strong>Anteckningar fr\u00e5n videointervju med Magda Drucker (f\u00f6dd Mendolowicz)<\/strong><\/h1>\n<h2><strong>USC Shoah Foundation Video nr 40417, Yad Vashem 2014<\/strong><\/h2>\n<p style=\"text-align: justify;\">Magda Mendolowicz (senare gift med Aron Drucker) f\u00f6ddes den 26 juni 1920 i Satu Mare i Rum\u00e4nien. Pappan Isodor Mendolowicz drev framg\u00e5ngsrik ett dryckes- och livsmedelsf\u00f6retag. Produkterna gick \u00e4ven p\u00e5 export. Modern Piroska tog hand om den stora barnaskaran (Magda, Cecilia, Ernest, Ignatz och tv\u00e5 andra syskon). Familjen m\u00e5ste ha r\u00e4knats som ganska v\u00e4lbest\u00e4lld.<\/p>\n<h2 style=\"text-align: justify;\"><strong>Ankomsten till Sverige<\/strong><\/h2>\n<p style=\"text-align: justify;\"><em>Vi uppmanades att fylla i en blankett vart vi ville \u00e5ka. Min syster sa: &#8211; Varf\u00f6r ska vi \u00e5terv\u00e4nda hem? Ingen i v\u00e5r familj \u00e4r i livet. Vi skrev ett neutralt land; Schweden, Sweden. Vi kom med b\u00e5t till Kalmar och sedan hamnade jag i \u00d6rebro. De ville tv\u00e4tta oss men l\u00e4karna var r\u00e4dda f\u00f6r sjukdomar. Vi fick duscha kallt och jag fick dubbelsidig lunginflammation och blev v\u00e4ldigt sjuk. Min syster och jag skiljdes \u00e5t, hon hamnade i Stockholm och jag i \u00d6rebro. Jag hade fl\u00e4ckar p\u00e5 lungorna, inte tuberkulos men jag blev efterhand lite b\u00e4ttre efter fyra \u00e5r p\u00e5 olika\u00a0sanatorium\u00a0&#8211; sjukhus. M\u00e5nga dog men jag \u00f6verlevde.<\/em><\/p>\n<p style=\"text-align: justify;\"><em>Jag vaknade en morgon i sjuksalen i \u00d6rebro och s\u00e5g en SS-kvinna! En annan s\u00e4ngkamrat i salen k\u00e4nde ocks\u00e5 igen henne. Hon f\u00f6rs\u00f6kte g\u00f6mma sig, men vi ville d\u00f6da henne. Det blev slagsm\u00e5l. Jag vet inte vad de gjorde med henne.<\/em><\/p>\n<p style=\"text-align: justify;\"><em>L\u00e4karna talade m\u00e5nga olika spr\u00e5k och jag b\u00f6rjade sakta l\u00e4ra mig svenska. Svenska och tyska \u00e4r lite lika s\u00e5 min svenska blev snabbt b\u00e4ttre. Jag blandade tyska och svenska och l\u00e4ste b\u00f6cker p\u00e5 svenska.<\/em><\/p>\n<p style=\"text-align: justify;\"><em>En dag stod jag i ett f\u00f6nster <\/em>(p\u00e5 Engelbrektsskolans beredskapssjukhus)<em> och s\u00e5g hur en stor familj med tre barn p\u00e5 cykel. Jag b\u00f6rjade gr\u00e5ta. L\u00e4karen hade just kommit. Jag sa: &#8211; Vad \u00e4r min mor, min far? Se hur en riktig familj \u00e4r. Jag \u00e4r ensam. Jag har ingen. L\u00e4karen svarade: &#8211; Du \u00e4r ung, du \u00f6verlevde. Du kommer att gifta dig och skaffa en egen familj. Sluta gr\u00e5ta, f\u00f6rbli lugn. Du \u00e4r i ett fritt land. Kriget \u00e4r \u00f6ver. Efter en h\u00e4lsounders\u00f6kning kom en l\u00e4kare fram och ville veta vad jag varit med om. Vi kunde tala tyska med varandra.<\/em><\/p>\n<p style=\"text-align: justify;\"><em>Min suster b\u00f6rjade jobba p\u00e5 en porslinsfabrik i Stockholm och skickade paket. Sakta blev jag b\u00e4ttre och jag fick permissioner. P\u00e5 den andra tr\u00e4ffade jag min man. Det var p\u00e5 en konsert med musiker fr\u00e5n Australien. Han hade varit i Ryssland men ocks\u00e5 f\u00f6rlorat sin familj. Nu fanns det en framtid. Min yngste bror \u00f6verlevde ocks\u00e5 och hittade oss i Stockholm. Vi hade sl\u00e4ktingar i USA s\u00e5 min bror och jag fick inresetillst\u00e5nd. Min syster stannade kvar i Stockholm.<\/em><\/p>\n<p style=\"text-align: justify;\"><!--more--><\/p>\n<p style=\"text-align: justify;\"><strong>Under Nazisterna<\/strong><\/p>\n<p style=\"text-align: justify;\">Staden Satu Mare l\u00e5g i Transylvanien som efter f\u00f6rsta v\u00e4rldskriget \u00f6verf\u00f6rdes till Rum\u00e4nien. Under andra v\u00e4rldskriget st\u00f6dde Rum\u00e4nien Nazityskland och deltog i F\u00f6rintelsen p\u00e5 framf\u00f6rallt icke-rum\u00e4nska judar i Ukraina. I b\u00f6rjan av kriget st\u00e4nger den rum\u00e4nska staten skolorna f\u00f6r judar. Fadern skaffar privatl\u00e4rare. 1940 kommer ungerska arm\u00e9n och tar \u00f6ver omr\u00e5det. Det rum\u00e4nska spr\u00e5ket f\u00f6rbjuds och alla barn ska nu l\u00e4ra sig ett anv\u00e4ndbart yrke. De ungerska myndigheterna placerar Magda och hennes kusin i f\u00e4ngelse d\u00e5 de vill \u00e5t familjen hus. Kusinen misshandlas sv\u00e5rt och efter ett par veckor skaffade hennes far en advokat som f\u00e5r de fria men pappan fick skriva p\u00e5 ett papper som \u00f6verl\u00e4t familjens hus till de ungerska myndigheterna. Familjen flyttar nu till Sighet och \u00e4r fattiga \u00f6ver en natt d\u00e5 ocks\u00e5 f\u00f6retaget verkar ha stulits. Magda ber\u00e4ttar vidare:<\/p>\n<p style=\"text-align: justify;\"><em>Jag l\u00e4rde mig att sy. Kriget p\u00e5gick nu \u00f6ver hela Europa. Vi kunde inte handla utan ransoneringskuponger. 1944 kommer den tyska arm\u00e9n och tar \u00f6ver m\u00e5nga byggnader. Jag och min syster bodde bor hos v\u00e4nner medan mina br\u00f6der tvingas till tv\u00e5ngsarbete. Rykten om vad som h\u00e4nt judarna i Galizien <\/em>(massavr\u00e4ttningar eller deportationer till F\u00f6rintelsel\u00e4ger)<em> n\u00e5dde familjen. Pappa vill att vi skulle g\u00f6mma oss och skaffade rum\u00e4nska bondkl\u00e4der men p\u00e5 v\u00e4gen till sina rum\u00e4nska v\u00e4nner \u00e4ndrar sig han sig. Han ville inte att de skulle riskera att straffas.<\/em><\/p>\n<p style=\"text-align: justify;\"><em>N\u00e4sta morgon f\u00e5r vi order om att med 5 kilos packning samlas vid stadsporten. De marscherade oss till gettot i Sighet, vi l\u00e4mnade det mesta i huset. Under tiden de var i gettot fick far reda p\u00e5 att mycket tydde p\u00e5 att judarna i Sighet inte skickades till tv\u00e5ngsarbete utan m\u00f6rdades. Min far hade hittat pass, dokument och religi\u00f6sa f\u00f6rem\u00e5l som hade br\u00e4nts. N\u00e5gra veckor senare jagades vi till t\u00e5gen. P\u00e5 v\u00e4gen s\u00e5g jag en familj med tre barn som i tumultet kom ifr\u00e5n varandra, kvinnan f\u00f6rs\u00f6ker g\u00e5 tillbaka men hindras och barnet d\u00f6das. Modern och vi andra var helt f\u00f6rst\u00f6rda. Vi placeras 40 i varje vagn. Min mor var nummer 41 och fick inte \u00e5ka i v\u00e5r vagn och vi fick klara oss utan hennes medhavda mat och dryck. Inga toaletter eller vatten. Mis\u00e4r. Barnen for mycket illa. Transporten tog n\u00e4stan en vecka.<\/em><\/p>\n<p style=\"text-align: justify;\"><em>Vid framkomsten h\u00e5ller far en bibel \u00f6ver de minsta barnen men han sl\u00e5s till marken och f\u00f6rs bort. Han ropar: &#8211; Farv\u00e4l! Mamma ville ta min 23-\u00e5riga systers barn men hon vill sj\u00e4lv h\u00e5lla barnet. Mor och min syster med barnet f\u00f6rs \u00e5t sidan medan jag och min andra syster f\u00f6rs \u00e5t andra sidan. Jag tappade kontakten med min syster n\u00e4r jag f\u00f6rs\u00f6kte f\u00f6lja min mor men vi tr\u00e4ffades igen n\u00e4r v\u00e5rt h\u00e5r klippts av. Vi fick ett par gamla skor och en randig uniform.<\/em><\/p>\n<div id=\"attachment_2949\" style=\"width: 674px\" class=\"wp-caption alignnone\"><a href=\"http:\/\/skugg.wopsa.se\/?attachment_id=2949\" rel=\"attachment wp-att-2949\"><img loading=\"lazy\" decoding=\"async\" aria-describedby=\"caption-attachment-2949\" class=\" wp-image-2949\" src=\"http:\/\/skugg.wopsa.se\/wp-content\/uploads\/2016\/07\/022waVaEUWNu-1024x764.jpg\" alt=\"Pyra 21 feb 1946\" width=\"674\" height=\"503\" srcset=\"https:\/\/xn--skuggorfrndetfrflutna-02b01b.se\/wp-content\/uploads\/2016\/07\/022waVaEUWNu-1024x764.jpg 1024w, https:\/\/xn--skuggorfrndetfrflutna-02b01b.se\/wp-content\/uploads\/2016\/07\/022waVaEUWNu-300x224.jpg 300w, https:\/\/xn--skuggorfrndetfrflutna-02b01b.se\/wp-content\/uploads\/2016\/07\/022waVaEUWNu-768x573.jpg 768w, https:\/\/xn--skuggorfrndetfrflutna-02b01b.se\/wp-content\/uploads\/2016\/07\/022waVaEUWNu.jpg 1200w\" sizes=\"auto, (max-width: 674px) 100vw, 674px\" \/><\/a><p id=\"caption-attachment-2949\" class=\"wp-caption-text\"><a href=\"http:\/\/digitaltmuseum.se\/021016478876?name=Beredskapssjukhus&amp;advanced_search=1&amp;pos=2\" target=\"_blank\" rel=\"noopener\">Klicka h\u00e4r f\u00f6r att komma till bildk\u00e4llan.<\/a><\/p><\/div>\n<p><a href=\"http:\/\/skugg.wopsa.se\/?attachment_id=2951\" rel=\"attachment wp-att-2951\"><img loading=\"lazy\" decoding=\"async\" class=\"alignnone  wp-image-2951\" src=\"http:\/\/skugg.wopsa.se\/wp-content\/uploads\/2016\/07\/bsjh-640x426.jpg\" alt=\"bsjh-640x426\" width=\"690\" height=\"459\" srcset=\"https:\/\/xn--skuggorfrndetfrflutna-02b01b.se\/wp-content\/uploads\/2016\/07\/bsjh-640x426.jpg 640w, https:\/\/xn--skuggorfrndetfrflutna-02b01b.se\/wp-content\/uploads\/2016\/07\/bsjh-640x426-300x200.jpg 300w\" sizes=\"auto, (max-width: 690px) 100vw, 690px\" \/><\/a><\/p>\n<p>Kvinnor ankommer till Kalmar 1945. <a href=\"http:\/\/klt.nu\/overlevande-fangar-vardades-i-kalmar\/\" target=\"_blank\" rel=\"noopener\">Klicka f\u00f6r att komma till bildk\u00e4llan.<\/a><\/p>\n","protected":false},"excerpt":{"rendered":"<p>Magda Mendolowicz ankom till Sverige den 8 juli 1945, sannolikt fr\u00e5n det svenska R\u00f6da kors-transitl\u00e4gret i L\u00fcbeck och fr\u00e5n f\u00f6re detta Bergen-Belsen som befriades av britterna den 15 april 1945. Den 9 juli skrevs hon i p\u00e5 karant\u00e4n-sjukhuset i den kommunala flickskolan i Lund. Efter n\u00e5gra veckor i Lund skickades hon till \u00d6rebro beredskapssjukhus den &hellip; <\/p>\n<p><a class=\"more-link btn\" href=\"https:\/\/xn--skuggorfrndetfrflutna-02b01b.se\/?page_id=2965\">Forts\u00e4tt l\u00e4sa<\/a><\/p>\n","protected":false},"author":1,"featured_media":0,"parent":0,"menu_order":0,"comment_status":"closed","ping_status":"closed","template":"","meta":{"_monsterinsights_skip_tracking":false,"_monsterinsights_sitenote_active":false,"_monsterinsights_sitenote_note":"","_monsterinsights_sitenote_category":0,"footnotes":""},"class_list":["post-2965","page","type-page","status-publish","hentry","nodate","item-wrap"],"jetpack_sharing_enabled":true,"_links":{"self":[{"href":"https:\/\/xn--skuggorfrndetfrflutna-02b01b.se\/index.php?rest_route=\/wp\/v2\/pages\/2965","targetHints":{"allow":["GET"]}}],"collection":[{"href":"https:\/\/xn--skuggorfrndetfrflutna-02b01b.se\/index.php?rest_route=\/wp\/v2\/pages"}],"about":[{"href":"https:\/\/xn--skuggorfrndetfrflutna-02b01b.se\/index.php?rest_route=\/wp\/v2\/types\/page"}],"author":[{"embeddable":true,"href":"https:\/\/xn--skuggorfrndetfrflutna-02b01b.se\/index.php?rest_route=\/wp\/v2\/users\/1"}],"replies":[{"embeddable":true,"href":"https:\/\/xn--skuggorfrndetfrflutna-02b01b.se\/index.php?rest_route=%2Fwp%2Fv2%2Fcomments&post=2965"}],"version-history":[{"count":3,"href":"https:\/\/xn--skuggorfrndetfrflutna-02b01b.se\/index.php?rest_route=\/wp\/v2\/pages\/2965\/revisions"}],"predecessor-version":[{"id":3382,"href":"https:\/\/xn--skuggorfrndetfrflutna-02b01b.se\/index.php?rest_route=\/wp\/v2\/pages\/2965\/revisions\/3382"}],"wp:attachment":[{"href":"https:\/\/xn--skuggorfrndetfrflutna-02b01b.se\/index.php?rest_route=%2Fwp%2Fv2%2Fmedia&parent=2965"}],"curies":[{"name":"wp","href":"https:\/\/api.w.org\/{rel}","templated":true}]}}