{"id":2897,"date":"2016-07-02T15:21:58","date_gmt":"2016-07-02T15:21:58","guid":{"rendered":"http:\/\/skugg.wopsa.se\/?page_id=2897"},"modified":"2016-07-02T15:21:58","modified_gmt":"2016-07-02T15:21:58","slug":"stanislawa-p","status":"publish","type":"page","link":"https:\/\/xn--skuggorfrndetfrflutna-02b01b.se\/?page_id=2897","title":{"rendered":"Stanislawa P"},"content":{"rendered":"<p style=\"text-align: justify;\">Stanislawa f\u00f6ddes i Naklo, Polen 8e maj 1869. I hennes barndom hette hon Cichy efter sin far Josef Cichy. Han f\u00f6ddes 1839 och dog 1922. Josefs fru hette Emilia Mandelke. Hon f\u00f6ddes 1849 och dog 1926. Tillsammans hade de tre barn, Stanislawa och hennes tv\u00e5 systrar. Systrarna hette Salomoa och Maria. B\u00e5da systrarna \u00f6verlevde kriget.<\/p>\n<p style=\"text-align: justify;\">Stanislawa studerade till l\u00e4kare i M\u00fcnchen tills 1906 d\u00e5 hon tog l\u00e4karexamen. Under examen s\u00e5 tj\u00e4nstgjorde hon och hj\u00e4lpte till p\u00e5 olika sjukhus runt om i Tyskland. Efter hon tagit examen \u00f6ppnade hon en egen praktik i Polen. I en stad med namn Poznan. Det innebar att hon var Polens f\u00f6rsta kvinnliga l\u00e4kare.<\/p>\n<p style=\"text-align: justify;\">Under f\u00f6rintelsens g\u00e5ng har Stanislawa varit i flera olika arbetsl\u00e4ger. Det b\u00f6rjade med ett arbetsl\u00e4ger i Lenz\u00fcngen. Sedan tj\u00e4nstgjorde hon som l\u00e4kare i arbetsl\u00e4gret Prausnits Sudetengau som var en del av koncentrationsl\u00e4gret Gross Rosen. Hon har \u00e4ven varit p\u00e5 koncentrationsl\u00e4gret Ravensbr\u00fcck d\u00e4r hon blev frisl\u00e4ppt ifr\u00e5n och f\u00f6rdes med De vita bussarna till Sverige.Hon kom till Sverige och Malm\u00f6 den 28:e april 1945. Sedan vidare till \u00d6rebro dit hon kom 25e maj 1945 d\u00e4r hon bodde p\u00e5 Fernanderska skolan som anv\u00e4ndes som beredskapssjukhus. 9 oktober fick hon till\u00e5telse att vistas i Stockholm under en viss tid. Hon fick \u00e4ven en inbjudan att bes\u00f6ka de kvinnliga l\u00e4kares klubb i Stockholm.<\/p>\n<p style=\"text-align: justify;\">K\u00e4lla: Dossier Statens utl\u00e4nningskommission, Riksarkivet<\/p>\n<p style=\"text-align: justify;\">Jakob Forsberg 9A 2016<\/p>\n","protected":false},"excerpt":{"rendered":"<p>Stanislawa f\u00f6ddes i Naklo, Polen 8e maj 1869. I hennes barndom hette hon Cichy efter sin far Josef Cichy. Han f\u00f6ddes 1839 och dog 1922. Josefs fru hette Emilia Mandelke. Hon f\u00f6ddes 1849 och dog 1926. Tillsammans hade de tre barn, Stanislawa och hennes tv\u00e5 systrar. Systrarna hette Salomoa och Maria. B\u00e5da systrarna \u00f6verlevde kriget. &hellip; <\/p>\n<p><a class=\"more-link btn\" href=\"https:\/\/xn--skuggorfrndetfrflutna-02b01b.se\/?page_id=2897\">Forts\u00e4tt l\u00e4sa<\/a><\/p>\n","protected":false},"author":1,"featured_media":0,"parent":0,"menu_order":0,"comment_status":"closed","ping_status":"closed","template":"","meta":{"_monsterinsights_skip_tracking":false,"_monsterinsights_sitenote_active":false,"_monsterinsights_sitenote_note":"","_monsterinsights_sitenote_category":0,"footnotes":""},"class_list":["post-2897","page","type-page","status-publish","hentry","nodate","item-wrap"],"jetpack_sharing_enabled":true,"_links":{"self":[{"href":"https:\/\/xn--skuggorfrndetfrflutna-02b01b.se\/index.php?rest_route=\/wp\/v2\/pages\/2897","targetHints":{"allow":["GET"]}}],"collection":[{"href":"https:\/\/xn--skuggorfrndetfrflutna-02b01b.se\/index.php?rest_route=\/wp\/v2\/pages"}],"about":[{"href":"https:\/\/xn--skuggorfrndetfrflutna-02b01b.se\/index.php?rest_route=\/wp\/v2\/types\/page"}],"author":[{"embeddable":true,"href":"https:\/\/xn--skuggorfrndetfrflutna-02b01b.se\/index.php?rest_route=\/wp\/v2\/users\/1"}],"replies":[{"embeddable":true,"href":"https:\/\/xn--skuggorfrndetfrflutna-02b01b.se\/index.php?rest_route=%2Fwp%2Fv2%2Fcomments&post=2897"}],"version-history":[{"count":1,"href":"https:\/\/xn--skuggorfrndetfrflutna-02b01b.se\/index.php?rest_route=\/wp\/v2\/pages\/2897\/revisions"}],"predecessor-version":[{"id":2899,"href":"https:\/\/xn--skuggorfrndetfrflutna-02b01b.se\/index.php?rest_route=\/wp\/v2\/pages\/2897\/revisions\/2899"}],"wp:attachment":[{"href":"https:\/\/xn--skuggorfrndetfrflutna-02b01b.se\/index.php?rest_route=%2Fwp%2Fv2%2Fmedia&parent=2897"}],"curies":[{"name":"wp","href":"https:\/\/api.w.org\/{rel}","templated":true}]}}