{"id":2877,"date":"2016-07-02T13:46:05","date_gmt":"2016-07-02T13:46:05","guid":{"rendered":"http:\/\/skugg.wopsa.se\/?page_id=2877"},"modified":"2016-07-02T13:46:05","modified_gmt":"2016-07-02T13:46:05","slug":"mauthausen-2","status":"publish","type":"page","link":"https:\/\/xn--skuggorfrndetfrflutna-02b01b.se\/?page_id=2877","title":{"rendered":"Mauthausen"},"content":{"rendered":"<p style=\"text-align: justify;\">Mauthausen var ett koncentrationsl\u00e4ger som byggdes i augusti 1938. Mauthausen l\u00e5g \u00f6ster om staden Linz i norra \u00d6sterrike. Det var de f\u00f6rsta l\u00e4gret som byggde upp Mauthausen. Det var omkring 1 100 f\u00e5ngar som s\u00e4ndes till Mauthausen under h\u00f6sten 1938, det var framf\u00f6r allt politiska motst\u00e5ndare och kriminella fr\u00e5n \u00d6sterrike och Tyskland.<\/p>\n<p style=\"text-align: justify;\">Mauthausen var de v\u00e4rsta l\u00e4gret d\u00e4r f\u00e5ngarna fick arbeta tills de dog. Det fungerade som b\u00e5de ett koncentrationsl\u00e4ger och en avr\u00e4ttningsplats f\u00f6r motst\u00e5ndare. L\u00e4gret var indelat i 3 sektioner, de sektionerna var f\u00e5ngl\u00e4gret, ett administrativt omr\u00e5de och SS-omr\u00e5de.\u00a0L\u00e4ger 1 bestod av 20 baracker, varje barack var byggd f\u00f6r 300 f\u00e5ngar men ofta var det dubbelt s\u00e5 m\u00e5nga som fick bo tillsammans. Sedan fanns det ocks\u00e5 n\u00e5gra karant\u00e4nbaracker, d\u00e4r nyanl\u00e4nda f\u00e5ngad fick tillbringa sina f\u00f6rsta tre veckor. L\u00e4ger 2 bestod av 1 verkstadsbaracker som 1944 fungerade som karant\u00e4nbaracker. L\u00e4ger 3 byggdes v\u00e5ren 1944. Det var 6 baracker d\u00e4r sjuka och svaga tillbringade sista tiden innan de avr\u00e4ttades i en gaskammare i l\u00e4gret.<\/p>\n<p style=\"text-align: justify;\"><span id=\"more-2626\"><\/span>Mauthausen var mycket \u00f6verbefolkat, matransonerna var minimala och de sanit\u00e4ra f\u00f6rh\u00e5llandena var fruktansv\u00e4rda. Det var st\u00e4ndigt sjukdomsepidemier och dom d\u00f6dade m\u00e5nga i l\u00e4gret, men de flesta av f\u00e5ngarna dog under h\u00e5rda och tunga tv\u00e5ngsarbetet i stenbrottet. T.ex tvingades f\u00e5ngarna bara stora tunga stenar upp f\u00f6r en l\u00e5ng brant trappa i stenbrottet bara f\u00f6r att de skulle pl\u00e5gas.<\/p>\n<p style=\"text-align: justify;\">De f\u00f6rsta f\u00e5ngarna kom till Mauthausen i maj 1944 och de kom fr\u00e5n Auschwitz. Det var totalt 200 000 f\u00e5ngar i l\u00e4gret, det var 119 000 som dog varav dom var det 38 000 judar. Det var judarna som behandlades s\u00e4mst i l\u00e4gret.\u00a0I b\u00f6rjan p\u00e5 1945 n\u00e4rmade sig krigsfronten och de n\u00e4rmade sig l\u00e4grens s\u00e5 f\u00e5ngarna fick vandra till Mauthausen och det var m\u00e5nga som dog p\u00e5 v\u00e4gen. Den 5 maj 1945 befriades l\u00e4gret Mauthausen.<\/p>\n<p style=\"text-align: justify;\">K\u00e4llor: http:\/\/www.levandehistoria.se\/fakta-om-forintelsen\/forintelsen\/koncentrationslager\/mauthausen<\/p>\n<p style=\"text-align: justify;\">Sandra 9A vt 2016<\/p>\n","protected":false},"excerpt":{"rendered":"<p>Mauthausen var ett koncentrationsl\u00e4ger som byggdes i augusti 1938. Mauthausen l\u00e5g \u00f6ster om staden Linz i norra \u00d6sterrike. Det var de f\u00f6rsta l\u00e4gret som byggde upp Mauthausen. Det var omkring 1 100 f\u00e5ngar som s\u00e4ndes till Mauthausen under h\u00f6sten 1938, det var framf\u00f6r allt politiska motst\u00e5ndare och kriminella fr\u00e5n \u00d6sterrike och Tyskland. Mauthausen var de &hellip; <\/p>\n<p><a class=\"more-link btn\" href=\"https:\/\/xn--skuggorfrndetfrflutna-02b01b.se\/?page_id=2877\">Forts\u00e4tt l\u00e4sa<\/a><\/p>\n","protected":false},"author":1,"featured_media":0,"parent":0,"menu_order":0,"comment_status":"closed","ping_status":"closed","template":"","meta":{"_monsterinsights_skip_tracking":false,"_monsterinsights_sitenote_active":false,"_monsterinsights_sitenote_note":"","_monsterinsights_sitenote_category":0,"footnotes":""},"class_list":["post-2877","page","type-page","status-publish","hentry","nodate","item-wrap"],"jetpack_sharing_enabled":true,"_links":{"self":[{"href":"https:\/\/xn--skuggorfrndetfrflutna-02b01b.se\/index.php?rest_route=\/wp\/v2\/pages\/2877","targetHints":{"allow":["GET"]}}],"collection":[{"href":"https:\/\/xn--skuggorfrndetfrflutna-02b01b.se\/index.php?rest_route=\/wp\/v2\/pages"}],"about":[{"href":"https:\/\/xn--skuggorfrndetfrflutna-02b01b.se\/index.php?rest_route=\/wp\/v2\/types\/page"}],"author":[{"embeddable":true,"href":"https:\/\/xn--skuggorfrndetfrflutna-02b01b.se\/index.php?rest_route=\/wp\/v2\/users\/1"}],"replies":[{"embeddable":true,"href":"https:\/\/xn--skuggorfrndetfrflutna-02b01b.se\/index.php?rest_route=%2Fwp%2Fv2%2Fcomments&post=2877"}],"version-history":[{"count":1,"href":"https:\/\/xn--skuggorfrndetfrflutna-02b01b.se\/index.php?rest_route=\/wp\/v2\/pages\/2877\/revisions"}],"predecessor-version":[{"id":2879,"href":"https:\/\/xn--skuggorfrndetfrflutna-02b01b.se\/index.php?rest_route=\/wp\/v2\/pages\/2877\/revisions\/2879"}],"wp:attachment":[{"href":"https:\/\/xn--skuggorfrndetfrflutna-02b01b.se\/index.php?rest_route=%2Fwp%2Fv2%2Fmedia&parent=2877"}],"curies":[{"name":"wp","href":"https:\/\/api.w.org\/{rel}","templated":true}]}}