{"id":2840,"date":"2016-07-02T11:15:58","date_gmt":"2016-07-02T11:15:58","guid":{"rendered":"http:\/\/skugg.wopsa.se\/?page_id=2840"},"modified":"2016-07-04T12:50:05","modified_gmt":"2016-07-04T12:50:05","slug":"roza-d","status":"publish","type":"page","link":"https:\/\/xn--skuggorfrndetfrflutna-02b01b.se\/?page_id=2840","title":{"rendered":"Roza D"},"content":{"rendered":"<p style=\"text-align: justify;\">Roza f\u00f6ddes den 19 november 1931 i Berzanef, Rum\u00e4nien. Hennes far var en k\u00f6pman vid namn Aizik D som f\u00f6ddes 1897. Hennes mor hette Roise D, f\u00f6dd Gluser, och dog i b\u00f6rjan av maj 1944. Hennes broder tj\u00e4nstgjorde i den Ungerska arm\u00e9n i 4 \u00e5r och hon hade d\u00e4refter inte h\u00f6rt n\u00e5got om honom. Hon hade \u00e4ven tv\u00e5 systrar som dog i Bergen-Belsen 1945 och en yngre bror som blev m\u00f6rdad i Auschwitz.<\/p>\n<p style=\"text-align: justify;\">Roza hade g\u00e5tt 4 \u00e5r i folkskola innan hon och hennes familj arresterades den 4 maj 1944. F\u00f6rst s\u00e5 fick hon komma till Auschwitz d\u00e4r hon splittrades ifr\u00e5n sin familj. Tv\u00e5 och en halv m\u00e5nad efter ankomsten till Auschwitz s\u00e5 f\u00f6rdes hon vidare till ett arbetsl\u00e4ger i Hunsfeldt, d\u00e4r hon arbetade om n\u00e4tterna i en ammunitionsfabrik. Den 27 december f\u00f6rflyttades hon till ett l\u00e4ger i Gross-Rosen f\u00f6r att sedan flyttas till ett annat l\u00e4ger i Mauthausen. Roza f\u00f6rdes slutligen till Bergen-Belsen d\u00e4r hon insjuknade i tyfus. R\u00e4ddningen kom genom Engelsm\u00e4nnen som f\u00f6rde henne till ett sjukhus i Bergen. Hon kunde sedan, genom svenska R\u00f6da korset, ta sig till Malm\u00f6 den 4 juli 1945. D\u00e4r l\u00e5g hon i karant\u00e4n i 6 veckor och efter det s\u00e5 s\u00e4ndes hon till Beredskapssjukhuset i \u00d6rebro.<\/p>\n<p style=\"text-align: justify;\"><span id=\"more-2667\"><\/span>Roza friskf\u00f6rklaras den 27 september 1945 och bodde sedan hos en svensk familj medans hon gick i en flickskola i \u00d6rebro. Genom det r\u00f6da korset s\u00e5 s\u00f6kte hon efter familjemedlemmar vid liv och hittade snart en farbror i Palestina. Det ordnades s\u00e5 att hon kunde g\u00e5 p\u00e5 ett judiskt skolhem i Norrk\u00f6ping. Hon stannade i Sverige \u00e4nda fram tills 1947 d\u00e5 hon \u00e5kte till Marseilles. Den 23 mars 1948 f\u00f6rs\u00f6kte hon att ta sig illegalt till Israel men blir deporterad till Cypern. Roza spenderade tre m\u00e5nader d\u00e4r men lyckades tillslut ta sig till sin farbror i Israel.<\/p>\n<p style=\"text-align: justify;\"><a href=\"http:\/\/skugg.wopsa.se\/?attachment_id=472\" rel=\"attachment wp-att-472\"><img loading=\"lazy\" decoding=\"async\" class=\"alignnone size-large wp-image-472\" src=\"http:\/\/skugg.wopsa.se\/wp-content\/uploads\/2013\/09\/Polisen-mm-1024x629.jpg\" alt=\"Polisen mm\" width=\"1024\" height=\"629\" srcset=\"https:\/\/xn--skuggorfrndetfrflutna-02b01b.se\/wp-content\/uploads\/2013\/09\/Polisen-mm-1024x629.jpg 1024w, https:\/\/xn--skuggorfrndetfrflutna-02b01b.se\/wp-content\/uploads\/2013\/09\/Polisen-mm-300x184.jpg 300w\" sizes=\"auto, (max-width: 1024px) 100vw, 1024px\" \/><\/a><\/p>\n<p style=\"text-align: justify;\">Roza D till v\u00e4nster om vaktm\u00e4staren Ingemar Karlsson . Bilden tagen utanf\u00f6r Engelbrektsskolans beredskapssjukhus 1945.<\/p>\n<p style=\"text-align: justify;\"><a href=\"http:\/\/skugg.wopsa.se\/?attachment_id=1587\" rel=\"attachment wp-att-1587\"><img loading=\"lazy\" decoding=\"async\" class=\"alignnone wp-image-1587\" src=\"http:\/\/skugg.wopsa.se\/wp-content\/uploads\/2014\/08\/Iphone-14-350-1024x456.jpg\" alt=\"Iphone 14 350\" width=\"553\" height=\"246\" srcset=\"https:\/\/xn--skuggorfrndetfrflutna-02b01b.se\/wp-content\/uploads\/2014\/08\/Iphone-14-350-1024x456.jpg 1024w, https:\/\/xn--skuggorfrndetfrflutna-02b01b.se\/wp-content\/uploads\/2014\/08\/Iphone-14-350-300x133.jpg 300w\" sizes=\"auto, (max-width: 553px) 100vw, 553px\" \/><\/a><\/p>\n<p style=\"text-align: justify;\">Roza D med sin svenska &#8221;fosterfamilj&#8221; innan hon l\u00e4mnar Sverige.<\/p>\n<p style=\"text-align: justify;\"><strong>K\u00e4llor:<\/strong><\/p>\n<p style=\"text-align: justify;\">Dossier Statens utl\u00e4nningskommission, Riksarkivet<\/p>\n<p style=\"text-align: justify;\">www.yadvashem.org<\/p>\n<p style=\"text-align: justify;\">Kristoffer Wizell 9A, vt 2016<\/p>\n","protected":false},"excerpt":{"rendered":"<p>Roza f\u00f6ddes den 19 november 1931 i Berzanef, Rum\u00e4nien. Hennes far var en k\u00f6pman vid namn Aizik D som f\u00f6ddes 1897. Hennes mor hette Roise D, f\u00f6dd Gluser, och dog i b\u00f6rjan av maj 1944. Hennes broder tj\u00e4nstgjorde i den Ungerska arm\u00e9n i 4 \u00e5r och hon hade d\u00e4refter inte h\u00f6rt n\u00e5got om honom. Hon &hellip; <\/p>\n<p><a class=\"more-link btn\" href=\"https:\/\/xn--skuggorfrndetfrflutna-02b01b.se\/?page_id=2840\">Forts\u00e4tt l\u00e4sa<\/a><\/p>\n","protected":false},"author":1,"featured_media":0,"parent":0,"menu_order":0,"comment_status":"closed","ping_status":"closed","template":"","meta":{"_monsterinsights_skip_tracking":false,"_monsterinsights_sitenote_active":false,"_monsterinsights_sitenote_note":"","_monsterinsights_sitenote_category":0,"footnotes":""},"class_list":["post-2840","page","type-page","status-publish","hentry","nodate","item-wrap"],"jetpack_sharing_enabled":true,"_links":{"self":[{"href":"https:\/\/xn--skuggorfrndetfrflutna-02b01b.se\/index.php?rest_route=\/wp\/v2\/pages\/2840","targetHints":{"allow":["GET"]}}],"collection":[{"href":"https:\/\/xn--skuggorfrndetfrflutna-02b01b.se\/index.php?rest_route=\/wp\/v2\/pages"}],"about":[{"href":"https:\/\/xn--skuggorfrndetfrflutna-02b01b.se\/index.php?rest_route=\/wp\/v2\/types\/page"}],"author":[{"embeddable":true,"href":"https:\/\/xn--skuggorfrndetfrflutna-02b01b.se\/index.php?rest_route=\/wp\/v2\/users\/1"}],"replies":[{"embeddable":true,"href":"https:\/\/xn--skuggorfrndetfrflutna-02b01b.se\/index.php?rest_route=%2Fwp%2Fv2%2Fcomments&post=2840"}],"version-history":[{"count":4,"href":"https:\/\/xn--skuggorfrndetfrflutna-02b01b.se\/index.php?rest_route=\/wp\/v2\/pages\/2840\/revisions"}],"predecessor-version":[{"id":2954,"href":"https:\/\/xn--skuggorfrndetfrflutna-02b01b.se\/index.php?rest_route=\/wp\/v2\/pages\/2840\/revisions\/2954"}],"wp:attachment":[{"href":"https:\/\/xn--skuggorfrndetfrflutna-02b01b.se\/index.php?rest_route=%2Fwp%2Fv2%2Fmedia&parent=2840"}],"curies":[{"name":"wp","href":"https:\/\/api.w.org\/{rel}","templated":true}]}}