{"id":250,"date":"2013-09-10T18:59:26","date_gmt":"2013-09-10T18:59:26","guid":{"rendered":"http:\/\/xn--skuggorfrndetfrflutna-02b01b.se\/?page_id=250"},"modified":"2014-02-09T14:24:02","modified_gmt":"2014-02-09T14:24:02","slug":"olga-rieder","status":"publish","type":"page","link":"https:\/\/xn--skuggorfrndetfrflutna-02b01b.se\/?page_id=250","title":{"rendered":"Olga Rieder"},"content":{"rendered":"<p>Olga Rieder \u00e4r f\u00f6dd den 10 april 1921 i Gegeny, Ungern. Hennes f\u00f6r\u00e4ldrar var Samuel Rieder och Hani Rieder. Olga \u00e4r uppfostrad i f\u00f6r\u00e4drarahemmet och har genomg\u00e5tt 6 \u00e5r i folkh\u00f6gskola och 4 \u00e5r i borgskola. D\u00e4refter genom gick hon en handelskurs p\u00e5 ett \u00e5r , sedan l\u00e4rde hon sig s\u00f6mnad p\u00e5 en atelj\u00e9.<\/p>\n<p>N\u00e4r tyskarna invaderade Ungern blev hon, sina f\u00f6r\u00e4ldrar, sina 5 br\u00f6der och hennes 3 systrar arresterade f\u00f6r sin judiska b\u00f6rd. Dom f\u00f6rdes d\u00e5 till koncentrationsl\u00e4gret Auschwitz den 20 maj 1944. Modern och en av systrarna vistades med hon tills 1945 d\u00e5 hon splittrades ifr\u00e5n dom p\u00e5 grund av sjukdom. D\u00e4refter h\u00f6rde hon inget mer ifr\u00e5n sin familj. Under tiden hon var f\u00e5ngad i koncentrationsl\u00e4gret Auschwitz sysselsatts hon med att sy och laga kl\u00e4der. D\u00e4r vistades hon till slutet av januari, 1945. D\u00e4refter f\u00f6rdes hon till Ravensbr\u00fcck, d\u00e4r hon varade i ungef\u00e4r 2 m\u00e5nader. D\u00e4refter skickades hon till Berndorf. I Berndorf insjukna hon och blev aldrig unders\u00f6kt av n\u00e5gon l\u00e4kare. I b\u00f6rjan av april flyttades hon till ett l\u00e4ger n\u00e4ra Hamburg. I b\u00f6rjan av maj 1945 blev hon ocks\u00e5 utsl\u00e4ppt ifr\u00e5n detta l\u00e4ger och f\u00f6rdes sedan genom Svenska R\u00f6da korsets som repatriandi till Sverige.<\/p>\n<p>Hon ankom till Malm\u00f6 den 4 maj 1945. I Sverige jobbar hon sedan som s\u00f6mmerska p\u00e5 en atelj\u00e9. Hon jobbar som s\u00f6mmerska tills 1947 d\u00e5 hon tog tj\u00e4nstledigt fr\u00e5n sitt jobb och \u00e5kte till USA. 1947 tr\u00e4ffade hon en ny man och gifte sig.<\/p>\n<p>Olga Rieder finns sannolikt med p\u00e5 tv\u00e5 fotografier fr\u00e5n det s\u00e5 kallade Auschwitz Album:<\/p>\n<p><a title=\"Olga Rieder i Auschwitz\" href=\"http:\/\/www.yadvashem.org\/yv\/en\/exhibitions\/album_auschwitz\/photo_47.asp\" target=\"_blank\">http:\/\/www.yadvashem.org\/yv\/en\/exhibitions\/album_auschwitz\/photo_47.asp<\/a><\/p>\n<p><a href=\"http:\/\/www.yadvashem.org\/yv\/en\/exhibitions\/album_auschwitz\/photo_46.asp\" target=\"_blank\">http:\/\/www.yadvashem.org\/yv\/en\/exhibitions\/album_auschwitz\/photo_46.asp<\/a><\/p>\n<p>Olga \u00e4r den l\u00e5nga kvinnan till h\u00f6ger respektive v\u00e4nster. P\u00e5 bilderna syns ocks\u00e5 hennes tre systrar och hennes mor som inte \u00f6verlevde.<\/p>\n<p>Platsen d\u00e4r bilderna \u00e4r tagna \u00e4r sannolikt denna:<\/p>\n<p><a href=\"http:\/\/xn--skuggorfrndetfrflutna-02b01b.se\/wp-content\/uploads\/2013\/08\/Bild2.jpg\"><img loading=\"lazy\" decoding=\"async\" class=\"alignnone  wp-image-537\" alt=\"Bild2\" src=\"http:\/\/xn--skuggorfrndetfrflutna-02b01b.se\/wp-content\/uploads\/2013\/08\/Bild2-1024x679.jpg\" width=\"717\" height=\"475\" srcset=\"https:\/\/xn--skuggorfrndetfrflutna-02b01b.se\/wp-content\/uploads\/2013\/08\/Bild2-1024x679.jpg 1024w, https:\/\/xn--skuggorfrndetfrflutna-02b01b.se\/wp-content\/uploads\/2013\/08\/Bild2-300x199.jpg 300w, https:\/\/xn--skuggorfrndetfrflutna-02b01b.se\/wp-content\/uploads\/2013\/08\/Bild2.jpg 1500w\" sizes=\"auto, (max-width: 717px) 100vw, 717px\" \/><\/a><\/p>\n<p>Linus l\u00e4ser sin text om Olga Rieder p\u00e5 den autentiska platsen. Fotografier: Elever 9EF 2011.<a href=\"http:\/\/xn--skuggorfrndetfrflutna-02b01b.se\/wp-content\/uploads\/2013\/09\/Polen-2011-610.jpg\"><img loading=\"lazy\" decoding=\"async\" class=\"alignnone size-large wp-image-972\" alt=\"Polen 2011 610\" src=\"http:\/\/xn--skuggorfrndetfrflutna-02b01b.se\/wp-content\/uploads\/2013\/09\/Polen-2011-610-1024x680.jpg\" width=\"1024\" height=\"680\" srcset=\"https:\/\/xn--skuggorfrndetfrflutna-02b01b.se\/wp-content\/uploads\/2013\/09\/Polen-2011-610-1024x680.jpg 1024w, https:\/\/xn--skuggorfrndetfrflutna-02b01b.se\/wp-content\/uploads\/2013\/09\/Polen-2011-610-300x199.jpg 300w\" sizes=\"auto, (max-width: 1024px) 100vw, 1024px\" \/><\/a><\/p>\n<p>K\u00e4lla: Dossier Statens utl\u00e4nningskommission, Riksarkivet<\/p>\n<p>Av:\u00a0Jakob Carlsson 9D vt 2012<\/p>\n","protected":false},"excerpt":{"rendered":"<p>Olga Rieder \u00e4r f\u00f6dd den 10 april 1921 i Gegeny, Ungern. Hennes f\u00f6r\u00e4ldrar var Samuel Rieder och Hani Rieder. Olga \u00e4r uppfostrad i f\u00f6r\u00e4drarahemmet och har genomg\u00e5tt 6 \u00e5r i folkh\u00f6gskola och 4 \u00e5r i borgskola. D\u00e4refter genom gick hon en handelskurs p\u00e5 ett \u00e5r , sedan l\u00e4rde hon sig s\u00f6mnad p\u00e5 en atelj\u00e9. N\u00e4r &hellip; <\/p>\n<p><a class=\"more-link btn\" href=\"https:\/\/xn--skuggorfrndetfrflutna-02b01b.se\/?page_id=250\">Forts\u00e4tt l\u00e4sa<\/a><\/p>\n","protected":false},"author":1,"featured_media":0,"parent":0,"menu_order":0,"comment_status":"closed","ping_status":"open","template":"","meta":{"_monsterinsights_skip_tracking":false,"_monsterinsights_sitenote_active":false,"_monsterinsights_sitenote_note":"","_monsterinsights_sitenote_category":0,"footnotes":""},"class_list":["post-250","page","type-page","status-publish","hentry","nodate","item-wrap"],"jetpack_sharing_enabled":true,"_links":{"self":[{"href":"https:\/\/xn--skuggorfrndetfrflutna-02b01b.se\/index.php?rest_route=\/wp\/v2\/pages\/250","targetHints":{"allow":["GET"]}}],"collection":[{"href":"https:\/\/xn--skuggorfrndetfrflutna-02b01b.se\/index.php?rest_route=\/wp\/v2\/pages"}],"about":[{"href":"https:\/\/xn--skuggorfrndetfrflutna-02b01b.se\/index.php?rest_route=\/wp\/v2\/types\/page"}],"author":[{"embeddable":true,"href":"https:\/\/xn--skuggorfrndetfrflutna-02b01b.se\/index.php?rest_route=\/wp\/v2\/users\/1"}],"replies":[{"embeddable":true,"href":"https:\/\/xn--skuggorfrndetfrflutna-02b01b.se\/index.php?rest_route=%2Fwp%2Fv2%2Fcomments&post=250"}],"version-history":[{"count":6,"href":"https:\/\/xn--skuggorfrndetfrflutna-02b01b.se\/index.php?rest_route=\/wp\/v2\/pages\/250\/revisions"}],"predecessor-version":[{"id":973,"href":"https:\/\/xn--skuggorfrndetfrflutna-02b01b.se\/index.php?rest_route=\/wp\/v2\/pages\/250\/revisions\/973"}],"wp:attachment":[{"href":"https:\/\/xn--skuggorfrndetfrflutna-02b01b.se\/index.php?rest_route=%2Fwp%2Fv2%2Fmedia&parent=250"}],"curies":[{"name":"wp","href":"https:\/\/api.w.org\/{rel}","templated":true}]}}