{"id":1499,"date":"2014-05-14T16:48:48","date_gmt":"2014-05-14T16:48:48","guid":{"rendered":"http:\/\/xn--skuggorfrndetfrflutna-02b01b.se\/?page_id=1499"},"modified":"2014-05-14T16:48:48","modified_gmt":"2014-05-14T16:48:48","slug":"martin-luther","status":"publish","type":"page","link":"https:\/\/xn--skuggorfrndetfrflutna-02b01b.se\/?page_id=1499","title":{"rendered":"Martin Luther"},"content":{"rendered":"<p>\u201dVad ska vi kristna sedan g\u00f6ra med detta f\u00f6rbannade utst\u00f6tta judefolk? Eftersom de lever bland oss och vi k\u00e4nner till deras l\u00f6gner och h\u00e4delser, kan vi inte tolerera dem om vi inte sj\u00e4lva vill bli del i deras f\u00f6rbannelser och sm\u00e4delser\u2026<\/p>\n<p>&nbsp;<\/p>\n<p>\u2026 F\u00f6r det f\u00f6rsta borde deras synagogor\u2026 s\u00e4ttas i brand och det som inte brinner upp ska skylas \u00f6ver eller t\u00e4ckas med jord s\u00e5 att ingen n\u00e5gonsin ska kunna se ask- eller stenrester.<\/p>\n<p>&nbsp;<\/p>\n<p>F\u00f6r det andra borde deras hem p\u00e5 liknande s\u00e4tt brytas ner och f\u00f6rst\u00f6ras\u2026 de borde placeras under samma tak eller i ett stall, som zigenare, f\u00f6r att de ska f\u00f6rst\u00e5, trots deras skryt, att de inte \u00e4r herrar i v\u00e5rt land, utan el\u00e4ndiga f\u00e5ngar.<\/p>\n<p>&nbsp;<\/p>\n<p>F\u00f6r det tredje borde de bli ber\u00f6vade sina b\u00f6n- och Talmudb\u00f6cker, d\u00e4r s\u00e5dan avgudadyrkan, l\u00f6gner, f\u00f6rbannelser och h\u00e4delser l\u00e4rs ut.<\/p>\n<p>&nbsp;<\/p>\n<p>F\u00f6r det fj\u00e4rde m\u00e5ste deras rabbiner under hot om d\u00f6dsstraff f\u00f6rbjudas att undervisa mer och h\u00e5lla de stackars judarna f\u00e5ngna i Mose l\u00e4ra.<\/p>\n<p>&nbsp;<\/p>\n<p>F\u00f6r det femte borde pass- och resprivilegier absolut inte g\u00e4lla judar. Vad har de p\u00e5 landsbygden att g\u00f6ra? \u2026de borde stanna hemma.<\/p>\n<p>&nbsp;<\/p>\n<p>F\u00f6r det sj\u00e4tte borde de stoppas fr\u00e5n att bedriva ocker. Man borde ta ifr\u00e5n dem deras pengar och f\u00f6rem\u00e5l av silver och guld och f\u00f6rvara dessa.<\/p>\n<p>&nbsp;<\/p>\n<p>F\u00f6r det sjunde borde man l\u00e5ta unga och starka judar arbeta med slaga, yxa, hacka, spade, spinnrock\u2026 och l\u00e5ta dem f\u00f6rtj\u00e4na sitt levebr\u00f6d genom h\u00e5rt kroppsarbete\u2026<\/p>\n<p>&nbsp;<\/p>\n<p>\u2026 F\u00f6r att summera, borde alla h\u00e4rskare som har judar p\u00e5 sina omr\u00e5den, ifall inte dessa r\u00e5d passar, finna b\u00e4ttre r\u00e5d s\u00e5 ni och vi alla befrias fr\u00e5n denna olidliga dj\u00e4vulska b\u00f6rda \u2013 judarna.\u201d<\/p>\n<p>&nbsp;<\/p>\n<p>&nbsp;<\/p>\n<p>ocker= att ta osk\u00e4ligt h\u00f6gt betalt eller ta ut h\u00f6g r\u00e4nta p\u00e5 l\u00e5nade pengar<\/p>\n<p>synagoga =judisk gudstj\u00e4nstlokal<\/p>\n<p>Talmud = helig skrift, till\u00e4gg till den judiska bibeln (de 5 Moseb\u00f6ckerna)<\/p>\n<p>&nbsp;<\/p>\n<p>&nbsp;<\/p>\n<p>1. Vem tror ni har skrivit ovan? N\u00e4r?<\/p>\n<p>&nbsp;<\/p>\n<p>2. Varf\u00f6r tror ni att textf\u00f6rfattaren hyser ett s\u00e5dant hat mot judarna?<\/p>\n<p>&nbsp;<\/p>\n<p>3. Vilket m\u00e5l har textf\u00f6rfattaren?<\/p>\n<p>&nbsp;<\/p>\n<p>&nbsp;<\/p>\n<p>K\u00e4lla: Texten h\u00e4mtad fr\u00e5n Bearing Witness \u2013 Teaching about the Holocaust; 2001, av Beth Aviv Greenbaum och fritt \u00f6versatt av Mikael Enoksson. Ovan \u00e4r inte texten i sin helhet.<\/p>\n<p><strong>\u00a0<\/strong><\/p>\n<p>&nbsp;<\/p>\n<p>&nbsp;<\/p>\n<p><strong>F\u00f6r l\u00e4raren:<\/strong><\/p>\n<p>&nbsp;<\/p>\n<p>Martin Luther \u2013 \u201dGegen die Juden und ihre L\u00fcgen\u201d, 1542. 19 \u00e5r tidigare hade Luther varit mera f\u00f6rsiktig och manat kristna att behandla judar v\u00e4l och undervisa dem om den heliga skrift. Martin Luthers hat mot judarna \u00e4r naturligtvis till st\u00f6rsta delen religi\u00f6st motiverat och bygger p\u00e5 religi\u00f6sa argument. Det b\u00f6r p\u00e5pekas att vi h\u00e4r kommer i kontakt med en \u00e5ldrad och bitter Luther. En man som inte l\u00e4ngre har n\u00e5got inflytande. De r\u00e5d han ger de tyska furstarna f\u00e5r inget genomslag, ingen lyssnar l\u00e4ngre p\u00e5 Luther.<\/p>\n<p>&nbsp;<\/p>\n<p>Dela ut kopia p\u00e5 partiprogram eller N\u00fcrnberglagarna. Studera, j\u00e4mf\u00f6r, analysera.<\/p>\n<p>G\u00e5 igenom olika typer av antisemitism i historien.<\/p>\n<p>&nbsp;<\/p>\n<p>1. Religi\u00f6s f\u00f6rf\u00f6ljelse \u2013 Kristusm\u00f6rdare. Fr\u00e5n Jesu d\u00f6d och fram\u00e5t, syndabockar, digerd\u00f6den, Korst\u00e5gen, fr Medeltid<\/p>\n<p>2. Sekul\u00e4r f\u00f6rf\u00f6ljelse \u2013 Furstens skatteindrivare, yrken, l\u00e5ngivare, judekvarter, gator, mm fr Medeltid<\/p>\n<p>4. Rasm\u00e4ssig f\u00f6rf\u00f6ljelser \u2013 listiga, fula, snikna, hotfulla fr 1800-talet<\/p>\n<p>3. Fr\u00e4lsande antisemitism \u2013 vi fr\u00e4lser oss om vi befriar Tyskland fr\u00e5n alla judar \u00aa Massmord \u00aa Nazismen<\/p>\n<p>&nbsp;<\/p>\n<p>Pogrom = \u00f6vergrepp och d\u00f6dande av judar<\/p>\n<p>&nbsp;<\/p>\n<p>Motkraft: Franska revolutionen &#8211; emancipationen, men franska revolutionen rymmer ocks\u00e5 tankar om renhet och m\u00e4nniskans f\u00f6rm\u00e5ga &#8211; plikt att styra naturen.<\/p>\n<p>&nbsp;<\/p>\n<p>Finns det antisemitism idag?<\/p>\n<p>&nbsp;<\/p>\n<p>Vilka andra grupper i samh\u00e4llet (Sverige och Europa) skulle idag kunna drabbas av liknande f\u00f6rf\u00f6ljelser?<\/p>\n","protected":false},"excerpt":{"rendered":"<p>\u201dVad ska vi kristna sedan g\u00f6ra med detta f\u00f6rbannade utst\u00f6tta judefolk? Eftersom de lever bland oss och vi k\u00e4nner till deras l\u00f6gner och h\u00e4delser, kan vi inte tolerera dem om vi inte sj\u00e4lva vill bli del i deras f\u00f6rbannelser och sm\u00e4delser\u2026 &nbsp; \u2026 F\u00f6r det f\u00f6rsta borde deras synagogor\u2026 s\u00e4ttas i brand och det som &hellip; <\/p>\n<p><a class=\"more-link btn\" href=\"https:\/\/xn--skuggorfrndetfrflutna-02b01b.se\/?page_id=1499\">Forts\u00e4tt l\u00e4sa<\/a><\/p>\n","protected":false},"author":1,"featured_media":0,"parent":0,"menu_order":0,"comment_status":"closed","ping_status":"open","template":"","meta":{"_monsterinsights_skip_tracking":false,"_monsterinsights_sitenote_active":false,"_monsterinsights_sitenote_note":"","_monsterinsights_sitenote_category":0,"footnotes":""},"class_list":["post-1499","page","type-page","status-publish","hentry","nodate","item-wrap"],"jetpack_sharing_enabled":true,"_links":{"self":[{"href":"https:\/\/xn--skuggorfrndetfrflutna-02b01b.se\/index.php?rest_route=\/wp\/v2\/pages\/1499","targetHints":{"allow":["GET"]}}],"collection":[{"href":"https:\/\/xn--skuggorfrndetfrflutna-02b01b.se\/index.php?rest_route=\/wp\/v2\/pages"}],"about":[{"href":"https:\/\/xn--skuggorfrndetfrflutna-02b01b.se\/index.php?rest_route=\/wp\/v2\/types\/page"}],"author":[{"embeddable":true,"href":"https:\/\/xn--skuggorfrndetfrflutna-02b01b.se\/index.php?rest_route=\/wp\/v2\/users\/1"}],"replies":[{"embeddable":true,"href":"https:\/\/xn--skuggorfrndetfrflutna-02b01b.se\/index.php?rest_route=%2Fwp%2Fv2%2Fcomments&post=1499"}],"version-history":[{"count":1,"href":"https:\/\/xn--skuggorfrndetfrflutna-02b01b.se\/index.php?rest_route=\/wp\/v2\/pages\/1499\/revisions"}],"predecessor-version":[{"id":1501,"href":"https:\/\/xn--skuggorfrndetfrflutna-02b01b.se\/index.php?rest_route=\/wp\/v2\/pages\/1499\/revisions\/1501"}],"wp:attachment":[{"href":"https:\/\/xn--skuggorfrndetfrflutna-02b01b.se\/index.php?rest_route=%2Fwp%2Fv2%2Fmedia&parent=1499"}],"curies":[{"name":"wp","href":"https:\/\/api.w.org\/{rel}","templated":true}]}}