{"id":747,"date":"2014-02-08T06:58:11","date_gmt":"2014-02-08T06:58:11","guid":{"rendered":"http:\/\/xn--skuggorfrndetfrflutna-02b01b.se\/?page_id=747"},"modified":"2014-02-25T18:37:23","modified_gmt":"2014-02-25T18:37:23","slug":"skolans-laroplan","status":"publish","type":"page","link":"http:\/\/xn--skuggorfrndetfrflutna-02b01b.se\/?page_id=747","title":{"rendered":"Grundskolans l\u00e4roplan"},"content":{"rendered":"<h2>Lgr 11, \u00e5r. 7-9<\/h2>\n<p><strong>I styrdokumenten anges att<\/strong>\u00a0undervisningen i \u00e4mnet historia ska stimulera elevernas nyfikenhet p\u00e5 historia och bidra till att de utvecklar kunskaper om hur vi kan veta n\u00e5got om det f\u00f6rflutna genom historiskt k\u00e4llmaterial och m\u00f6ten med platser och m\u00e4nniskors ber\u00e4ttelser. Eleverna ska genom undervisningen \u00e4ven ges f\u00f6ruts\u00e4ttningar att utveckla f\u00f6rm\u00e5gan att st\u00e4lla fr\u00e5gor till och v\u00e4rdera k\u00e4llor som ligger till grund f\u00f6r historisk kunskap. Undervisningen ska vidare bidra till att eleverna utvecklar f\u00f6rst\u00e5else f\u00f6r att varje tids m\u00e4nniskor m\u00e5ste bed\u00f6mas utifr\u00e5n sin samtids villkor och v\u00e4rderingar.<\/p>\n<p>Undervisningen ska ocks\u00e5 bidra till att eleverna utvecklar f\u00f6rst\u00e5else f\u00f6r hur historiska ber\u00e4ttelser anv\u00e4nds i samh\u00e4llet och i vardagslivet. D\u00e4rigenom ska eleverna f\u00e5 olika perspektiv p\u00e5 sina egna och andras identiteter, v\u00e4rderingar och f\u00f6rest\u00e4llningar.<\/p>\n<p><strong>I styrdokumenten anges att<\/strong>\u00a0undervisningen i \u00e4mnet samh\u00e4llskunskap ska ge eleverna verktyg att hantera information i vardagsliv och studier och kunskaper om hur man s\u00f6ker och v\u00e4rderar information fr\u00e5n olika k\u00e4llor.<\/p>\n<p>K\u00e4lla: Fr\u00e5n projektets hemsida hos Levande Historia<\/p>\n","protected":false},"excerpt":{"rendered":"<p>Lgr 11, \u00e5r. 7-9 I styrdokumenten anges att\u00a0undervisningen i \u00e4mnet historia ska stimulera elevernas nyfikenhet p\u00e5 historia och bidra till att de utvecklar kunskaper om hur vi kan veta n\u00e5got om det f\u00f6rflutna genom historiskt k\u00e4llmaterial och m\u00f6ten med platser och m\u00e4nniskors ber\u00e4ttelser. Eleverna ska genom undervisningen \u00e4ven ges f\u00f6ruts\u00e4ttningar att utveckla f\u00f6rm\u00e5gan att st\u00e4lla &hellip; <\/p>\n<p><a class=\"more-link btn\" href=\"http:\/\/xn--skuggorfrndetfrflutna-02b01b.se\/?page_id=747\">Forts\u00e4tt l\u00e4sa<\/a><\/p>\n","protected":false},"author":1,"featured_media":0,"parent":0,"menu_order":0,"comment_status":"closed","ping_status":"open","template":"","meta":{"_monsterinsights_skip_tracking":false,"_monsterinsights_sitenote_active":false,"_monsterinsights_sitenote_note":"","_monsterinsights_sitenote_category":0,"footnotes":""},"class_list":["post-747","page","type-page","status-publish","hentry","nodate","item-wrap"],"jetpack_sharing_enabled":true,"_links":{"self":[{"href":"http:\/\/xn--skuggorfrndetfrflutna-02b01b.se\/index.php?rest_route=\/wp\/v2\/pages\/747","targetHints":{"allow":["GET"]}}],"collection":[{"href":"http:\/\/xn--skuggorfrndetfrflutna-02b01b.se\/index.php?rest_route=\/wp\/v2\/pages"}],"about":[{"href":"http:\/\/xn--skuggorfrndetfrflutna-02b01b.se\/index.php?rest_route=\/wp\/v2\/types\/page"}],"author":[{"embeddable":true,"href":"http:\/\/xn--skuggorfrndetfrflutna-02b01b.se\/index.php?rest_route=\/wp\/v2\/users\/1"}],"replies":[{"embeddable":true,"href":"http:\/\/xn--skuggorfrndetfrflutna-02b01b.se\/index.php?rest_route=%2Fwp%2Fv2%2Fcomments&post=747"}],"version-history":[{"count":4,"href":"http:\/\/xn--skuggorfrndetfrflutna-02b01b.se\/index.php?rest_route=\/wp\/v2\/pages\/747\/revisions"}],"predecessor-version":[{"id":1121,"href":"http:\/\/xn--skuggorfrndetfrflutna-02b01b.se\/index.php?rest_route=\/wp\/v2\/pages\/747\/revisions\/1121"}],"wp:attachment":[{"href":"http:\/\/xn--skuggorfrndetfrflutna-02b01b.se\/index.php?rest_route=%2Fwp%2Fv2%2Fmedia&parent=747"}],"curies":[{"name":"wp","href":"https:\/\/api.w.org\/{rel}","templated":true}]}}