{"id":586,"date":"2013-09-18T18:19:01","date_gmt":"2013-09-18T18:19:01","guid":{"rendered":"http:\/\/xn--skuggorfrndetfrflutna-02b01b.se\/?page_id=586"},"modified":"2013-09-18T18:19:01","modified_gmt":"2013-09-18T18:19:01","slug":"auschwitz-3","status":"publish","type":"page","link":"http:\/\/xn--skuggorfrndetfrflutna-02b01b.se\/?page_id=586","title":{"rendered":"Auschwitz"},"content":{"rendered":"<p style=\"text-align: left;\" align=\"center\">KZ Auschwitz var Nazitysklands st\u00f6rsta koncentration och f\u00f6rintelse-l\u00e4ger. Det var verksamt fr\u00e5n 1940 till januari 1945. Majoriteten av dom som m\u00f6tte sin d\u00f6d i Auschwitz var judar men det dog \u00e4ven m\u00e5nga andra till exempel handikappade, homosexuella, polacker, romer mm. Auschwitz bestod av tre huvudl\u00e4ger: Auschwitz I, koncentrationsl\u00e4ger och l\u00e4grets administrativa centrum. Auschwitz II-Birkenau, Koncentrationsl\u00e4ger och f\u00f6rintelsel\u00e4ger. Auschwitz III-Monowitz, arbetsl\u00e4ger.<\/p>\n<p>\u00a01940 var Auschwitz fr\u00e4mst koncentrationsl\u00e4ger. I b\u00f6rjan av 1942 b\u00f6rjade gaskamrarna anv\u00e4ndas och det blev ett f\u00f6rintelsel\u00e4ger ocks\u00e5. Det var d\u00e5 man b\u00f6rjade med utrotningen av judar som Hitler kallade \u201dden slutgiltiga l\u00f6sningen\u201d. Han skulle f\u00f6rinta alla judar i hela Europa p\u00e5 grund av att enligt honom var judar inte lika mycket v\u00e4rda som \u201dicke judar\u201d. I gaskamrarna anv\u00e4nde tyskarna Zyklon B och sommaren 1944 kunde tyskarna m\u00f6rda upp till 10\u00a0000 m\u00e4nniskor om dagen.<\/p>\n<p>N\u00e4r man anl\u00e4nde till Auschwitz blev man sorterad. Alla f\u00e5ngar st\u00e4llde upp sig p\u00e5 led och en SS-l\u00e4kare stod l\u00e4ngst fram och n\u00e4r man kom fram till honom pekade han \u00e5t h\u00f6ger eller v\u00e4nster. V\u00e4nstra k\u00f6n ledde mot d\u00f6den in i gaskammaren och den h\u00f6gra till arbetsl\u00e4gret och det var n\u00e4stan alla som hamnade i v\u00e4nstra k\u00f6n. Sammanlagt dog det ca 2 500 000 m\u00e4nniskor i Auschwitz och 1 000 000 av dom var judar. Dock \u00e4r dom h\u00e4r siffrorna inte helt s\u00e4kra. M\u00e5nga tusen kom till arbetsl\u00e4ger och dem flesta dog d\u00e4r ocks\u00e5. 1943 blev SS-l\u00e4karen Joseph Mengele chefsl\u00e4kare i Auschwitz. Han genomf\u00f6rde fruktansv\u00e4rda experiment p\u00e5 utvalda f\u00e5ngar, speciellt Judar och romer. F\u00e5ngarna fick olika smitto\u00e4mnen och gifter injicerade i kroppen, kroppsdelar amputerade, \u00f6gonen bortfr\u00e4tta med syra och mycket mer!<\/p>\n<p>Hygienen var inte bra f\u00f6r det var mycket sjukdomar som spred sig och m\u00e4nniskor l\u00e5g d\u00f6da \u00f6verallt. 1945 fick man inte ha sina egna kl\u00e4der utan man fick kl\u00e4der n\u00e4r man kom dit och dom skulle r\u00e4cka under hela vistelsen i Auschwitz. Det gick inte en dag utan att massor med f\u00e5ngar blev misshandlade och torterade av l\u00e4gervakterna.<\/p>\n<p>Alla &#8221;v\u00e5ra kvinnor&#8221; har varit i Auschwitz men de blev r\u00e4ddade av dem Vita bussarna, R\u00f6da korset och UNRRA vid krigsslutet i norra Tyskland.<\/p>\n<p>K\u00e4lla: Wikipedia, www.levandehistoria.se<\/p>\n<p>Av: Agnes Stahle 9f, vt 2012<\/p>\n","protected":false},"excerpt":{"rendered":"<p>KZ Auschwitz var Nazitysklands st\u00f6rsta koncentration och f\u00f6rintelse-l\u00e4ger. Det var verksamt fr\u00e5n 1940 till januari 1945. Majoriteten av dom som m\u00f6tte sin d\u00f6d i Auschwitz var judar men det dog \u00e4ven m\u00e5nga andra till exempel handikappade, homosexuella, polacker, romer mm. Auschwitz bestod av tre huvudl\u00e4ger: Auschwitz I, koncentrationsl\u00e4ger och l\u00e4grets administrativa centrum. Auschwitz II-Birkenau, Koncentrationsl\u00e4ger &hellip; <\/p>\n<p><a class=\"more-link btn\" href=\"http:\/\/xn--skuggorfrndetfrflutna-02b01b.se\/?page_id=586\">Forts\u00e4tt l\u00e4sa<\/a><\/p>\n","protected":false},"author":1,"featured_media":0,"parent":0,"menu_order":0,"comment_status":"closed","ping_status":"open","template":"","meta":{"_monsterinsights_skip_tracking":false,"_monsterinsights_sitenote_active":false,"_monsterinsights_sitenote_note":"","_monsterinsights_sitenote_category":0,"footnotes":""},"class_list":["post-586","page","type-page","status-publish","hentry","nodate","item-wrap"],"jetpack_sharing_enabled":true,"_links":{"self":[{"href":"http:\/\/xn--skuggorfrndetfrflutna-02b01b.se\/index.php?rest_route=\/wp\/v2\/pages\/586","targetHints":{"allow":["GET"]}}],"collection":[{"href":"http:\/\/xn--skuggorfrndetfrflutna-02b01b.se\/index.php?rest_route=\/wp\/v2\/pages"}],"about":[{"href":"http:\/\/xn--skuggorfrndetfrflutna-02b01b.se\/index.php?rest_route=\/wp\/v2\/types\/page"}],"author":[{"embeddable":true,"href":"http:\/\/xn--skuggorfrndetfrflutna-02b01b.se\/index.php?rest_route=\/wp\/v2\/users\/1"}],"replies":[{"embeddable":true,"href":"http:\/\/xn--skuggorfrndetfrflutna-02b01b.se\/index.php?rest_route=%2Fwp%2Fv2%2Fcomments&post=586"}],"version-history":[{"count":1,"href":"http:\/\/xn--skuggorfrndetfrflutna-02b01b.se\/index.php?rest_route=\/wp\/v2\/pages\/586\/revisions"}],"predecessor-version":[{"id":588,"href":"http:\/\/xn--skuggorfrndetfrflutna-02b01b.se\/index.php?rest_route=\/wp\/v2\/pages\/586\/revisions\/588"}],"wp:attachment":[{"href":"http:\/\/xn--skuggorfrndetfrflutna-02b01b.se\/index.php?rest_route=%2Fwp%2Fv2%2Fmedia&parent=586"}],"curies":[{"name":"wp","href":"https:\/\/api.w.org\/{rel}","templated":true}]}}