{"id":574,"date":"2013-09-18T18:05:59","date_gmt":"2013-09-18T18:05:59","guid":{"rendered":"http:\/\/xn--skuggorfrndetfrflutna-02b01b.se\/?page_id=574"},"modified":"2018-01-04T12:21:11","modified_gmt":"2018-01-04T12:21:11","slug":"leokardia-d-2","status":"publish","type":"page","link":"http:\/\/xn--skuggorfrndetfrflutna-02b01b.se\/?page_id=574","title":{"rendered":"Leokardia D."},"content":{"rendered":"<p style=\"text-align: justify;\">Leokardia f\u00f6ddes 17 december 1903 och \u00e4r dotter till advokaten Marian Dabrowski och dennes hustru vid namn Antonia Dwornikow, (b\u00e5da d\u00f6da). Hon har en syster vid namn Ola Benton, f\u00f6dd 1906, boende i New York. Leokardia \u00e4r uppv\u00e4xt i f\u00f6r\u00e4ldrahemmet. Hon har g\u00e5tt 8 \u00e5r i folkskola och gymnasium, d\u00e4refter 1 \u00e5r i musikkonservatorium, d\u00e4refter fortsatt utbildning till pianist hos musikprofessor Alexander Michalowski.<\/p>\n<p style=\"text-align: justify;\">Hon bek\u00e4nner den romersk katolska religionen. Hon har givit pianolektioner och konserter p\u00e5 flertal platser inom Polen. Hon \u00e4r ostraffad, har ingen politisk inst\u00e4llning och \u00e4r inte medlem i n\u00e5gon politisk organisation. Hon p\u00e5st\u00e5r att hon inte har n\u00e5got intresse inom politik. Allt enligt polisf\u00f6rh\u00f6r. Leokardia blev tv\u00e5ngsevakuerad fr\u00e5n Warszawa i augusti 1944 av tyskarna och f\u00f6rd till koncentrationsl\u00e4gret Ravensbr\u00fcck i Tyskland. Efter tv\u00e5 veckors vistelse i Ravensbr\u00fcck blev hon f\u00f6rd till ett nytt koncentrationsl\u00e4ger vid K\u00f6ningsberg, d\u00e4r hon tv\u00e5ngsarbetade p\u00e5 ett flygf\u00e4ltet. H\u00e4rifr\u00e5n blev hon senare \u00e5ter f\u00f6rd till Ravensbr\u00fcck, i samband med att R\u00f6da arm\u00e9n n\u00e4rmade sig K\u00f6ningsberg. Hon vistades denna g\u00e5ng i Ravensbr\u00fcck i omkring 2 m\u00e5nader. D\u00e4refter blev hon f\u00f6rd till Sverige av Svenska R\u00f6da korset genom de vita bussarna.<\/p>\n<p style=\"text-align: justify;\">Efter friskf\u00f6rklaring ger hon pianolektioner i \u00d6rebro och kommer att gifta sig med en svensk man.<\/p>\n<p style=\"text-align: justify;\">K\u00e4lla: Dossier Utl\u00e4nningskommissionen, Riksarkivet<\/p>\n<p style=\"text-align: justify;\">Av: Anton Jonsson 9F, vt 2012<\/p>\n","protected":false},"excerpt":{"rendered":"<p>Leokardia f\u00f6ddes 17 december 1903 och \u00e4r dotter till advokaten Marian Dabrowski och dennes hustru vid namn Antonia Dwornikow, (b\u00e5da d\u00f6da). Hon har en syster vid namn Ola Benton, f\u00f6dd 1906, boende i New York. Leokardia \u00e4r uppv\u00e4xt i f\u00f6r\u00e4ldrahemmet. Hon har g\u00e5tt 8 \u00e5r i folkskola och gymnasium, d\u00e4refter 1 \u00e5r i musikkonservatorium, d\u00e4refter &hellip; <\/p>\n<p><a class=\"more-link btn\" href=\"http:\/\/xn--skuggorfrndetfrflutna-02b01b.se\/?page_id=574\">Forts\u00e4tt l\u00e4sa<\/a><\/p>\n","protected":false},"author":1,"featured_media":0,"parent":0,"menu_order":0,"comment_status":"closed","ping_status":"open","template":"","meta":{"_monsterinsights_skip_tracking":false,"_monsterinsights_sitenote_active":false,"_monsterinsights_sitenote_note":"","_monsterinsights_sitenote_category":0,"footnotes":""},"class_list":["post-574","page","type-page","status-publish","hentry","nodate","item-wrap"],"jetpack_sharing_enabled":true,"_links":{"self":[{"href":"http:\/\/xn--skuggorfrndetfrflutna-02b01b.se\/index.php?rest_route=\/wp\/v2\/pages\/574","targetHints":{"allow":["GET"]}}],"collection":[{"href":"http:\/\/xn--skuggorfrndetfrflutna-02b01b.se\/index.php?rest_route=\/wp\/v2\/pages"}],"about":[{"href":"http:\/\/xn--skuggorfrndetfrflutna-02b01b.se\/index.php?rest_route=\/wp\/v2\/types\/page"}],"author":[{"embeddable":true,"href":"http:\/\/xn--skuggorfrndetfrflutna-02b01b.se\/index.php?rest_route=\/wp\/v2\/users\/1"}],"replies":[{"embeddable":true,"href":"http:\/\/xn--skuggorfrndetfrflutna-02b01b.se\/index.php?rest_route=%2Fwp%2Fv2%2Fcomments&post=574"}],"version-history":[{"count":2,"href":"http:\/\/xn--skuggorfrndetfrflutna-02b01b.se\/index.php?rest_route=\/wp\/v2\/pages\/574\/revisions"}],"predecessor-version":[{"id":3356,"href":"http:\/\/xn--skuggorfrndetfrflutna-02b01b.se\/index.php?rest_route=\/wp\/v2\/pages\/574\/revisions\/3356"}],"wp:attachment":[{"href":"http:\/\/xn--skuggorfrndetfrflutna-02b01b.se\/index.php?rest_route=%2Fwp%2Fv2%2Fmedia&parent=574"}],"curies":[{"name":"wp","href":"https:\/\/api.w.org\/{rel}","templated":true}]}}