{"id":436,"date":"2013-09-12T20:03:09","date_gmt":"2013-09-12T20:03:09","guid":{"rendered":"http:\/\/xn--skuggorfrndetfrflutna-02b01b.se\/?page_id=436"},"modified":"2017-11-21T20:24:08","modified_gmt":"2017-11-21T20:24:08","slug":"elevernas-roster","status":"publish","type":"page","link":"http:\/\/xn--skuggorfrndetfrflutna-02b01b.se\/?page_id=436","title":{"rendered":"Eleverna om studieresa"},"content":{"rendered":"<p><strong>Elevr\u00f6ster om studieresan 2010:<\/strong><\/p>\n<p>\u201dInnan vi \u00e5kte till Polen s\u00e5 hade i alla fall inte jag \u201dfattat\u201d att allt detta hade h\u00e4nt, \u00e4ven om jag visste att det hade h\u00e4nt. Jag t\u00e4nkte att allt \u00e4r bara en slags ber\u00e4ttelse, eller att allting \u00e4r v\u00e4ldigt \u00f6verdrivet, men s\u00e5 kom vi dit, till Auschwitz. Jag vart chockad, och jag fick en f\u00f6rklaring i mitt huvud att allt detta faktisk \u00e4r sant. Men \u00e4nnu v\u00e4rre \u00e4n vad man kan ber\u00e4tta med ord. Att vara d\u00e4r hj\u00e4lper en att f\u00f6rst\u00e5.<\/p>\n<p>Jag tror att f\u00f6rintelsen har gjort m\u00e4nniskorna lite r\u00e4ddare. F\u00f6r innan s\u00e5 t\u00e4nkte att ingen skulle kunna komma p\u00e5 n\u00e5got s\u00e5 hemskt som ett folkmord, eller utrotning av en \u201dm\u00e4nniskosort\u201d. Hur ska samh\u00e4llet vara? Ska vem som helst f\u00e5 komma in i landet? Nej, eftersom att Hitler inte tyckte det, eller att han inte ville\u00a0ha n\u00e5gra judar kvar alls, s\u00e5 tror jag att m\u00e5nga ville tycka likadant. Den finns kvar \u00e4nnu i dag, nazismen eller rasismen. Den ska vi akta oss f\u00f6r.<\/p>\n<p>Genom en studieresa upplever man p\u00e5 n\u00e5got s\u00e4tt historien, man l\u00e4r sig b\u00e4ttre. Det var en resa som i alla fall gav mig nya tankar och funderingar. S\u00e5 att man f\u00f6rst\u00e5r att det verkligen har h\u00e4nt. Se allting med egna \u00f6gon, att j\u00e4mf\u00f6ra med bilder fr\u00e5n f\u00f6rr. Det finns inget d\u00e5ligt med s\u00e5dana h\u00e4r studieresor. Att en elev har kunskap om hur, var och n\u00e4r f\u00f6rintelsen \u00e4gde rum \u00e4r bra, men att f\u00e5 \u201dk\u00e4nna\u201d historien \u00e4r s\u00e5 mycket b\u00e4ttre.\u201d<\/p>\n<p><em>Clara, 16 \u00e5r<\/em><\/p>\n<p>&nbsp;<\/p>\n<p>\u201dEfter resan i Polen s\u00e5 kunde man se mer framf\u00f6r sig hur det verkligen var. Vi fick se husen och kvarteren m\u00e4nniskorna levde i. Det stora l\u00e4geromr\u00e5det d\u00e4r m\u00e4nniskorna f\u00f6rs\u00f6kte \u00f6verleva, att vi har varit d\u00e4r det verkligen h\u00e4nde det \u00e4r helt sjukt (ofattbart ist\u00e4llet?)! Min tanke om f\u00f6rintelsen och folkmord har \u00e4ndrats helt efter Polen. F\u00f6r nu har jag sett verkligheten, jag har p\u00e5 n\u00e5got s\u00e4tt f\u00e5tt k\u00e4nna de h\u00f6ga st\u00e4ngslen, jag har f\u00e5tt se \u201ds\u00e4ngarna\u201d som m\u00e4nniskorna f\u00f6rs\u00f6kte sova i p\u00e5 n\u00e4tterna, jag har sett allt jag beh\u00f6ver se. Vilket g\u00f6r att man nu l\u00e4ttare f\u00f6rst\u00e5r mer hur det var f\u00f6r de stackars m\u00e4nniskorna. Att vara d\u00e4r v\u00e4cker k\u00e4nslor! Att f\u00e5 se med egna \u00f6gon, platser d\u00e4r alla hemskheter \u00e4gt rum tycker jag k\u00e4nns mycket mer i kroppen och hj\u00e4rtat \u00e4n jag hade trott. Jag tycker alla elever b\u00f6r f\u00e5 \u00e5ka dit.\u00a0\u00a0Det \u00e4r en viktig sak att ungdomar l\u00e4r sig att detta aldrig ska h\u00e4nda igen! Jag har l\u00e4rt mig \u201dALDRIG IGEN.<\/p>\n<p>Ungdomar och elever ska \u00e5ka p\u00e5 s\u00e5dana h\u00e4r studieresor f\u00f6r att l\u00e4ra och se verkligheten. Det \u00e4r inte bara elever som ska \u00e5ka, alla ska \u00e5ka f\u00f6r att se och l\u00e4ra. F\u00f6r n\u00e4r man \u00e4r d\u00e4r k\u00e4nner man av allt, man k\u00e4nner energin runtomkring platserna, man k\u00e4nner sig ledsen men \u00e4nd\u00e5 glad att det \u00e4r \u00f6ver. N\u00e4r man f\u00e5r se \u201dSaunan\u201d med flera hundra bilder p\u00e5 barn och vuxna som d\u00f6tt d\u00e5 det \u00e4r d\u00e5 man f\u00f6rst\u00e5r det p\u00e5 riktigt. N\u00e4r man f\u00e5r se allt h\u00e5r, alla skor, alla v\u00e4skor, alla skedar, allt som har varit d\u00e4r inne d\u00e5 f\u00f6rst\u00e5r man verkligen hur m\u00e5nga som lidit och hur m\u00e5nga som d\u00f6tt. N\u00e4r man st\u00e5r mitt i l\u00e4gret kan man blunda och t\u00e4nka att det var som en sj\u00e4lv var d\u00e4r inne just d\u00e5 och inte kom ut till sina n\u00e4ra och k\u00e4ra. Det ser inte likadant ut, det \u00e4r renare innanf\u00f6r st\u00e4ngslet, men det \u00e4r precis d\u00e4r det h\u00e4nde f\u00f6r n\u00e5gra \u00e5r sedan. Det var inte l\u00e4ngesedan egentligen, det \u00e4r det som \u00e4r helt sjukt! S\u00e5 mina ord till samh\u00e4llet \u00e4r, \u201d\u00e5k dit\u201d, k\u00e4nn av den hemska k\u00e4nslan att vara d\u00e4r, se hur m\u00e4nniskorna fick leva i n\u00e5gra m\u00e5nader eller dagar beroende p\u00e5 hur l\u00e4nge de klarade sig, se hur de sov, f\u00f6rs\u00f6k f\u00f6rst\u00e5 hur de har lidit, detta \u00e4r n\u00e5got som aldrig mer ska h\u00e4nda, detta \u00e4r n\u00e5got vi m\u00e5ste f\u00f6ra vidare till barn och barnbarn s\u00e5 att alla verkligen f\u00f6rst\u00e5r att man inte behandlar andra m\u00e4nniskor som ohyra. \u201d\u00c5k dit!\u201d Det g\u00e5r inte att gl\u00f6mma.\u201d<\/p>\n<p><em><span style=\"font-family: Garamond; font-size: medium;\">Lina, 16 \u00e5r<\/span><\/em><\/p>\n<p>&nbsp;<\/p>\n<p>\u201dStudieresan p\u00e5verkade min syn p\u00e5 f\u00f6rintelsen genom allt vi fick se och verkligen f\u00f6rst\u00e5 dessa hemska folkmord som \u00e4gde rum h\u00e4r. I Polen ser man fortfarande sp\u00e5r av vad som h\u00e4nde p\u00e5 gamla hus, monument och s\u00e5klart alla dessa judiska gravar som nu inte har n\u00e5gon som tar hand om dem l\u00e4ngre. Effekten i Europa \u00e4r att det \u00e4r n\u00e4stan helt tomt p\u00e5 judar. F\u00f6rintelsen p\u00e5verkade samh\u00e4llena genom att man utrotade ett helt folk, m\u00e4nniskor, familjer bara f\u00f6rsvann. F\u00f6rintelsen har h\u00e4nt, kan h\u00e4nda p\u00e5 n\u00e5got s\u00e4tt igen och d\u00e4rf\u00f6r m\u00e5ste vi l\u00e4ra oss om detta idag.<\/p>\n<p>Alla elever b\u00f6r \u00e5ka p\u00e5 en s\u00e5dan h\u00e4r resa f\u00f6r man m\u00e5ste vara d\u00e4r f\u00f6r att verkligen f\u00f6rst\u00e5 vad som har h\u00e4nt. Och om vi inte visar folk vad som har h\u00e4nt d\u00e4r i verkligheten ist\u00e4llet f\u00f6r p\u00e5 bilder s\u00e5 kommer folk f\u00f6rmodligen snart b\u00f6rja tvivla p\u00e5 att det h\u00e4r har h\u00e4nt, och det f\u00e5r inte h\u00e4nda. Det \u00e4r \u00e4ven en mycket bra resa p\u00e5 andra s\u00e4tt f\u00f6r en klass. S\u00e5 jag s\u00e4ger att det h\u00e4r \u00e4r n\u00e5got alla ska g\u00f6ra.\u201d<\/p>\n<p><span style=\"font-family: Garamond; font-size: medium;\">\u00a0<\/span><em><span style=\"font-family: Garamond; font-size: medium;\">Robin, 16 \u00e5r<\/span><\/em><\/p>\n<p><span style=\"font-family: Garamond; font-size: medium;\">\u00a0<\/span><\/p>\n<p><span style=\"font-family: Garamond; font-size: medium;\">\u00a0&#8221;<\/span>N\u00e4r man \u00e5kte dit s\u00e5 fick man k\u00e4nslan och f\u00f6rstod mer vad det var som hade h\u00e4nt \u00e4n n\u00e4r man l\u00e4ser om det. Men det var inte l\u00e4tt att f\u00f6rst\u00e5 vad det var som hade h\u00e4nt just p\u00e5 den platsen. Kunna fatta hur stort och omfattande det verkligen var och hur m\u00e5nga som hade d\u00f6tt p\u00e5 en och samma plats. Och det \u00e4r \u00e4nnu sv\u00e5rare att f\u00f6rst\u00e5 hur nazisterna kan ha kunnat f\u00e5 med sig alla m\u00e4nniskor p\u00e5 Hitlers id\u00e9er.<\/p>\n<p>Det \u00e4r bra f\u00f6r att eleverna f\u00e5r en verkligare k\u00e4nsla f\u00f6r vad som har h\u00e4nt, annars kan det vara sv\u00e5rt att uppfatta hur omfattande h\u00e4ndelsen var, och n\u00e4r man v\u00e4l \u00e4r med p\u00e5 studieresan s\u00e5 l\u00e4r man sig mycket mer n\u00e4r man f\u00e5r se sakerna i verkligheten.\u201d<\/p>\n<p><em><span style=\"font-family: Garamond; font-size: medium;\">Erik, 15 \u00e5r<\/span><\/em><\/p>\n","protected":false},"excerpt":{"rendered":"<p>Elevr\u00f6ster om studieresan 2010: \u201dInnan vi \u00e5kte till Polen s\u00e5 hade i alla fall inte jag \u201dfattat\u201d att allt detta hade h\u00e4nt, \u00e4ven om jag visste att det hade h\u00e4nt. Jag t\u00e4nkte att allt \u00e4r bara en slags ber\u00e4ttelse, eller att allting \u00e4r v\u00e4ldigt \u00f6verdrivet, men s\u00e5 kom vi dit, till Auschwitz. Jag vart chockad, &hellip; <\/p>\n<p><a class=\"more-link btn\" href=\"http:\/\/xn--skuggorfrndetfrflutna-02b01b.se\/?page_id=436\">Forts\u00e4tt l\u00e4sa<\/a><\/p>\n","protected":false},"author":1,"featured_media":0,"parent":0,"menu_order":0,"comment_status":"closed","ping_status":"open","template":"","meta":{"_monsterinsights_skip_tracking":false,"_monsterinsights_sitenote_active":false,"_monsterinsights_sitenote_note":"","_monsterinsights_sitenote_category":0,"footnotes":""},"class_list":["post-436","page","type-page","status-publish","hentry","nodate","item-wrap"],"jetpack_sharing_enabled":true,"_links":{"self":[{"href":"http:\/\/xn--skuggorfrndetfrflutna-02b01b.se\/index.php?rest_route=\/wp\/v2\/pages\/436","targetHints":{"allow":["GET"]}}],"collection":[{"href":"http:\/\/xn--skuggorfrndetfrflutna-02b01b.se\/index.php?rest_route=\/wp\/v2\/pages"}],"about":[{"href":"http:\/\/xn--skuggorfrndetfrflutna-02b01b.se\/index.php?rest_route=\/wp\/v2\/types\/page"}],"author":[{"embeddable":true,"href":"http:\/\/xn--skuggorfrndetfrflutna-02b01b.se\/index.php?rest_route=\/wp\/v2\/users\/1"}],"replies":[{"embeddable":true,"href":"http:\/\/xn--skuggorfrndetfrflutna-02b01b.se\/index.php?rest_route=%2Fwp%2Fv2%2Fcomments&post=436"}],"version-history":[{"count":7,"href":"http:\/\/xn--skuggorfrndetfrflutna-02b01b.se\/index.php?rest_route=\/wp\/v2\/pages\/436\/revisions"}],"predecessor-version":[{"id":3220,"href":"http:\/\/xn--skuggorfrndetfrflutna-02b01b.se\/index.php?rest_route=\/wp\/v2\/pages\/436\/revisions\/3220"}],"wp:attachment":[{"href":"http:\/\/xn--skuggorfrndetfrflutna-02b01b.se\/index.php?rest_route=%2Fwp%2Fv2%2Fmedia&parent=436"}],"curies":[{"name":"wp","href":"https:\/\/api.w.org\/{rel}","templated":true}]}}