{"id":423,"date":"2013-09-12T19:42:04","date_gmt":"2013-09-12T19:42:04","guid":{"rendered":"http:\/\/xn--skuggorfrndetfrflutna-02b01b.se\/?page_id=423"},"modified":"2018-01-01T19:50:18","modified_gmt":"2018-01-01T19:50:18","slug":"litteratur","status":"publish","type":"page","link":"http:\/\/xn--skuggorfrndetfrflutna-02b01b.se\/?page_id=423","title":{"rendered":"K\u00e4llor"},"content":{"rendered":"<p>Litteratur och film &#8211; st\u00e4ndigt under konstruktion<\/p>\n<table width=\"719\">\n<tbody>\n<tr>\n<td width=\"254\"><strong>Litteratur<\/strong><\/td>\n<td width=\"427\"><strong>\u00a0<\/strong><\/td>\n<td width=\"38\"><strong>\u00a0<\/strong><\/td>\n<\/tr>\n<tr>\n<td><strong>F\u00f6rfattare<\/strong><\/td>\n<td><strong>Titel<\/strong><\/td>\n<td><strong>\u00c5rtal<\/strong><\/td>\n<\/tr>\n<tr>\n<td><strong>Om Sverige<\/strong><\/td>\n<td><\/td>\n<td><\/td>\n<\/tr>\n<tr>\n<td>Andersson, Lars M ed.<\/td>\n<td>En problematisk relation? Flyktingpolitik och judiska flyktingar\u2026<\/td>\n<td>2008<\/td>\n<\/tr>\n<tr>\n<td>Bogatic, Wirginia<\/td>\n<td>Exilens dilemma: stanna eller att \u00e5terv\u00e4nda? Beslut i Sverige\u2026<\/td>\n<td>2011<\/td>\n<\/tr>\n<tr>\n<td>Bystr\u00f6m, Mikael<\/td>\n<td>En border,g\u00e4st och parasit &#8211; Upfattningar och f\u00f6rest\u00e4llningar\u2026<\/td>\n<td>2006<\/td>\n<\/tr>\n<tr>\n<td>Bystr\u00f6m, Mikael<\/td>\n<td>Utmaningen &#8211; Den svenska v\u00e4lf\u00e4rdsstatens m\u00f6te med\u2026<\/td>\n<td>2012<\/td>\n<\/tr>\n<tr>\n<td>Gottfarb, Inga<\/td>\n<td>Den livsfarliga gl\u00f6mskan \u00d6verlevande ber\u00e4ttar och v\u00e4gen\u2026<\/td>\n<td>2006<\/td>\n<\/tr>\n<tr>\n<td>Kvist-Geverts, Karin<\/td>\n<td>Ett fr\u00e4mmande element i nationen. Svensk flyktingpolitik och \u2026<\/td>\n<td>2008<\/td>\n<\/tr>\n<tr>\n<td>Landergren, Karin<\/td>\n<td>Flyktingar p\u00e5 Malm\u00f6 museum 1945 &#8211; minnesbilder\u2026<\/td>\n<td>2002<\/td>\n<\/tr>\n<tr>\n<td>Lidegaard, Bo<\/td>\n<td>Redningsmaend &#8211; Skandinavise aktioner for at redde fanger\u2026<\/td>\n<td>2015<\/td>\n<\/tr>\n<tr>\n<td>Malm\u00f6 konstmuseum<\/td>\n<td>Konst i skuggan av kriget- museet som flyktingf\u00f6rl\u00e4ggning<\/td>\n<td>2015<\/td>\n<\/tr>\n<tr>\n<td>Olsson, Lars<\/td>\n<td>P\u00e5 tr\u00f6skeln till Folkhemmet<\/td>\n<td>1995<\/td>\n<\/tr>\n<tr>\n<td>Rudberg, Pontus<\/td>\n<td>The Swedish Jews and the victims of nazi terror 1933-45<\/td>\n<td>2015<\/td>\n<\/tr>\n<tr>\n<td>Sterner Carlberg, Mirjam<\/td>\n<td>Gemenskap och \u00f6verlevnad &#8211; om den judiska gruppen i Bor\u00e5s&#8230;<\/td>\n<td>1994<\/td>\n<\/tr>\n<tr>\n<td>Tegen, Einar och Gunhild<\/td>\n<td>De d\u00f6dsd\u00f6mda vittna<\/td>\n<td>1945<\/td>\n<\/tr>\n<tr>\n<td>Uggla, Andrzej Nils<\/td>\n<td>I nordlig hamn &#8211; Polacker i Sverige under andra v\u00e4rldskriget<\/td>\n<td>1997<\/td>\n<\/tr>\n<tr>\n<td>\u00c5berg, Lars och Gertten, Magnus<\/td>\n<td>Hoppets hamn &#8211; N\u00e4r \u00f6verlevarna kom till Sverige<\/td>\n<td>2011<\/td>\n<\/tr>\n<tr>\n<td><strong>Om beredskapssjukhus<\/strong><\/td>\n<td><\/td>\n<td><\/td>\n<\/tr>\n<tr>\n<td>Mattsson, Christer<\/td>\n<td>Till Herrhagen klockan 13.24<\/td>\n<td>2008<\/td>\n<\/tr>\n<tr>\n<td><strong>De vita bussarna<\/strong><\/td>\n<td><\/td>\n<td><\/td>\n<\/tr>\n<tr>\n<td>Bernadotte, Folke<\/td>\n<td>Slutet<\/td>\n<td>1945<\/td>\n<\/tr>\n<tr>\n<td>Frykman, Sven<\/td>\n<td>R\u00f6da korsexpeditionen till Tyskland<\/td>\n<td>1945<\/td>\n<\/tr>\n<tr>\n<td>Kilpel\u00e4inen, Juhani<\/td>\n<td>Resan till tv\u00e5lfabriken i Fr\u00e5n Bergslag och bondebygd 1998<\/td>\n<td>1998<\/td>\n<\/tr>\n<tr>\n<td>Lomfors, Ingrid<\/td>\n<td>Blind fl\u00e4ck &#8211; Minne och gl\u00f6mska kring Svenska R\u00f6da korsets\u2026<\/td>\n<td>2005<\/td>\n<\/tr>\n<tr>\n<td>Persson, Sune<\/td>\n<td>&#8221;Vi \u00e5ker till Sverige&#8221; De vita bussarna 1945<\/td>\n<td>2003<\/td>\n<\/tr>\n<tr>\n<td>Rundberg, Gerhard mfl<\/td>\n<td>Rapporet fr\u00e5n Neuengamme<\/td>\n<td>1945<\/td>\n<\/tr>\n<tr>\n<td>Sode-Madsen, Hans<\/td>\n<td>De Hvide Bussar 1941-45, Reddet fra Hitlers helvede<\/td>\n<td>2015<\/td>\n<\/tr>\n<tr>\n<td>Svensson, \u00c5ke<\/td>\n<td>De vita bussarna<\/td>\n<td>1945<\/td>\n<\/tr>\n<tr>\n<td>von Wrochem, Oliver &amp; Jockeck, Lars<\/td>\n<td>Skandinavien im Zweiten Weltkrieg und die Rettungsaktion Weisse Busse<\/td>\n<td>2012<\/td>\n<\/tr>\n<tr>\n<td><strong>\u00d6verlevandeber\u00e4ttelser<\/strong><\/td>\n<td><\/td>\n<td><\/td>\n<\/tr>\n<tr>\n<td>Nelken, Halina<\/td>\n<td>And yet, Iam here!<\/td>\n<td>1999<\/td>\n<\/tr>\n<tr>\n<td>Poltwaska, Wanda<\/td>\n<td>And I am Afraid of my Dreams<\/td>\n<td>2013<\/td>\n<\/tr>\n<tr>\n<td>Rosenberg, G\u00f6ran<\/td>\n<td>Ett kort uppeh\u00e5ll fr\u00e5n Auschwitz<\/td>\n<td>2012<\/td>\n<\/tr>\n<tr>\n<td><strong>Romaner<\/strong><\/td>\n<td><\/td>\n<td><\/td>\n<\/tr>\n<tr>\n<td>Waluszewski, Daniel<\/td>\n<td>Med en blick \u00f6ver axeln<\/td>\n<td>2012<\/td>\n<\/tr>\n<tr>\n<td><strong>Om minne<\/strong><\/td>\n<td><\/td>\n<td><\/td>\n<\/tr>\n<tr>\n<td>Hedgepeth, Sonia M. ed<\/td>\n<td>Sexual violence aagainst Jewish women during the Holocaust<\/td>\n<td>2010<\/td>\n<\/tr>\n<tr>\n<td>Herzog, Dagmar ed.<\/td>\n<td>Brutality and Desire War and sexuality in Europes\u2026<\/td>\n<td>2011<\/td>\n<\/tr>\n<tr>\n<td>Kaplan, Suzanne<\/td>\n<td>Barn under F\u00f6rintelsen &#8211; d\u00e5 och nu<\/td>\n<td>2003<\/td>\n<\/tr>\n<tr>\n<td>Langer, Lewrence L.<\/td>\n<td>Holocaust testimonies<\/td>\n<td>1991<\/td>\n<\/tr>\n<tr>\n<td><strong>Olika l\u00e4ger och getton<\/strong><\/td>\n<td><\/td>\n<td><\/td>\n<\/tr>\n<tr>\n<td>Bessmann, Alyn och Eschebach, Insa<\/td>\n<td>The Ravensbr\u00fcck Women\u00b4s Concentration Camp<\/td>\n<td>2013<\/td>\n<\/tr>\n<tr>\n<td>Buber Agassi, Judith<\/td>\n<td>Jewish Women Prisoners of Ravensbr\u00fcck<\/td>\n<td>2014<\/td>\n<\/tr>\n<tr>\n<td>Dublon-Knebel, Irith<\/td>\n<td>A Holocaust crossroads &#8211; Jewish women.. in Ravensbr\u00fcck<\/td>\n<td>2010<\/td>\n<\/tr>\n<tr>\n<td>Gutterman, Bella<\/td>\n<td>A Narrow Bridge to life &#8211; Jewish Force labor\u2026 Gross-Rosen&#8230;<\/td>\n<td>2008<\/td>\n<\/tr>\n<tr>\n<td>Helm, Sarah<\/td>\n<td>If this a woman &#8211; Inside Ravensbr\u00fcck\u2026.<\/td>\n<td>2015<\/td>\n<\/tr>\n<tr>\n<td>Jacobeit, Sigrid ed.<\/td>\n<td>&#8221;I Grusse euch als freier Mensch&#8221;<\/td>\n<td>195<\/td>\n<\/tr>\n<tr>\n<td>Rudorff, Andrea<\/td>\n<td>Frauen in den Aussenlagern des Konzentrationslagers Gross-Rosen<\/td>\n<td>2014<\/td>\n<\/tr>\n<tr>\n<td>Saidel, Rochelle G.<\/td>\n<td>The Jewish women of Ravensbr\u00fcck concentration camp<\/td>\n<td>2006<\/td>\n<\/tr>\n<tr>\n<td>Strebel, Bernhard<\/td>\n<td>Das KZ Ravensbr\u00fcck &#8211; Geschichte eines Lagerkomplexes<\/td>\n<td>2003<\/td>\n<\/tr>\n<tr>\n<td>Stteinke, Karolin<\/td>\n<td>Trains to ravensbr\u00fcck- Transport by the Reichsbahn 1939-45<\/td>\n<td>2009<\/td>\n<\/tr>\n<tr>\n<td>von Wrochem, Oliver &amp; Jockeck, Lars<\/td>\n<td>Das Neuengamme und seine Aussenlager<\/td>\n<td>2010<\/td>\n<\/tr>\n<tr>\n<td><strong>Uppslagsverk<\/strong><\/td>\n<td><\/td>\n<td><\/td>\n<\/tr>\n<tr>\n<td>Braham, Randolph L ed.<\/td>\n<td>The Geographical Encyklopedia of the Holocaust in Hungary<\/td>\n<td>2013<\/td>\n<\/tr>\n<tr>\n<td>Megargee, Geoffrey ed.<\/td>\n<td>The USHMM Encyklopedia of camps and ghettos 1933-45<\/td>\n<td>2011<\/td>\n<\/tr>\n<tr>\n<td>Wachsmann, Nikolaus<\/td>\n<td>KL &#8211; a history of the Nazi concentration camps<\/td>\n<td>2015<\/td>\n<\/tr>\n<tr>\n<td><strong>DVD<\/strong><\/td>\n<td><\/td>\n<td><\/td>\n<\/tr>\n<tr>\n<td>Magnus Gertten<\/td>\n<td>Hoppets hamn<\/td>\n<td>2011<\/td>\n<\/tr>\n<tr>\n<td>Magnus Gertten<\/td>\n<td>Varje ansikte har ett namn<\/td>\n<td>2015<\/td>\n<\/tr>\n<\/tbody>\n<\/table>\n","protected":false},"excerpt":{"rendered":"<p>Litteratur och film &#8211; st\u00e4ndigt under konstruktion Litteratur \u00a0 \u00a0 F\u00f6rfattare Titel \u00c5rtal Om Sverige Andersson, Lars M ed. En problematisk relation? Flyktingpolitik och judiska flyktingar\u2026 2008 Bogatic, Wirginia Exilens dilemma: stanna eller att \u00e5terv\u00e4nda? Beslut i Sverige\u2026 2011 Bystr\u00f6m, Mikael En border,g\u00e4st och parasit &#8211; Upfattningar och f\u00f6rest\u00e4llningar\u2026 2006 Bystr\u00f6m, Mikael Utmaningen &#8211; Den &hellip; <\/p>\n<p><a class=\"more-link btn\" href=\"http:\/\/xn--skuggorfrndetfrflutna-02b01b.se\/?page_id=423\">Forts\u00e4tt l\u00e4sa<\/a><\/p>\n","protected":false},"author":1,"featured_media":0,"parent":0,"menu_order":0,"comment_status":"closed","ping_status":"open","template":"","meta":{"_monsterinsights_skip_tracking":false,"_monsterinsights_sitenote_active":false,"_monsterinsights_sitenote_note":"","_monsterinsights_sitenote_category":0,"footnotes":""},"class_list":["post-423","page","type-page","status-publish","hentry","nodate","item-wrap"],"jetpack_sharing_enabled":true,"_links":{"self":[{"href":"http:\/\/xn--skuggorfrndetfrflutna-02b01b.se\/index.php?rest_route=\/wp\/v2\/pages\/423","targetHints":{"allow":["GET"]}}],"collection":[{"href":"http:\/\/xn--skuggorfrndetfrflutna-02b01b.se\/index.php?rest_route=\/wp\/v2\/pages"}],"about":[{"href":"http:\/\/xn--skuggorfrndetfrflutna-02b01b.se\/index.php?rest_route=\/wp\/v2\/types\/page"}],"author":[{"embeddable":true,"href":"http:\/\/xn--skuggorfrndetfrflutna-02b01b.se\/index.php?rest_route=\/wp\/v2\/users\/1"}],"replies":[{"embeddable":true,"href":"http:\/\/xn--skuggorfrndetfrflutna-02b01b.se\/index.php?rest_route=%2Fwp%2Fv2%2Fcomments&post=423"}],"version-history":[{"count":13,"href":"http:\/\/xn--skuggorfrndetfrflutna-02b01b.se\/index.php?rest_route=\/wp\/v2\/pages\/423\/revisions"}],"predecessor-version":[{"id":3346,"href":"http:\/\/xn--skuggorfrndetfrflutna-02b01b.se\/index.php?rest_route=\/wp\/v2\/pages\/423\/revisions\/3346"}],"wp:attachment":[{"href":"http:\/\/xn--skuggorfrndetfrflutna-02b01b.se\/index.php?rest_route=%2Fwp%2Fv2%2Fmedia&parent=423"}],"curies":[{"name":"wp","href":"https:\/\/api.w.org\/{rel}","templated":true}]}}

Källor

<p>Litteratur och film &#8211; ständigt under konstruktion</p>
<table width="719">
<tbody>
<tr>
<td width="254"><strong>Litteratur</strong></td>
<td width="427"><strong> </strong></td>
<td width="38"><strong> </strong></td>
</tr>
<tr>
<td><strong>Författare</strong></td>
<td><strong>Titel</strong></td>
<td><strong>Årtal</strong></td>
</tr>
<tr>
<td><strong>Om Sverige</strong></td>
<td></td>
<td></td>
</tr>
<tr>
<td>Andersson, Lars M ed.</td>
<td>En problematisk relation? Flyktingpolitik och judiska flyktingar…</td>
<td>2008</td>
</tr>
<tr>
<td>Bogatic, Wirginia</td>
<td>Exilens dilemma: stanna eller att återvända? Beslut i Sverige…</td>
<td>2011</td>
</tr>
<tr>
<td>Byström, Mikael</td>
<td>En border,gäst och parasit &#8211; Upfattningar och föreställningar…</td>
<td>2006</td>
</tr>
<tr>
<td>Byström, Mikael</td>
<td>Utmaningen &#8211; Den svenska välfärdsstatens möte med…</td>
<td>2012</td>
</tr>
<tr>
<td>Gottfarb, Inga</td>
<td>Den livsfarliga glömskan Överlevande berättar och vägen…</td>
<td>2006</td>
</tr>
<tr>
<td>Kvist-Geverts, Karin</td>
<td>Ett främmande element i nationen. Svensk flyktingpolitik och …</td>
<td>2008</td>
</tr>
<tr>
<td>Landergren, Karin</td>
<td>Flyktingar på Malmö museum 1945 &#8211; minnesbilder…</td>
<td>2002</td>
</tr>
<tr>
<td>Lidegaard, Bo</td>
<td>Redningsmaend &#8211; Skandinavise aktioner for at redde fanger…</td>
<td>2015</td>
</tr>
<tr>
<td>Malmö konstmuseum</td>
<td>Konst i skuggan av kriget- museet som flyktingförläggning</td>
<td>2015</td>
</tr>
<tr>
<td>Olsson, Lars</td>
<td>På tröskeln till Folkhemmet</td>
<td>1995</td>
</tr>
<tr>
<td>Rudberg, Pontus</td>
<td>The Swedish Jews and the victims of nazi terror 1933-45</td>
<td>2015</td>
</tr>
<tr>
<td>Sterner Carlberg, Mirjam</td>
<td>Gemenskap och överlevnad &#8211; om den judiska gruppen i Borås&#8230;</td>
<td>1994</td>
</tr>
<tr>
<td>Tegen, Einar och Gunhild</td>
<td>De dödsdömda vittna</td>
<td>1945</td>
</tr>
<tr>
<td>Uggla, Andrzej Nils</td>
<td>I nordlig hamn &#8211; Polacker i Sverige under andra världskriget</td>
<td>1997</td>
</tr>
<tr>
<td>Åberg, Lars och Gertten, Magnus</td>
<td>Hoppets hamn &#8211; När överlevarna kom till Sverige</td>
<td>2011</td>
</tr>
<tr>
<td><strong>Om beredskapssjukhus</strong></td>
<td></td>
<td></td>
</tr>
<tr>
<td>Mattsson, Christer</td>
<td>Till Herrhagen klockan 13.24</td>
<td>2008</td>
</tr>
<tr>
<td><strong>De vita bussarna</strong></td>
<td></td>
<td></td>
</tr>
<tr>
<td>Bernadotte, Folke</td>
<td>Slutet</td>
<td>1945</td>
</tr>
<tr>
<td>Frykman, Sven</td>
<td>Röda korsexpeditionen till Tyskland</td>
<td>1945</td>
</tr>
<tr>
<td>Kilpeläinen, Juhani</td>
<td>Resan till tvålfabriken i Från Bergslag och bondebygd 1998</td>
<td>1998</td>
</tr>
<tr>
<td>Lomfors, Ingrid</td>
<td>Blind fläck &#8211; Minne och glömska kring Svenska Röda korsets…</td>
<td>2005</td>
</tr>
<tr>
<td>Persson, Sune</td>
<td>&#8221;Vi åker till Sverige&#8221; De vita bussarna 1945</td>
<td>2003</td>
</tr>
<tr>
<td>Rundberg, Gerhard mfl</td>
<td>Rapporet från Neuengamme</td>
<td>1945</td>
</tr>
<tr>
<td>Sode-Madsen, Hans</td>
<td>De Hvide Bussar 1941-45, Reddet fra Hitlers helvede</td>
<td>2015</td>
</tr>
<tr>
<td>Svensson, Åke</td>
<td>De vita bussarna</td>
<td>1945</td>
</tr>
<tr>
<td>von Wrochem, Oliver &amp; Jockeck, Lars</td>
<td>Skandinavien im Zweiten Weltkrieg und die Rettungsaktion Weisse Busse</td>
<td>2012</td>
</tr>
<tr>
<td><strong>Överlevandeberättelser</strong></td>
<td></td>
<td></td>
</tr>
<tr>
<td>Nelken, Halina</td>
<td>And yet, Iam here!</td>
<td>1999</td>
</tr>
<tr>
<td>Poltwaska, Wanda</td>
<td>And I am Afraid of my Dreams</td>
<td>2013</td>
</tr>
<tr>
<td>Rosenberg, Göran</td>
<td>Ett kort uppehåll från Auschwitz</td>
<td>2012</td>
</tr>
<tr>
<td><strong>Romaner</strong></td>
<td></td>
<td></td>
</tr>
<tr>
<td>Waluszewski, Daniel</td>
<td>Med en blick över axeln</td>
<td>2012</td>
</tr>
<tr>
<td><strong>Om minne</strong></td>
<td></td>
<td></td>
</tr>
<tr>
<td>Hedgepeth, Sonia M. ed</td>
<td>Sexual violence aagainst Jewish women during the Holocaust</td>
<td>2010</td>
</tr>
<tr>
<td>Herzog, Dagmar ed.</td>
<td>Brutality and Desire War and sexuality in Europes…</td>
<td>2011</td>
</tr>
<tr>
<td>Kaplan, Suzanne</td>
<td>Barn under Förintelsen &#8211; då och nu</td>
<td>2003</td>
</tr>
<tr>
<td>Langer, Lewrence L.</td>
<td>Holocaust testimonies</td>
<td>1991</td>
</tr>
<tr>
<td><strong>Olika läger och getton</strong></td>
<td></td>
<td></td>
</tr>
<tr>
<td>Bessmann, Alyn och Eschebach, Insa</td>
<td>The Ravensbrück Women´s Concentration Camp</td>
<td>2013</td>
</tr>
<tr>
<td>Buber Agassi, Judith</td>
<td>Jewish Women Prisoners of Ravensbrück</td>
<td>2014</td>
</tr>
<tr>
<td>Dublon-Knebel, Irith</td>
<td>A Holocaust crossroads &#8211; Jewish women.. in Ravensbrück</td>
<td>2010</td>
</tr>
<tr>
<td>Gutterman, Bella</td>
<td>A Narrow Bridge to life &#8211; Jewish Force labor… Gross-Rosen&#8230;</td>
<td>2008</td>
</tr>
<tr>
<td>Helm, Sarah</td>
<td>If this a woman &#8211; Inside Ravensbrück….</td>
<td>2015</td>
</tr>
<tr>
<td>Jacobeit, Sigrid ed.</td>
<td>&#8221;I Grusse euch als freier Mensch&#8221;</td>
<td>195</td>
</tr>
<tr>
<td>Rudorff, Andrea</td>
<td>Frauen in den Aussenlagern des Konzentrationslagers Gross-Rosen</td>
<td>2014</td>
</tr>
<tr>
<td>Saidel, Rochelle G.</td>
<td>The Jewish women of Ravensbrück concentration camp</td>
<td>2006</td>
</tr>
<tr>
<td>Strebel, Bernhard</td>
<td>Das KZ Ravensbrück &#8211; Geschichte eines Lagerkomplexes</td>
<td>2003</td>
</tr>
<tr>
<td>Stteinke, Karolin</td>
<td>Trains to ravensbrück- Transport by the Reichsbahn 1939-45</td>
<td>2009</td>
</tr>
<tr>
<td>von Wrochem, Oliver &amp; Jockeck, Lars</td>
<td>Das Neuengamme und seine Aussenlager</td>
<td>2010</td>
</tr>
<tr>
<td><strong>Uppslagsverk</strong></td>
<td></td>
<td></td>
</tr>
<tr>
<td>Braham, Randolph L ed.</td>
<td>The Geographical Encyklopedia of the Holocaust in Hungary</td>
<td>2013</td>
</tr>
<tr>
<td>Megargee, Geoffrey ed.</td>
<td>The USHMM Encyklopedia of camps and ghettos 1933-45</td>
<td>2011</td>
</tr>
<tr>
<td>Wachsmann, Nikolaus</td>
<td>KL &#8211; a history of the Nazi concentration camps</td>
<td>2015</td>
</tr>
<tr>
<td><strong>DVD</strong></td>
<td></td>
<td></td>
</tr>
<tr>
<td>Magnus Gertten</td>
<td>Hoppets hamn</td>
<td>2011</td>
</tr>
<tr>
<td>Magnus Gertten</td>
<td>Varje ansikte har ett namn</td>
<td>2015</td>
</tr>
</tbody>
</table>

<p>Litteratur och film &#8211; ständigt under konstruktion Litteratur     Författare Titel Årtal Om Sverige Andersson, Lars M ed. En problematisk relation? Flyktingpolitik och judiska flyktingar… 2008 Bogatic, Wirginia Exilens dilemma: stanna eller att återvända? Beslut i Sverige… 2011 Byström, Mikael En border,gäst och parasit &#8211; Upfattningar och föreställningar… 2006 Byström, Mikael Utmaningen &#8211; Den &hellip; </p>
<p><a class="more-link btn" href="http://xn--skuggorfrndetfrflutna-02b01b.se/?page_id=423">Fortsätt läsa</a></p>
