{"id":410,"date":"2013-09-12T19:15:28","date_gmt":"2013-09-12T19:15:28","guid":{"rendered":"http:\/\/xn--skuggorfrndetfrflutna-02b01b.se\/?page_id=410"},"modified":"2014-02-11T06:42:27","modified_gmt":"2014-02-11T06:42:27","slug":"bergen-belsen-3","status":"publish","type":"page","link":"http:\/\/xn--skuggorfrndetfrflutna-02b01b.se\/?page_id=410","title":{"rendered":"Bergen Belsen"},"content":{"rendered":"<p>Bergen Belsen 2011. Sj\u00e4lva barackerna mm br\u00e4ndes av britterna 1945. Fotografier Mikael Enoksson 2011. Under konstruktion.<\/p>\n<p><a href=\"http:\/\/www.levandehistoria.se\/fakta-om-forintelsen\/forintelsen\/koncentrationslager\/bergen-belsen\" target=\"_blank\">Klicka p\u00e5 l\u00e4nken f\u00f6r information:\u00a0http:\/\/www.levandehistoria.se\/fakta-om-forintelsen\/forintelsen\/koncentrationslager\/bergen-belsen<\/a><\/p>\n<p><a href=\"http:\/\/xn--skuggorfrndetfrflutna-02b01b.se\/wp-content\/uploads\/2013\/09\/v\u00e4stfront-2011-492-kopia.jpg\"><img loading=\"lazy\" decoding=\"async\" class=\"alignnone size-large wp-image-807\" alt=\"v\u00e4stfront 2011 492 kopia\" src=\"http:\/\/xn--skuggorfrndetfrflutna-02b01b.se\/wp-content\/uploads\/2013\/09\/v\u00e4stfront-2011-492-kopia-1024x680.jpg\" width=\"1024\" height=\"680\" srcset=\"http:\/\/xn--skuggorfrndetfrflutna-02b01b.se\/wp-content\/uploads\/2013\/09\/v\u00e4stfront-2011-492-kopia-1024x680.jpg 1024w, http:\/\/xn--skuggorfrndetfrflutna-02b01b.se\/wp-content\/uploads\/2013\/09\/v\u00e4stfront-2011-492-kopia-300x199.jpg 300w\" sizes=\"auto, (max-width: 1024px) 100vw, 1024px\" \/><\/a><\/p>\n<p><a href=\"http:\/\/xn--skuggorfrndetfrflutna-02b01b.se\/wp-content\/uploads\/2013\/09\/v\u00e4stfront-2011-500-kopia.jpg\"><img loading=\"lazy\" decoding=\"async\" class=\"alignnone size-large wp-image-809\" alt=\"v\u00e4stfront 2011 500 kopia\" src=\"http:\/\/xn--skuggorfrndetfrflutna-02b01b.se\/wp-content\/uploads\/2013\/09\/v\u00e4stfront-2011-500-kopia-1024x476.jpg\" width=\"1024\" height=\"476\" srcset=\"http:\/\/xn--skuggorfrndetfrflutna-02b01b.se\/wp-content\/uploads\/2013\/09\/v\u00e4stfront-2011-500-kopia-1024x476.jpg 1024w, http:\/\/xn--skuggorfrndetfrflutna-02b01b.se\/wp-content\/uploads\/2013\/09\/v\u00e4stfront-2011-500-kopia-300x139.jpg 300w\" sizes=\"auto, (max-width: 1024px) 100vw, 1024px\" \/><\/a><\/p>\n<p><a href=\"http:\/\/xn--skuggorfrndetfrflutna-02b01b.se\/wp-content\/uploads\/2013\/09\/v\u00e4stfront-2011-508-kopia.jpg\"><img loading=\"lazy\" decoding=\"async\" class=\"alignnone size-large wp-image-810\" alt=\"v\u00e4stfront 2011 508 kopia\" src=\"http:\/\/xn--skuggorfrndetfrflutna-02b01b.se\/wp-content\/uploads\/2013\/09\/v\u00e4stfront-2011-508-kopia-1024x524.jpg\" width=\"1024\" height=\"524\" srcset=\"http:\/\/xn--skuggorfrndetfrflutna-02b01b.se\/wp-content\/uploads\/2013\/09\/v\u00e4stfront-2011-508-kopia-1024x524.jpg 1024w, http:\/\/xn--skuggorfrndetfrflutna-02b01b.se\/wp-content\/uploads\/2013\/09\/v\u00e4stfront-2011-508-kopia-300x153.jpg 300w\" sizes=\"auto, (max-width: 1024px) 100vw, 1024px\" \/><\/a><\/p>\n","protected":false},"excerpt":{"rendered":"<p>Bergen Belsen 2011. Sj\u00e4lva barackerna mm br\u00e4ndes av britterna 1945. Fotografier Mikael Enoksson 2011. Under konstruktion. Klicka p\u00e5 l\u00e4nken f\u00f6r information:\u00a0http:\/\/www.levandehistoria.se\/fakta-om-forintelsen\/forintelsen\/koncentrationslager\/bergen-belsen<\/p>\n","protected":false},"author":1,"featured_media":0,"parent":0,"menu_order":0,"comment_status":"closed","ping_status":"open","template":"","meta":{"_monsterinsights_skip_tracking":false,"_monsterinsights_sitenote_active":false,"_monsterinsights_sitenote_note":"","_monsterinsights_sitenote_category":0,"footnotes":""},"class_list":["post-410","page","type-page","status-publish","hentry","nodate","item-wrap"],"jetpack_sharing_enabled":true,"_links":{"self":[{"href":"http:\/\/xn--skuggorfrndetfrflutna-02b01b.se\/index.php?rest_route=\/wp\/v2\/pages\/410","targetHints":{"allow":["GET"]}}],"collection":[{"href":"http:\/\/xn--skuggorfrndetfrflutna-02b01b.se\/index.php?rest_route=\/wp\/v2\/pages"}],"about":[{"href":"http:\/\/xn--skuggorfrndetfrflutna-02b01b.se\/index.php?rest_route=\/wp\/v2\/types\/page"}],"author":[{"embeddable":true,"href":"http:\/\/xn--skuggorfrndetfrflutna-02b01b.se\/index.php?rest_route=\/wp\/v2\/users\/1"}],"replies":[{"embeddable":true,"href":"http:\/\/xn--skuggorfrndetfrflutna-02b01b.se\/index.php?rest_route=%2Fwp%2Fv2%2Fcomments&post=410"}],"version-history":[{"count":7,"href":"http:\/\/xn--skuggorfrndetfrflutna-02b01b.se\/index.php?rest_route=\/wp\/v2\/pages\/410\/revisions"}],"predecessor-version":[{"id":1011,"href":"http:\/\/xn--skuggorfrndetfrflutna-02b01b.se\/index.php?rest_route=\/wp\/v2\/pages\/410\/revisions\/1011"}],"wp:attachment":[{"href":"http:\/\/xn--skuggorfrndetfrflutna-02b01b.se\/index.php?rest_route=%2Fwp%2Fv2%2Fmedia&parent=410"}],"curies":[{"name":"wp","href":"https:\/\/api.w.org\/{rel}","templated":true}]}}

<p>Bergen Belsen 2011. Själva barackerna mm brändes av britterna 1945. Fotografier Mikael Enoksson 2011. Under konstruktion.</p>
<p><a href="http://www.levandehistoria.se/fakta-om-forintelsen/forintelsen/koncentrationslager/bergen-belsen" target="_blank">Klicka på länken för information: http://www.levandehistoria.se/fakta-om-forintelsen/forintelsen/koncentrationslager/bergen-belsen</a></p>
<p><a href="http://xn--skuggorfrndetfrflutna-02b01b.se/wp-content/uploads/2013/09/västfront-2011-492-kopia.jpg"><img loading="lazy" decoding="async" class="alignnone size-large wp-image-807" alt="västfront 2011 492 kopia" src="http://xn--skuggorfrndetfrflutna-02b01b.se/wp-content/uploads/2013/09/västfront-2011-492-kopia-1024x680.jpg" width="1024" height="680" srcset="http://xn--skuggorfrndetfrflutna-02b01b.se/wp-content/uploads/2013/09/västfront-2011-492-kopia-1024x680.jpg 1024w, http://xn--skuggorfrndetfrflutna-02b01b.se/wp-content/uploads/2013/09/västfront-2011-492-kopia-300x199.jpg 300w" sizes="auto, (max-width: 1024px) 100vw, 1024px" /></a></p>
<p><a href="http://xn--skuggorfrndetfrflutna-02b01b.se/wp-content/uploads/2013/09/västfront-2011-500-kopia.jpg"><img loading="lazy" decoding="async" class="alignnone size-large wp-image-809" alt="västfront 2011 500 kopia" src="http://xn--skuggorfrndetfrflutna-02b01b.se/wp-content/uploads/2013/09/västfront-2011-500-kopia-1024x476.jpg" width="1024" height="476" srcset="http://xn--skuggorfrndetfrflutna-02b01b.se/wp-content/uploads/2013/09/västfront-2011-500-kopia-1024x476.jpg 1024w, http://xn--skuggorfrndetfrflutna-02b01b.se/wp-content/uploads/2013/09/västfront-2011-500-kopia-300x139.jpg 300w" sizes="auto, (max-width: 1024px) 100vw, 1024px" /></a></p>
<p><a href="http://xn--skuggorfrndetfrflutna-02b01b.se/wp-content/uploads/2013/09/västfront-2011-508-kopia.jpg"><img loading="lazy" decoding="async" class="alignnone size-large wp-image-810" alt="västfront 2011 508 kopia" src="http://xn--skuggorfrndetfrflutna-02b01b.se/wp-content/uploads/2013/09/västfront-2011-508-kopia-1024x524.jpg" width="1024" height="524" srcset="http://xn--skuggorfrndetfrflutna-02b01b.se/wp-content/uploads/2013/09/västfront-2011-508-kopia-1024x524.jpg 1024w, http://xn--skuggorfrndetfrflutna-02b01b.se/wp-content/uploads/2013/09/västfront-2011-508-kopia-300x153.jpg 300w" sizes="auto, (max-width: 1024px) 100vw, 1024px" /></a></p>

<p>Bergen Belsen 2011. Själva barackerna mm brändes av britterna 1945. Fotografier Mikael Enoksson 2011. Under konstruktion. Klicka på länken för information: http://www.levandehistoria.se/fakta-om-forintelsen/forintelsen/koncentrationslager/bergen-belsen</p>
