{"id":348,"date":"2013-09-11T19:01:00","date_gmt":"2013-09-11T19:01:00","guid":{"rendered":"http:\/\/xn--skuggorfrndetfrflutna-02b01b.se\/?page_id=348"},"modified":"2013-09-11T19:01:00","modified_gmt":"2013-09-11T19:01:00","slug":"warszawaupproret-2","status":"publish","type":"page","link":"http:\/\/xn--skuggorfrndetfrflutna-02b01b.se\/?page_id=348","title":{"rendered":"Warszawaupproret"},"content":{"rendered":"<p>N\u00e4r den sovjetiska arm\u00e9n n\u00e4rmade sig Warszawa, startade den polska motst\u00e5ndsr\u00f6relsen ett uppror mot de tyska trupperna i staden. Inom\u00a0n\u00e5gra dagar skulle de sovjetiska styrkorna tr\u00e4nga in i Warszawa och\u00a0komma motst\u00e5ndsm\u00e4nnen till hj\u00e4lp. Men de sovjetiska trupperna kom aldrig till unds\u00e4ttning, utan stannade utanf\u00f6r Warszawa. Efter 63 dagars h\u00e5rda strider tvingades motst\u00e5ndsk\u00e4mparna ge upp. D\u00e5 hade tiotusentals motst\u00e5ndsm\u00e4n och civila d\u00f6dats av de tyska trupperna. En stor del av Warszawas befolkning deporterades till koncentrations- och arbetsl\u00e4ger och tyskarna f\u00f6rst\u00f6rde stora delar av staden. F\u00f6rst d\u00e4refter gick de sovjetiska styrkorna in och er\u00f6vrade Warszawa.<\/p>\n<p>Just d\u00e5 var det of\u00f6rklarligt varf\u00f6r de sovjetiska styrkorna inte hade ingripit. Efter kriget kom det fram ett politiskt motiv bakom ryssarnas agerande. Under den tyska ockupationen hade den polska motst\u00e5ndsr\u00f6relsen vuxit sig stark. M\u00e5let var att uppn\u00e5 ett fritt och sj\u00e4lvst\u00e4ndigt Polen. Men Sovjetunionen hade andra planer f\u00f6r Polen. Efter krigsslutet\u00a0skulle landet bli\u00a0kommunistiskt och g\u00f6ras till en sovjetisk stat. F\u00f6r att underl\u00e4tta inf\u00f6randet av kommunismen beordrade Stalin att den nationella polska motst\u00e5ndsstyrkan eliminerades.<\/p>\n<p>K\u00e4lla: Wikipedia<\/p>\n<p>Av: Anton Jonsson 9F vt 2012<\/p>\n<p><b>\u00a0<\/b><\/p>\n","protected":false},"excerpt":{"rendered":"<p>N\u00e4r den sovjetiska arm\u00e9n n\u00e4rmade sig Warszawa, startade den polska motst\u00e5ndsr\u00f6relsen ett uppror mot de tyska trupperna i staden. Inom\u00a0n\u00e5gra dagar skulle de sovjetiska styrkorna tr\u00e4nga in i Warszawa och\u00a0komma motst\u00e5ndsm\u00e4nnen till hj\u00e4lp. Men de sovjetiska trupperna kom aldrig till unds\u00e4ttning, utan stannade utanf\u00f6r Warszawa. Efter 63 dagars h\u00e5rda strider tvingades motst\u00e5ndsk\u00e4mparna ge upp. D\u00e5 &hellip; <\/p>\n<p><a class=\"more-link btn\" href=\"http:\/\/xn--skuggorfrndetfrflutna-02b01b.se\/?page_id=348\">Forts\u00e4tt l\u00e4sa<\/a><\/p>\n","protected":false},"author":1,"featured_media":0,"parent":0,"menu_order":0,"comment_status":"closed","ping_status":"open","template":"","meta":{"_monsterinsights_skip_tracking":false,"_monsterinsights_sitenote_active":false,"_monsterinsights_sitenote_note":"","_monsterinsights_sitenote_category":0,"footnotes":""},"class_list":["post-348","page","type-page","status-publish","hentry","nodate","item-wrap"],"jetpack_sharing_enabled":true,"_links":{"self":[{"href":"http:\/\/xn--skuggorfrndetfrflutna-02b01b.se\/index.php?rest_route=\/wp\/v2\/pages\/348","targetHints":{"allow":["GET"]}}],"collection":[{"href":"http:\/\/xn--skuggorfrndetfrflutna-02b01b.se\/index.php?rest_route=\/wp\/v2\/pages"}],"about":[{"href":"http:\/\/xn--skuggorfrndetfrflutna-02b01b.se\/index.php?rest_route=\/wp\/v2\/types\/page"}],"author":[{"embeddable":true,"href":"http:\/\/xn--skuggorfrndetfrflutna-02b01b.se\/index.php?rest_route=\/wp\/v2\/users\/1"}],"replies":[{"embeddable":true,"href":"http:\/\/xn--skuggorfrndetfrflutna-02b01b.se\/index.php?rest_route=%2Fwp%2Fv2%2Fcomments&post=348"}],"version-history":[{"count":1,"href":"http:\/\/xn--skuggorfrndetfrflutna-02b01b.se\/index.php?rest_route=\/wp\/v2\/pages\/348\/revisions"}],"predecessor-version":[{"id":350,"href":"http:\/\/xn--skuggorfrndetfrflutna-02b01b.se\/index.php?rest_route=\/wp\/v2\/pages\/348\/revisions\/350"}],"wp:attachment":[{"href":"http:\/\/xn--skuggorfrndetfrflutna-02b01b.se\/index.php?rest_route=%2Fwp%2Fv2%2Fmedia&parent=348"}],"curies":[{"name":"wp","href":"https:\/\/api.w.org\/{rel}","templated":true}]}}