{"id":314,"date":"2013-09-11T17:37:13","date_gmt":"2013-09-11T17:37:13","guid":{"rendered":"http:\/\/xn--skuggorfrndetfrflutna-02b01b.se\/?page_id=314"},"modified":"2014-05-14T16:46:14","modified_gmt":"2014-05-14T16:46:14","slug":"janina-gloss","status":"publish","type":"page","link":"http:\/\/xn--skuggorfrndetfrflutna-02b01b.se\/?page_id=314","title":{"rendered":"Janina G"},"content":{"rendered":"<p>Janina f\u00f6ddes den 19 september 1924 i Warszawa, Polen. Hennes f\u00f6r\u00e4ldrar var Jan och Maria G. Hon bodde och gick i skola i Warszawa och hon gick 7 \u00e5r p\u00e5 vanlig folkskola och 2 \u00e5r p\u00e5 gymnasiet. Hon hade \u00e4ven en privat heml\u00e4rare n\u00e4r kriget utbr\u00f6t och erh\u00f6ll utbildning till studentexamen men kunde aldrig g\u00f6ra examensprov p\u00e5 grund av dom sv\u00e5ra r\u00e5dande f\u00f6rh\u00e5llandena. Janina var 20 \u00e5r n\u00e4r hon greps av Gestapo. Hon greps i samband med Warszawa upproret, Hon var en av 150 000 civila polacker som vart skickade till l\u00e4ger och minst lika m\u00e5nga vart d\u00f6dade direkt.\u00a0 Hon och \u00f6vriga familjen fick aldrig veta varf\u00f6r dom vart gripna eftersom dom varken var judar eller gjort n\u00e5got olagligt. De skickades till koncentrationsl\u00e4gret Ravensbruk. D\u00e4r fick Janina arbeta som &#8221;zimmerdienst&#8221; (rumsbetj\u00e4ning) som betyder att hon fick jobba med att skura golv och r\u00e4kna alla d\u00f6da.<\/p>\n<p>Hon jobbade med kontorsarbete p\u00e5 en pappersfabrik som hennes bror \u00e4gde. Janina hade fem syskon, en var systern Maria Rolskasom. Maria blev gripen med sina f\u00f6r\u00e4ldrar och Janina av Gestapo mitt i hemstaden Zolibarz som ligger i Warszawa. Janinas pappa Jan var sp\u00e5rvagnskondukt\u00f6r och ordf\u00f6rande f\u00f6r fackf\u00f6reningen. Jan jobbade \u00e4ven p\u00e5 fritiden med att snickra fina m\u00f6bler till ett av hemmets rum. En dag greps pappan p\u00e5 sp\u00e5rvagnen och f\u00f6rdes till Majdanek som \u00e4r ett koncentrationsl\u00e4ger. D\u00e4r var han i en vecka och sl\u00e4pptes sen ut, men han levde bara fyra dagar efter han kommit hem. D\u00e5 han hade fl\u00e4cktyfus.\u00a0Janinas mamma vart frisl\u00e4ppt redan n\u00e4r dom genomgick en h\u00e4lsokontroll i Ravensbr\u00fcck. Anledningen till det var att hon bara n\u00e5gra dagar hade genom g\u00e5tt en operation. Och tyskarna tyckte antagligen att hon var f\u00f6r svag f\u00f6r att kunna jobba i ett l\u00e4ger eller p\u00e5 n\u00e5gon fabrik.<\/p>\n<p>En morgon transporterades Janina, hennes mamma och syster med lastbil till en j\u00e4rnv\u00e4gsstation, d\u00e4r de stannade \u00f6ver natten. Dagen d\u00e4rp\u00e5 fick mamma Maria g\u00e5 igenom en l\u00e4karkontroll och klarade sig f\u00f6r hon var i s\u00e5 bra s\u00e4tt s\u00e5 hon kunde jobba. Efter det trodde de att de skulle bli utsl\u00e4ppte, men det blev de inte. Ist\u00e4llet sattes alla p\u00e5 ett transportt\u00e5g som annars k\u00f6rde djur. Janina uppskatta att det tog ca en vecka och sedan stanna t\u00e5get och de blev utsl\u00e4ppta p\u00e5 ett f\u00e4lt d\u00e4r de fick dricka och g\u00f6ra sina toalettbehov. T\u00e5get fortsatte efter det och stannade p\u00e5 n\u00e5gra koncentrationsl\u00e4ger. Vid Ravensbr\u00fcck fick de stiga av och l\u00e4gervakterna tog alla saker fr\u00e5n dem, samt alla som gick av d\u00e4r packade de in i ett t\u00e4lt. Efter ett tag fick de komma till olika baracker och d\u00e4r de fick kl\u00e4nningar. Janina fick jobba p\u00e5 ammunitionsfabrik under tiden hon var d\u00e4r.\u00a0I Ravensbr\u00fcck togs allt ifr\u00e5n dem, till och med tv\u00e5l och n\u00e4sdukar. Det enda de fick beh\u00e5lla var sina skor och sedan placerades alla ut i olika baracker. P\u00e5 sina f\u00e5ng-kl\u00e4der fick de b\u00e4ra ett stort kors b\u00e5de bak och fram f\u00f6r att visa att de var f\u00e5ngar. En dag s\u00e5g Janina vita bussar med r\u00f6da kors m\u00e5lade p\u00e5. Det var danska R\u00f6da korset som hade kommit f\u00f6r att r\u00e4dda dem. De k\u00f6rde dem till Danmark och den 28 april kom de till \u00d6rebro och Engelbrektsskolan\u00a0efter 9 m\u00e5nader i tyska koncentrationsl\u00e4ger.<\/p>\n<p>V\u00e4l i Sverige fick hon komma till karant\u00e4nf\u00f6rl\u00e4ggningen i Lund d\u00e4r fick hon stanna i 3 veckor. Sedan den 25 maj skickades hon till beredskapssjukhuset i \u00d6rebro och vid ankomsten hit var hon sv\u00e5rt sjuk. V\u00e4l tillfrisknad fick hon b\u00f6rja jobba som sjukv\u00e5rdsbitr\u00e4de p\u00e5 Centrallasarettet i \u00d6rebro, hon fick senare ocks\u00e5 en l\u00e4genhet d\u00e4r. Efter fem \u00e5r vart hon tvungen att sluta jobba som sjuksk\u00f6terska p\u00e5 lasarettet p\u00e5 grund av att hon hade ett klent immunf\u00f6rsvar och en klen h\u00e4lsa. Efter det var hon sedan en liten stund s\u00f6mmerska men tr\u00f6ttnade ganska fort p\u00e5 det och efter det var hon varit aff\u00e4rsbitr\u00e4de p\u00e5 \u00d6rebro Konsums herr tv\u00e4tt och tj\u00e4nade 495 kr i m\u00e5naden.\u00a0 Den 26\/12 1949 gifter hon sig med Edward K. Paret blev svenska medborgare 27 November 1953. Hon lever \u00e4n idag i \u00d6rebro.<\/p>\n<p>K\u00e4lla: Tidningsartikel Nerikes Allehanda, Utskrift intervju fr\u00e5n Arkivcentrum, \u00d6rebro och Dossier fr\u00e5n Statens utl\u00e4nningskommission, Riksarkivet<\/p>\n<p>Av: Markus Andersson 9D och Jenny Nyl\u00e9n9E samt Louise, Sara Sandra 9E vt 2012<\/p>\n","protected":false},"excerpt":{"rendered":"<p>Janina f\u00f6ddes den 19 september 1924 i Warszawa, Polen. Hennes f\u00f6r\u00e4ldrar var Jan och Maria G. Hon bodde och gick i skola i Warszawa och hon gick 7 \u00e5r p\u00e5 vanlig folkskola och 2 \u00e5r p\u00e5 gymnasiet. Hon hade \u00e4ven en privat heml\u00e4rare n\u00e4r kriget utbr\u00f6t och erh\u00f6ll utbildning till studentexamen men kunde aldrig g\u00f6ra &hellip; <\/p>\n<p><a class=\"more-link btn\" href=\"http:\/\/xn--skuggorfrndetfrflutna-02b01b.se\/?page_id=314\">Forts\u00e4tt l\u00e4sa<\/a><\/p>\n","protected":false},"author":1,"featured_media":0,"parent":0,"menu_order":0,"comment_status":"closed","ping_status":"open","template":"","meta":{"_monsterinsights_skip_tracking":false,"_monsterinsights_sitenote_active":false,"_monsterinsights_sitenote_note":"","_monsterinsights_sitenote_category":0,"footnotes":""},"class_list":["post-314","page","type-page","status-publish","hentry","nodate","item-wrap"],"jetpack_sharing_enabled":true,"_links":{"self":[{"href":"http:\/\/xn--skuggorfrndetfrflutna-02b01b.se\/index.php?rest_route=\/wp\/v2\/pages\/314","targetHints":{"allow":["GET"]}}],"collection":[{"href":"http:\/\/xn--skuggorfrndetfrflutna-02b01b.se\/index.php?rest_route=\/wp\/v2\/pages"}],"about":[{"href":"http:\/\/xn--skuggorfrndetfrflutna-02b01b.se\/index.php?rest_route=\/wp\/v2\/types\/page"}],"author":[{"embeddable":true,"href":"http:\/\/xn--skuggorfrndetfrflutna-02b01b.se\/index.php?rest_route=\/wp\/v2\/users\/1"}],"replies":[{"embeddable":true,"href":"http:\/\/xn--skuggorfrndetfrflutna-02b01b.se\/index.php?rest_route=%2Fwp%2Fv2%2Fcomments&post=314"}],"version-history":[{"count":6,"href":"http:\/\/xn--skuggorfrndetfrflutna-02b01b.se\/index.php?rest_route=\/wp\/v2\/pages\/314\/revisions"}],"predecessor-version":[{"id":1498,"href":"http:\/\/xn--skuggorfrndetfrflutna-02b01b.se\/index.php?rest_route=\/wp\/v2\/pages\/314\/revisions\/1498"}],"wp:attachment":[{"href":"http:\/\/xn--skuggorfrndetfrflutna-02b01b.se\/index.php?rest_route=%2Fwp%2Fv2%2Fmedia&parent=314"}],"curies":[{"name":"wp","href":"https:\/\/api.w.org\/{rel}","templated":true}]}}