{"id":2995,"date":"2016-07-05T06:40:54","date_gmt":"2016-07-05T06:40:54","guid":{"rendered":"http:\/\/skugg.wopsa.se\/?page_id=2995"},"modified":"2017-08-17T19:08:10","modified_gmt":"2017-08-17T19:08:10","slug":"anteckningar-fran-videointervju-med-henny-lewenberg-gift-goldberg","status":"publish","type":"page","link":"http:\/\/xn--skuggorfrndetfrflutna-02b01b.se\/?page_id=2995","title":{"rendered":"Anteckningar fr\u00e5n videointervju med Henny Lewenberg (gift Goldberg)"},"content":{"rendered":"<p style=\"text-align: justify;\"><strong>USC Shoah Foundation Video nr 26523, Yad Vashem 2014<\/strong><\/p>\n<p style=\"text-align: justify;\">Henny f\u00f6ddes den 31 december 1928 i Liepaja I Lettland. Hennes pappa var Yitzchok Lewenberg gift med hennes mor Rachel. Fadern hade f\u00f6r \u00f6vrigt deltagit i Lettlands frihetskrig efter F\u00f6rsta v\u00e4rldskriget. Familjen hade ytterligare tv\u00e5 d\u00f6ttrar vid namn Ella och Sarah. Hon anl\u00e4nde till Sverige den 25 juli, sannolikt med en R\u00f6da kors-transport fr\u00e5n det svenska transitl\u00e4gret i L\u00fcbeck. Hon placeras i karant\u00e4n p\u00e5 det tillf\u00e4lliga sjukhuset p\u00e5 L\u00e4roverket i Ystad. Den 22 augusti fram till den 7 december 1945 befinner sig Henny sig p\u00e5 Engelbrektsskolans beredskapssjukhus i \u00d6rebro. N\u00e4r \u00d6rebro st\u00e4nger sitt beredskapssjukhus skickas hon till V\u00e4ster\u00e5sens sanatorium och kommer 1946 sedan till H\u00e4ssleholm och senare Helsingborg. Henny gifter sig 1950 med David Goldberg fr\u00e5n Polen. Hon l\u00e4mnar Sverige den 25 mars 1954 f\u00f6r att resa till USA.<\/p>\n<p style=\"text-align: justify;\">Under kriget befann hon sig i gettot i Liepaja, senare i koncentrationsl\u00e4ger i Riga och vidare f\u00f6rd till koncentrationsl\u00e4gren Stutthof och Stolp (underl\u00e4ger till Stutthof) innan hon blev befriad utanf\u00f6r L\u00fcbeck. Vid ankomsten till \u00d6rebro v\u00e4gde hon 30 kilo. N\u00e4r hon l\u00e4mnar beredskapssjukhuset i december 1945 har kroppsvikten n\u00e4rmast f\u00f6rdubblats\u2026<\/p>\n<p style=\"text-align: justify;\"><strong>Lettland 1940<\/strong><\/p>\n<p style=\"text-align: justify;\">Henny ber\u00e4ttar: <em>Sovjetunionen invaderar Lettland. Allt \u00e4ndrades mycket snabbt. Vi kunde uppr\u00e4tth\u00e5lla kosher men i skolan skedde f\u00f6r\u00e4ndringar. Alla skulle tillh\u00f6ra kommunistpartiet och vi skulle ha vita skjortor med r\u00f6d\u00a0scarf. Detta beordrades av skolan och vi skulle lyssna\u00a0p\u00e5 v\u00e5ra f\u00f6r\u00e4ldrar och om de sa n\u00e5got mot kommunismen skulle detta anm\u00e4las. Sedan deporterades rika judar till Sibirien och sovjetiska tj\u00e4nstem\u00e4n tog deras egendom. Min far sa: &#8211; Jag ger hellre Stalin min nyckel \u00e4n Hitler mitt huvud! Och detta var 1940. Jag m\u00e4rkte \u00e4nd\u00e5 att min far oroades mer \u00e4n tidigare. J\u00e4mf\u00f6rt med Sovjetunionen var Lettland \u2013 \u201dthe Fat land\u201d \u2013 ett litet rikt land. Vi var inte rika men v\u00e4lbest\u00e4llda. Min mor hade haft st\u00e4d- och tv\u00e4tthj\u00e4lp. Vi hade egna matf\u00f6rr\u00e5d eftersom det var vinter, under november till mars hade n\u00e4stan alla egna matf\u00f6rr\u00e5d, i m\u00e5nga fall r\u00e4ckte dessa hela den sovjetiska ockupationen. Jag gick i skolan och deltog i idrottsf\u00f6reningen.<\/em><\/p>\n<p style=\"text-align: justify;\"><strong>Tyska invasionen 1941 \u2013 massavr\u00e4ttningar och getto<\/strong><\/p>\n<p style=\"text-align: justify;\"><em>Innan tyskarna kom var jag aldrig riktigt r\u00e4dd. N\u00e4r tyskarna n\u00e5dde fram till Liepaja (den 24 juni 1941) inf\u00f6rdes det judiska m\u00e4rket \u2013 Davidsstj\u00e4rnan f\u00f6r alla judar. Detta gjorde mig r\u00e4dd. Andra regler som att judarna inte fick anv\u00e4nda trottoaren utan m\u00e5ste g\u00e5 ute i gatan eller att judar bara fick handla i tv\u00e5 aff\u00e4rer inf\u00f6rdes. Judiska aff\u00e4rer \u00f6vertogs av \u201darier\u201d d\u00e4r judar inte fick handla. Tyskarna tog ocks\u00e5 \u00f6ver andra byggnader och l\u00e4genheter. Judarna blev bara utkastade. Min fars firma togs \u00f6ver p\u00e5 detta s\u00e4tt. Han fick ist\u00e4llet arbeta \u00e5t den tyska arm\u00e9n. Ganska snabbt b\u00f6rjade judiska m\u00e4n tas ut till skogen f\u00f6r att skjutas. Vi g\u00f6mde oss ofta n\u00e4r vi fick en f\u00f6rvarning att tyskarna var p\u00e5 v\u00e4g. M\u00e5nga judar f\u00f6rs\u00f6kte ocks\u00e5 ge f\u00f6rem\u00e5l, varor och v\u00e4rdesaker till lettiska grannar f\u00f6r f\u00f6rvaring. Detta var i b\u00f6rjan av den tyska perioden.<\/em><\/p>\n<p style=\"text-align: justify;\"><!--more--><\/p>\n<p style=\"text-align: justify;\"><em>Letterna var i m\u00e5nga fall v\u00e4rre \u00e4n tyskarna. De tog p\u00e5 egen hand ut judar till skogsomr\u00e5den f\u00f6r att skjutas utan tyska soldater. En tysk soldat i \u201dkrigshamnen\u201d hj\u00e4lpte ofta min far. Han fick tips om n\u00e4r han borde stanna hemma. Min far fick hj\u00e4lp med arbetstillst\u00e5nd och ransoneringskort. \u00c4ven om det var rena turen att vi \u00f6verlevde den h\u00e4r perioden men mycket var tack vare min fars tyske chef. Jag kl\u00e4dde mig ibland som bondflicka och gick ibland ut p\u00e5 landsbygden f\u00f6r att f\u00e5 ta i mat eller mj\u00f6lk.<\/em><\/p>\n<p style=\"text-align: justify;\"><em>Min far skaffade \u00e4ven mig ett arbete i \u201dkrigshamnen\u201d. Jag odlade gr\u00f6nsaker i v\u00e4xthus at den tyska krigsmakten. Den tyske chefen, kanske var han marinofficer, var ocks\u00e5 medlem i SS tipsade ofta min far f\u00f6r att han skulle h\u00e4mta dit v\u00e5r familj n\u00e4r tyskarna plockade ut judar f\u00f6r att skjutas. Vi flyttade ofta, f\u00f6r\u00f6varna h\u00e4mtade ofta judarna p\u00e5 natten. Vi bodde i gettot fram till 1942. Att \u00f6verleva handlade mycket om tur. Om du kunde l\u00e4mna gettot f\u00f6r att arbeta hade du en chans att f\u00e5 tag i mat. Min mor hade ett bra arbete d\u00e4r hennes tyske chef ofta skickade med en kantin soppa att ta hem. Hade vi n\u00e5got \u00f6ver gick min mor med resterna till mindre lyckligt lottade. Min mor som var v\u00e4ldigt troende \u2013 ortodox \u2013 fastade ibland fast vi bad henne att l\u00e5ta bli. Hon var dock mycket best\u00e4md.<\/em><\/p>\n<p style=\"text-align: justify;\"><em>Jag arbetade ocks\u00e5 med att g\u00f6ra tr\u00e4flis som skulle anv\u00e4ndas till gengaskammarna som fanns p\u00e5 taxibilar. Jag arbetade ocks\u00e5 med att r\u00f6ka fisk. Man skickades dit man beh\u00f6vdes. Ibland var min syster med mig men inte alltid. I gettot var jag inte lika r\u00e4dd som n\u00e4r vi levde utanf\u00f6r gettot i b\u00f6rjan. Radioapparater, symaskiner, cyklar mm fick vi l\u00e4mna p\u00e5 best\u00e4mda platser. Min far hade samlat p\u00e5 koppark\u00e4rl som fanns i k\u00f6ket men allt m\u00e5ste l\u00e4mnas in. Allt v\u00e4rdefullt togs ifr\u00e5n oss. En del g\u00f6mdes f\u00f6rst\u00e5s i vedboden eller gavs till lettiska anst\u00e4llda, vilket ofta var ett stort misstag, d\u00e5 de ofta inte ville l\u00e4mna tillbaka v\u00e4rdef\u00f6rem\u00e5len utan angav judarna f\u00f6r tyskarna. N\u00e4r gettot uppr\u00e4ttades hade vi inte m\u00e5nga v\u00e4rdef\u00f6rem\u00e5l kvar.<\/em><\/p>\n<p style=\"text-align: justify;\"><strong>Koncentrationsl\u00e4ger i Riga<\/strong><\/p>\n<p style=\"text-align: justify;\"><em>Det blev v\u00e4rre n\u00e4r vi skickades till koncentrationsl\u00e4gret Kaiserwald i Riga. De tog oss till Riga p\u00e5 pr\u00e5mar eller lastbil. Jag kommer inte ih\u00e5g. Ibland gl\u00f6mmer man. N\u00e4r gettot i Liepaja\u00a0likviderades\u00a0var 846. F\u00f6re kriget levde 11\u00a0000 judar i Liepaja. Vi hade allts\u00e5 s\u00e5 l\u00e5ngt haft en v\u00e4ldig tur.\u00a0Vi visste inte vart vi skulle men vi hamnade i Kaiserwald i utkanten av Riga. Men vi hade tur och hela familjen placerades i baracker n\u00e4ra j\u00e4rnv\u00e4gen. H\u00e5ret rakades och vi fick randiga f\u00e5ngkl\u00e4der s\u00e5 att vi inte skulle kunna rymma. Vi hade inga alternativ, vi gjorde som vi var tillsagda. Det som h\u00e4nder, h\u00e4nder\u2026<\/em><\/p>\n<p style=\"text-align: justify;\"><em>I Riga fick vi frukost \u2013 ett br\u00f6d och p\u00e5 kv\u00e4llen middag \u2013 soppa och br\u00f6d. I Riga var jag kanske i ett \u00e5r. Kvinnor och m\u00e4n var uppdelade men vi tr\u00e4ffade min far varje kv\u00e4ll vid taggtr\u00e5den. 1943 b\u00f6rjade det g\u00e5 d\u00e5ligt f\u00f6r tyskarna, vi tr\u00e4ffade letter n\u00e4r vi arbetade vid j\u00e4rnv\u00e4gen. En kv\u00e4ll genomf\u00f6rdes en selektion och d\u00e5 f\u00f6rsvann min mor och far. De skickades sannolikt till Auschwitz. Vi visste ju inte d\u00e5.<\/em><\/p>\n<p style=\"text-align: justify;\"><strong>Koncentrationsl\u00e4gen Stutthof och Stolp<\/strong><\/p>\n<p style=\"text-align: justify;\"><em>Jag var d\u00e5 15 \u00e5r. Vi kvarvarande skickades till koncentrationsl\u00e4gret Stutthof <\/em>(utanf\u00f6r Gdansk i Polen).<em> Det h\u00e4r l\u00e4gret var fruktansv\u00e4rt, vi var d\u00e4r bara tv\u00e5 veckor <\/em>(de f\u00f6rflyttades sannolikt till underl\u00e4gret Stolp) <em>men vi hade tur som fick forts\u00e4tta arbeta f\u00f6r j\u00e4rnv\u00e4gen. Jag\u00a0saknade\u00a0min\u00a0mor s\u00e5 fruktansv\u00e4rt, men hon skickades i alla fall iv\u00e4g tillsammans med min far. Jag hade fortfarande kvar tv\u00e5 systrar och min moster. Vakterna var vitryssar- de var v\u00e4rre \u00e4n tyskarna. En kv\u00e4ll h\u00e4ngdes tre pojkar som hade stulit cigaretter. Alla tvingades att se p\u00e5. De vill l\u00e4ra oss en l\u00e4xa. Det fanns inget varmt vatten. Om man hade tur hade man ett par extra underkl\u00e4der. Det \u00e4r idag sv\u00e5rt att beskriva f\u00f6rh\u00e5llandena. Alla hade l\u00f6ss. Vi var knappt m\u00e4nniskor, helt upptagna av daglig \u00f6verlevnad. Att klara en dag till. Vi var fyra fr\u00e5n familjen och detta var ovanligt tursamt. Jag ville bara leva l\u00e4nge nog s\u00e5 att jag kunde se f\u00f6r\u00f6varna \u2013 tyskarna straffas. Men s\u00e5 blev det inte\u2026<\/em><\/p>\n<p style=\"text-align: justify;\"><em>Fronten kommer n\u00e4rmare. Vi s\u00e5g engelska och ryska stridsflygplan. Vi \u00f6nskade att de skulle bomba l\u00e4gren, vilket l\u00e5ter m\u00e4rkligt. Vi fick order om att \u00e5ter f\u00f6rflytta oss till koncentrationsl\u00e4gret Stutthof. Fruktansv\u00e4rt l\u00e4ger med inspektioner, selektioner och ont om mat.<\/em><\/p>\n<p style=\"text-align: justify;\"><strong>D\u00f6dsmarsch med fartyg<\/strong><\/p>\n<p style=\"text-align: justify;\"><em>N\u00e4r ryssarna n\u00e4rmade sig placerades vi p\u00e5 tre lastfartyg. Vi k\u00f6rdes runt p\u00e5 \u00d6stersj\u00f6n i tre dagar. Vi satt som sardiner, n\u00e5gra dog. Ont om vatten och ingen mat. Fartygen minerades f\u00f6r att kunna s\u00e4nkas men vi hade med n\u00e5gra norska motst\u00e5ndsm\u00e4n som k\u00e4nde att n\u00e5got var p\u00e5 g\u00e5ng och n\u00e4r eskortfartygen f\u00f6rsvann d\u00f6k de ner och skar av ledningarna. Sedan skeppades vi in till land med en tillf\u00e4llig pr\u00e5m. N\u00e4r vi kom i land kom det n\u00e5gra SS-m\u00e4n som b\u00f6rjade skrika att vi skulle tillbaka till b\u00e5ten men en h\u00f6gre officer d\u00f6k upp och beordrade att de som kunde skulle av b\u00e5ten. M\u00e5nga svaga d\u00f6dades. Vi marscherade in till ett milit\u00e4rf\u00e4lt, soldaterna hade redan l\u00e4mnat omr\u00e5det, men eftersl\u00e4ntrare sk\u00f6ts. D\u00e4r satt vi n\u00e4r en h\u00f6gtalare meddelade att vi skulle utv\u00e4xlas mot tyska soldater i Danmark och att vi skulle upp i ett nytt fartyg. Vi skulle g\u00e5 upp och g\u00e5 till piren, d\u00e5 det d\u00f6k upp engelska flygplan som attackerade fartygen och bland annat s\u00e4nkte fartyget Cap Arcona. M\u00e5nga d\u00f6dades.<\/em><\/p>\n<p style=\"text-align: justify;\"><strong>Befrielse men d\u00f6d genom sv\u00e4lt och umb\u00e4randen<\/strong><\/p>\n<p style=\"text-align: justify;\"><em>Vi gick tillbaka till f\u00e4ltet och nu d\u00f6k det upp brittiska stridsvagnar och v\u00e5ra vakter var pl\u00f6tsligt borta. Det var den 5 maj 1945. Vi var tusentals p\u00e5 det d\u00e4r f\u00e4ltet och gjorde\u00a0ingenting. Vi hittade \u00f6vergivna kaserner och f\u00f6rr\u00e5den plundrades. M\u00e5nga \u00e5t ihj\u00e4l sig. Vi var v\u00e4ldigt svaga\u00a0och t\u00e5lde inte fast f\u00f6da. Men det fanns ingen annan mat. Vi var alla sjuka, jag mina systrar och min moster. Jag hittade n\u00e5gra kakor men kunde inte \u00e4ta dem. Det fanns ett f\u00e4ltk\u00f6k, jag f\u00f6rs\u00f6kte f\u00e5 oss alla att \u00e4ta men det gick inte. Min yngsta syster dog tre dagar efter befrielsen av sv\u00e4lt och sjukdom. Min moster dog p\u00e5 samma s\u00e4tt i Bergen-Belsen n\u00e5got senare. Jag bara min \u00e4ldre syster Ella kvar. L\u00e4mna mig inte ensam! Jag f\u00e5r min syster att f\u00f6rsiktigt b\u00f6rja \u00e4ta soppa men sedan blev \u00e4ven jag v\u00e4ldigt sjuk. Jag ville verkligen leva. Jag \u00e4r 16-\u00e5r gammal! De tog mig till ett sjukhus \u2013 jag var medvetsl\u00f6s i tv\u00e5 veckor. L\u00e4karen konstaterade att han varit l\u00e4kare i 40 \u00e5r och att jag inte borde ha kunnat \u00f6verleva. Jag k\u00e4mpade. Jag ville verkligen se att tyskarna skulle f\u00e5 tillbaka f\u00f6r vad de gjort mot oss\u2026<\/em><\/p>\n<p style=\"text-align: justify;\"><strong>Till Sverige och \u00d6rebro<\/strong><\/p>\n<p style=\"text-align: justify;\"><em>L\u00e4karna uppt\u00e4ckte att jag hade fl\u00e4ckar p\u00e5 lungorna \u2013 tuberkulos. Om en vecka g\u00e5r en transport till Sverige. Du beh\u00f6ver v\u00e5rd f\u00f6r att \u00f6verleva, menade l\u00e4karen. \u00a0&#8211; Din syster Ella f\u00f6ljer med. Jag blev kvar i Sverige i nio \u00e5r. Efter ett tag blev Sverige ett underbart land. Jag var ju sjuk i b\u00f6rjan d\u00e5 jag var p\u00e5 sjukhus <\/em>(\u00d6rebro beredskapssjukhus) <em>och sanatorium. Vi hade ju inga pengar men de (svenskarna) tog hand om oss och gav oss det vi beh\u00f6vde. En kvinna kom och bes\u00f6kte mig ofta, hon hade med sig godis och n\u00e4r vi fick permission s\u00e5 kunde jag f\u00f6lja med henne hem p\u00e5 bes\u00f6k. De k\u00f6pte kl\u00e4der och allt annat jag beh\u00f6vde. Efter ett tag b\u00f6rjade jag arbeta p\u00e5 ett sjukhus. Jag l\u00e4rde mig cykla men tyv\u00e4rr inte att bromsa\u2026 br\u00f6t ena armen i fallet.<\/em><\/p>\n<p style=\"text-align: justify;\"><em>Vi hamnade i Helsingborg d\u00e4r min syster Ella b\u00f6rjade arbeta i en fabrik. Vi var ute och dansade mycket. Det var sv\u00e5rt att leva ett religi\u00f6st liv men det fanns i alla fall judar d\u00e4r. Jag f\u00f6rlorade tron p\u00e5 Gud till en b\u00f6rjan. Det kan inte finnas n\u00e5gon Gud som till\u00e4t det som h\u00e4nde min familj. Hur kan man tro p\u00e5 Gud? N\u00e4r jag fick barn \u00e4ndrades detta. Jag vill g\u00f6ra min mor n\u00f6jd s\u00e5 mina barn fick en judisk uppfostra. Mitt f\u00f6rsta barn Ann f\u00f6ddes i Sverige, Pearl och Stanley i USA. Det var sv\u00e5rt f\u00f6r oss i b\u00f6rjan i USA, min man var ju fr\u00e5n Polen och hade ingen utbildning men min syster hade varit h\u00e4r tre \u00e5r f\u00f6re oss. USA var ett bra val men fr\u00e5n b\u00f6rjan hade vi t\u00e4nkt oss att ta oss till Israel.<\/em><\/p>\n<p>D\u00e5 nedtecknandet skett \u00a0hastigt och med direkt \u00f6vers\u00e4ttning fr\u00e5n engelska \u00e4r sannolikheten stor att mindre misstag smugit sig in i texten.<\/p>\n","protected":false},"excerpt":{"rendered":"<p>USC Shoah Foundation Video nr 26523, Yad Vashem 2014 Henny f\u00f6ddes den 31 december 1928 i Liepaja I Lettland. Hennes pappa var Yitzchok Lewenberg gift med hennes mor Rachel. Fadern hade f\u00f6r \u00f6vrigt deltagit i Lettlands frihetskrig efter F\u00f6rsta v\u00e4rldskriget. Familjen hade ytterligare tv\u00e5 d\u00f6ttrar vid namn Ella och Sarah. Hon anl\u00e4nde till Sverige den &hellip; <\/p>\n<p><a class=\"more-link btn\" href=\"http:\/\/xn--skuggorfrndetfrflutna-02b01b.se\/?page_id=2995\">Forts\u00e4tt l\u00e4sa<\/a><\/p>\n","protected":false},"author":1,"featured_media":0,"parent":0,"menu_order":0,"comment_status":"closed","ping_status":"closed","template":"","meta":{"_monsterinsights_skip_tracking":false,"_monsterinsights_sitenote_active":false,"_monsterinsights_sitenote_note":"","_monsterinsights_sitenote_category":0,"footnotes":""},"class_list":["post-2995","page","type-page","status-publish","hentry","nodate","item-wrap"],"jetpack_sharing_enabled":true,"_links":{"self":[{"href":"http:\/\/xn--skuggorfrndetfrflutna-02b01b.se\/index.php?rest_route=\/wp\/v2\/pages\/2995","targetHints":{"allow":["GET"]}}],"collection":[{"href":"http:\/\/xn--skuggorfrndetfrflutna-02b01b.se\/index.php?rest_route=\/wp\/v2\/pages"}],"about":[{"href":"http:\/\/xn--skuggorfrndetfrflutna-02b01b.se\/index.php?rest_route=\/wp\/v2\/types\/page"}],"author":[{"embeddable":true,"href":"http:\/\/xn--skuggorfrndetfrflutna-02b01b.se\/index.php?rest_route=\/wp\/v2\/users\/1"}],"replies":[{"embeddable":true,"href":"http:\/\/xn--skuggorfrndetfrflutna-02b01b.se\/index.php?rest_route=%2Fwp%2Fv2%2Fcomments&post=2995"}],"version-history":[{"count":2,"href":"http:\/\/xn--skuggorfrndetfrflutna-02b01b.se\/index.php?rest_route=\/wp\/v2\/pages\/2995\/revisions"}],"predecessor-version":[{"id":3165,"href":"http:\/\/xn--skuggorfrndetfrflutna-02b01b.se\/index.php?rest_route=\/wp\/v2\/pages\/2995\/revisions\/3165"}],"wp:attachment":[{"href":"http:\/\/xn--skuggorfrndetfrflutna-02b01b.se\/index.php?rest_route=%2Fwp%2Fv2%2Fmedia&parent=2995"}],"curies":[{"name":"wp","href":"https:\/\/api.w.org\/{rel}","templated":true}]}}