{"id":2811,"date":"2016-07-02T10:31:31","date_gmt":"2016-07-02T10:31:31","guid":{"rendered":"http:\/\/skugg.wopsa.se\/?page_id=2811"},"modified":"2016-07-02T10:31:31","modified_gmt":"2016-07-02T10:31:31","slug":"felicija-f","status":"publish","type":"page","link":"http:\/\/xn--skuggorfrndetfrflutna-02b01b.se\/?page_id=2811","title":{"rendered":"Felicija F"},"content":{"rendered":"<p style=\"text-align: justify;\">Felicija F f\u00f6ddes 4 juli 1912 i Lodz, Polen. Hon v\u00e4xte upp d\u00e4r tillsammans med sin pappa Szmul P F, sin mamma Sara F och sina tv\u00e5 br\u00f6der. Felicija gick fyra \u00e5r i folkskola och en fem \u00e5r p\u00e5 gymnasiet. I mars 1937 gifte hon sig med kontoristen Mojzesz C. Under sin tid tillsammans jobbade Felicija som korrekturl\u00e4sare p\u00e5 ett tryckeri. N\u00e4r han deporterades \u00e4r oklart men han dog troligen i tuberkulos under vistelse i ett koncentrationsl\u00e4ger.<\/p>\n<p style=\"text-align: justify;\">1939 flydde hennes tv\u00e5 br\u00f6der till Sovjet Unionen i hopp om att slippa f\u00f6rf\u00f6ljelse. Efter flytten har hon inte h\u00f6rt fr\u00e5n dem och hon antar att de blev d\u00f6dade, antingen direkt vid ankomsten eller efter att de hamnat i arbetsl\u00e4ger. I juli 1942 f\u00f6rsvann \u00e4ven b\u00e5da hennes f\u00f6r\u00e4ldrar. De blev avr\u00e4ttade, troligen med nackskott.<\/p>\n<p style=\"text-align: justify;\">P\u00e5 grund av sin judiska b\u00f6rd blev Felicija F arresterad 25 april 1943. Hon skickades d\u00e5 till f\u00f6rintelsel\u00e4gret vid Lublin, massm\u00f6rdarfabriken Majdanek. Hur l\u00e4nge hon var d\u00e4r kunde hon inte ange i polisf\u00f6rh\u00f6ren vid ankomsten till Sverige. D\u00e4refter skickades hon mellan olika mindre l\u00e4ger i Polen, bland annat koncentrationsl\u00e4gret i Radom d\u00e4r hon var i 14 m\u00e5nader. Fr\u00e5n Radom skickades hon till Auschwitz d\u00e4r hon var i tv\u00e5 m\u00e5nader. I Auschwitz tappade alla deporterade sitt namn och man fick i st\u00e4llet ett nummer intatuerat p\u00e5 sin v\u00e4nstra underarm. Felicija F fick nummer 24532. Efter en tid f\u00f6rflyttades hon till Ravensbr\u00fcck som var bel\u00e4get i norra Tyskland. Ravensbr\u00fcck var det st\u00f6rsta l\u00e4gret endast f\u00f6r kvinnor. Felicija sependerade sedan en kort tid i Malhof.<\/p>\n<p style=\"text-align: justify;\"><span id=\"more-2593\"><\/span>Den 25 april 1945 sl\u00e4pptes Felicija F ut ur l\u00e4gret Malhof. D\u00e4r ifr\u00e5n h\u00e4mtades hon med det svenska R\u00f6dakorsets vita bussar. Dessa operationer leddes av greve Folke Bernadotte. Fr\u00e5n b\u00f6rjan var de menade till att bara ta med skandinaviska f\u00e5ngar men vi ankomsten besl\u00f6t de att ta med s\u00e5 m\u00e5nga som m\u00f6jligt. N\u00e4r hon anl\u00e4nde till Sverige 28 april 1945 v\u00e4gde hon 40,2 kg och blev inkvarterad p\u00e5 beredskapssjukhuset i Lund. I Lund befann hon sig tills hon \u00e5kte med t\u00e5g till \u00d6rebro 25 maj. Hon blev friskf\u00f6rklarad fr\u00e5n hepatit och gulsot p\u00e5 Engelbrektsskolan 6 augusti 1945. Hon bodde kvar p\u00e5 beredskapssjukhuset till 28 december, hon arbetade \u00e4ven d\u00e4r som st\u00e4derska f\u00f6r en l\u00f6n p\u00e5 50 kronor i m\u00e5naden. Efter sin tid p\u00e5 sjukhuset flyttade hon till Storgatan 8 i \u00d6rebro. N\u00e4r Felicija bodde d\u00e4r jobbade hon p\u00e5 skofabriken J.Pehrsson &amp; co och sedan p\u00e5 Pappersbruket i \u00d6rebro.<\/p>\n<p style=\"text-align: justify;\">I juli 1946 fick hon till\u00e5telse att flytta till Stockholm. D\u00e4r arbetade hon hos L.M Ericsson. I april 1947 var hon \u00e5ter i \u00d6rebro och jobbade p\u00e5 skofabriken igen. Hennes vistelse i \u00d6rebro blev inte s\u00e4rskilt l\u00e5ngvarig. I oktober 1947 \u00e5terv\u00e4nde hon till sitt hemland Polen. Felicija F hade \u00e4ven planer p\u00e5 att emigrera till USA.<\/p>\n<p style=\"text-align: justify;\">K\u00e4lla: Dossier Statens utl\u00e4nningskommission, Riksarkivet<\/p>\n<p style=\"text-align: justify;\">Lina 9A vt16<\/p>\n","protected":false},"excerpt":{"rendered":"<p>Felicija F f\u00f6ddes 4 juli 1912 i Lodz, Polen. Hon v\u00e4xte upp d\u00e4r tillsammans med sin pappa Szmul P F, sin mamma Sara F och sina tv\u00e5 br\u00f6der. Felicija gick fyra \u00e5r i folkskola och en fem \u00e5r p\u00e5 gymnasiet. I mars 1937 gifte hon sig med kontoristen Mojzesz C. Under sin tid tillsammans jobbade &hellip; <\/p>\n<p><a class=\"more-link btn\" href=\"http:\/\/xn--skuggorfrndetfrflutna-02b01b.se\/?page_id=2811\">Forts\u00e4tt l\u00e4sa<\/a><\/p>\n","protected":false},"author":1,"featured_media":0,"parent":0,"menu_order":0,"comment_status":"closed","ping_status":"closed","template":"","meta":{"_monsterinsights_skip_tracking":false,"_monsterinsights_sitenote_active":false,"_monsterinsights_sitenote_note":"","_monsterinsights_sitenote_category":0,"footnotes":""},"class_list":["post-2811","page","type-page","status-publish","hentry","nodate","item-wrap"],"jetpack_sharing_enabled":true,"_links":{"self":[{"href":"http:\/\/xn--skuggorfrndetfrflutna-02b01b.se\/index.php?rest_route=\/wp\/v2\/pages\/2811","targetHints":{"allow":["GET"]}}],"collection":[{"href":"http:\/\/xn--skuggorfrndetfrflutna-02b01b.se\/index.php?rest_route=\/wp\/v2\/pages"}],"about":[{"href":"http:\/\/xn--skuggorfrndetfrflutna-02b01b.se\/index.php?rest_route=\/wp\/v2\/types\/page"}],"author":[{"embeddable":true,"href":"http:\/\/xn--skuggorfrndetfrflutna-02b01b.se\/index.php?rest_route=\/wp\/v2\/users\/1"}],"replies":[{"embeddable":true,"href":"http:\/\/xn--skuggorfrndetfrflutna-02b01b.se\/index.php?rest_route=%2Fwp%2Fv2%2Fcomments&post=2811"}],"version-history":[{"count":1,"href":"http:\/\/xn--skuggorfrndetfrflutna-02b01b.se\/index.php?rest_route=\/wp\/v2\/pages\/2811\/revisions"}],"predecessor-version":[{"id":2813,"href":"http:\/\/xn--skuggorfrndetfrflutna-02b01b.se\/index.php?rest_route=\/wp\/v2\/pages\/2811\/revisions\/2813"}],"wp:attachment":[{"href":"http:\/\/xn--skuggorfrndetfrflutna-02b01b.se\/index.php?rest_route=%2Fwp%2Fv2%2Fmedia&parent=2811"}],"curies":[{"name":"wp","href":"https:\/\/api.w.org\/{rel}","templated":true}]}}

<p style="text-align: justify;">Felicija F föddes 4 juli 1912 i Lodz, Polen. Hon växte upp där tillsammans med sin pappa Szmul P F, sin mamma Sara F och sina två bröder. Felicija gick fyra år i folkskola och en fem år på gymnasiet. I mars 1937 gifte hon sig med kontoristen Mojzesz C. Under sin tid tillsammans jobbade Felicija som korrekturläsare på ett tryckeri. När han deporterades är oklart men han dog troligen i tuberkulos under vistelse i ett koncentrationsläger.</p>
<p style="text-align: justify;">1939 flydde hennes två bröder till Sovjet Unionen i hopp om att slippa förföljelse. Efter flytten har hon inte hört från dem och hon antar att de blev dödade, antingen direkt vid ankomsten eller efter att de hamnat i arbetsläger. I juli 1942 försvann även båda hennes föräldrar. De blev avrättade, troligen med nackskott.</p>
<p style="text-align: justify;">På grund av sin judiska börd blev Felicija F arresterad 25 april 1943. Hon skickades då till förintelselägret vid Lublin, massmördarfabriken Majdanek. Hur länge hon var där kunde hon inte ange i polisförhören vid ankomsten till Sverige. Därefter skickades hon mellan olika mindre läger i Polen, bland annat koncentrationslägret i Radom där hon var i 14 månader. Från Radom skickades hon till Auschwitz där hon var i två månader. I Auschwitz tappade alla deporterade sitt namn och man fick i stället ett nummer intatuerat på sin vänstra underarm. Felicija F fick nummer 24532. Efter en tid förflyttades hon till Ravensbrück som var beläget i norra Tyskland. Ravensbrück var det största lägret endast för kvinnor. Felicija sependerade sedan en kort tid i Malhof.</p>
<p style="text-align: justify;"><span id="more-2593"></span>Den 25 april 1945 släpptes Felicija F ut ur lägret Malhof. Där ifrån hämtades hon med det svenska Rödakorsets vita bussar. Dessa operationer leddes av greve Folke Bernadotte. Från början var de menade till att bara ta med skandinaviska fångar men vi ankomsten beslöt de att ta med så många som möjligt. När hon anlände till Sverige 28 april 1945 vägde hon 40,2 kg och blev inkvarterad på beredskapssjukhuset i Lund. I Lund befann hon sig tills hon åkte med tåg till Örebro 25 maj. Hon blev friskförklarad från hepatit och gulsot på Engelbrektsskolan 6 augusti 1945. Hon bodde kvar på beredskapssjukhuset till 28 december, hon arbetade även där som städerska för en lön på 50 kronor i månaden. Efter sin tid på sjukhuset flyttade hon till Storgatan 8 i Örebro. När Felicija bodde där jobbade hon på skofabriken J.Pehrsson &amp; co och sedan på Pappersbruket i Örebro.</p>
<p style="text-align: justify;">I juli 1946 fick hon tillåtelse att flytta till Stockholm. Där arbetade hon hos L.M Ericsson. I april 1947 var hon åter i Örebro och jobbade på skofabriken igen. Hennes vistelse i Örebro blev inte särskilt långvarig. I oktober 1947 återvände hon till sitt hemland Polen. Felicija F hade även planer på att emigrera till USA.</p>
<p style="text-align: justify;">Källa: Dossier Statens utlänningskommission, Riksarkivet</p>
<p style="text-align: justify;">Lina 9A vt16</p>

<p>Felicija F föddes 4 juli 1912 i Lodz, Polen. Hon växte upp där tillsammans med sin pappa Szmul P F, sin mamma Sara F och sina två bröder. Felicija gick fyra år i folkskola och en fem år på gymnasiet. I mars 1937 gifte hon sig med kontoristen Mojzesz C. Under sin tid tillsammans jobbade &hellip; </p>
<p><a class="more-link btn" href="http://xn--skuggorfrndetfrflutna-02b01b.se/?page_id=2811">Fortsätt läsa</a></p>
