{"id":2801,"date":"2016-07-02T10:19:05","date_gmt":"2016-07-02T10:19:05","guid":{"rendered":"http:\/\/skugg.wopsa.se\/?page_id=2801"},"modified":"2016-07-02T10:19:31","modified_gmt":"2016-07-02T10:19:31","slug":"sofia-k","status":"publish","type":"page","link":"http:\/\/xn--skuggorfrndetfrflutna-02b01b.se\/?page_id=2801","title":{"rendered":"Sofia K"},"content":{"rendered":"<p style=\"text-align: justify;\">Sofia K f\u00f6ddes den 1 december 1894 i Talpoca, Ungern. Hon v\u00e4xte upp med sin pappa Heinrich, sin mamma Ernestine och med sin bror. Hon utbildade sig i folkh\u00f6gskola och hennes yrke vart sedan \u201chemmafru\u201d. Hon arresterades den 13 oktober 1944 och f\u00f6rdes till arbetsl\u00e4ger i Ungern (Bozsok) f\u00f6r att gr\u00e4va skyttegravar. I december 1944 skickades hon till koncentrationsl\u00e4gret Bergen-Belsen men hon blev sjuk i Tyfus s\u00e5 hon flyttades den 15 april till sjukhus i Bergen.<\/p>\n<p style=\"text-align: justify;\">I juni 1945 sl\u00e4pptes hon fri genom r\u00f6da korset till Sverige. Hon kom in i Sverige till Malm\u00f6 och \u00e5kte sedan till \u00d6rebro till Engelbrektsskolan. N\u00e4r hon blev friskf\u00f6rklarad den 2 november 1946 s\u00e5 flyttade hon till Garphyttan. Hon fick ett jobb som k\u00f6ksbitr\u00e4de hos Garphyttans Senatorium och tj\u00e4nade 80 kronor i m\u00e5naden. Hennes f\u00f6r\u00e4ldrar blev d\u00f6dade f\u00f6r m\u00e5nga \u00e5r tillbaka och hennes bror blev tidigt skickad till koncentrationsl\u00e4ger i Tyskland. Hennes framtidsplaner var att om n\u00e5gon i hennes sl\u00e4kt lever s\u00e5 vill hon \u00e5terv\u00e4nda till Ungern, annars ville hon stanna i Sverige eftersom hon \u00e4r n\u00f6jd med sitt jobb h\u00e4r.<\/p>\n<p style=\"text-align: justify;\">K\u00e4lla: Dossier Statens utl\u00e4nningskommission, Riksarkivet<\/p>\n<p style=\"text-align: justify;\">9A, Fanny, vt 2016<\/p>\n","protected":false},"excerpt":{"rendered":"<p>Sofia K f\u00f6ddes den 1 december 1894 i Talpoca, Ungern. Hon v\u00e4xte upp med sin pappa Heinrich, sin mamma Ernestine och med sin bror. Hon utbildade sig i folkh\u00f6gskola och hennes yrke vart sedan \u201chemmafru\u201d. Hon arresterades den 13 oktober 1944 och f\u00f6rdes till arbetsl\u00e4ger i Ungern (Bozsok) f\u00f6r att gr\u00e4va skyttegravar. I december 1944 &hellip; <\/p>\n<p><a class=\"more-link btn\" href=\"http:\/\/xn--skuggorfrndetfrflutna-02b01b.se\/?page_id=2801\">Forts\u00e4tt l\u00e4sa<\/a><\/p>\n","protected":false},"author":1,"featured_media":0,"parent":0,"menu_order":0,"comment_status":"closed","ping_status":"closed","template":"","meta":{"_monsterinsights_skip_tracking":false,"_monsterinsights_sitenote_active":false,"_monsterinsights_sitenote_note":"","_monsterinsights_sitenote_category":0,"footnotes":""},"class_list":["post-2801","page","type-page","status-publish","hentry","nodate","item-wrap"],"jetpack_sharing_enabled":true,"_links":{"self":[{"href":"http:\/\/xn--skuggorfrndetfrflutna-02b01b.se\/index.php?rest_route=\/wp\/v2\/pages\/2801","targetHints":{"allow":["GET"]}}],"collection":[{"href":"http:\/\/xn--skuggorfrndetfrflutna-02b01b.se\/index.php?rest_route=\/wp\/v2\/pages"}],"about":[{"href":"http:\/\/xn--skuggorfrndetfrflutna-02b01b.se\/index.php?rest_route=\/wp\/v2\/types\/page"}],"author":[{"embeddable":true,"href":"http:\/\/xn--skuggorfrndetfrflutna-02b01b.se\/index.php?rest_route=\/wp\/v2\/users\/1"}],"replies":[{"embeddable":true,"href":"http:\/\/xn--skuggorfrndetfrflutna-02b01b.se\/index.php?rest_route=%2Fwp%2Fv2%2Fcomments&post=2801"}],"version-history":[{"count":2,"href":"http:\/\/xn--skuggorfrndetfrflutna-02b01b.se\/index.php?rest_route=\/wp\/v2\/pages\/2801\/revisions"}],"predecessor-version":[{"id":2804,"href":"http:\/\/xn--skuggorfrndetfrflutna-02b01b.se\/index.php?rest_route=\/wp\/v2\/pages\/2801\/revisions\/2804"}],"wp:attachment":[{"href":"http:\/\/xn--skuggorfrndetfrflutna-02b01b.se\/index.php?rest_route=%2Fwp%2Fv2%2Fmedia&parent=2801"}],"curies":[{"name":"wp","href":"https:\/\/api.w.org\/{rel}","templated":true}]}}

<p style="text-align: justify;">Sofia K föddes den 1 december 1894 i Talpoca, Ungern. Hon växte upp med sin pappa Heinrich, sin mamma Ernestine och med sin bror. Hon utbildade sig i folkhögskola och hennes yrke vart sedan “hemmafru”. Hon arresterades den 13 oktober 1944 och fördes till arbetsläger i Ungern (Bozsok) för att gräva skyttegravar. I december 1944 skickades hon till koncentrationslägret Bergen-Belsen men hon blev sjuk i Tyfus så hon flyttades den 15 april till sjukhus i Bergen.</p>
<p style="text-align: justify;">I juni 1945 släpptes hon fri genom röda korset till Sverige. Hon kom in i Sverige till Malmö och åkte sedan till Örebro till Engelbrektsskolan. När hon blev friskförklarad den 2 november 1946 så flyttade hon till Garphyttan. Hon fick ett jobb som köksbiträde hos Garphyttans Senatorium och tjänade 80 kronor i månaden. Hennes föräldrar blev dödade för många år tillbaka och hennes bror blev tidigt skickad till koncentrationsläger i Tyskland. Hennes framtidsplaner var att om någon i hennes släkt lever så vill hon återvända till Ungern, annars ville hon stanna i Sverige eftersom hon är nöjd med sitt jobb här.</p>
<p style="text-align: justify;">Källa: Dossier Statens utlänningskommission, Riksarkivet</p>
<p style="text-align: justify;">9A, Fanny, vt 2016</p>

<p>Sofia K föddes den 1 december 1894 i Talpoca, Ungern. Hon växte upp med sin pappa Heinrich, sin mamma Ernestine och med sin bror. Hon utbildade sig i folkhögskola och hennes yrke vart sedan “hemmafru”. Hon arresterades den 13 oktober 1944 och fördes till arbetsläger i Ungern (Bozsok) för att gräva skyttegravar. I december 1944 &hellip; </p>
<p><a class="more-link btn" href="http://xn--skuggorfrndetfrflutna-02b01b.se/?page_id=2801">Fortsätt läsa</a></p>
