{"id":2777,"date":"2016-07-02T09:37:33","date_gmt":"2016-07-02T09:37:33","guid":{"rendered":"http:\/\/skugg.wopsa.se\/?page_id=2777"},"modified":"2016-07-02T09:37:33","modified_gmt":"2016-07-02T09:37:33","slug":"auschwitz-birkenau-2","status":"publish","type":"page","link":"http:\/\/xn--skuggorfrndetfrflutna-02b01b.se\/?page_id=2777","title":{"rendered":"Auschwitz-Birkenau"},"content":{"rendered":"<p style=\"text-align: justify;\">Auschwitz-Birkenau l\u00e5g i Polen och var det st\u00f6rsta och mest brutala nazityska koncentrations- och f\u00f6rintelsel\u00e4gret. Det var uppdelat i tre delar d\u00e4r Birkenau var den del d\u00e4r gaskamrar och krematorier fanns och det var h\u00e4r det systematiska m\u00f6rdandet av judar p\u00e5gick.<\/p>\n<p style=\"text-align: justify;\">Det var i b\u00f6rjan av 1942 man b\u00f6rjade anv\u00e4nda tv\u00e5 provisoriska gaskamrar i Birkenau. De hade kapacitet f\u00f6r ca.1000 personer och man anv\u00e4nde gasen Zyklon-B f\u00f6r att ta d\u00f6d p\u00e5 sina offer. Offrens kroppar kastades i massgravar som sedan br\u00e4ndes. V\u00e5ren 1943 ersattes de provisoriska gaskamrarna med fyra nybyggda som ocks\u00e5 hade f\u00f6rbr\u00e4nningsugnar\/ krematorier. Dessa hade en kapacitet p\u00e5 4416 personer\/ dygn. Man kunde ocks\u00e5 \u00f6ka kapaciteten till 8000 personer\/ dygn genom att f\u00f6rkorta kremeringstiden. H\u00e4r m\u00f6rdades omkring 1 miljon m\u00e4nniskor under andra v\u00e4rldskriget.<\/p>\n<p style=\"text-align: justify;\">Birkenau byggdes hela tiden ut och blev det st\u00f6rsta l\u00e4gret med \u00f6ver 250 baracker. den st\u00f6rsta delen av f\u00e5ngarna var judar som kom fr\u00e5n de tyskkontrollerade l\u00e4nderna. I b\u00f6rjan av 1943 inr\u00e4ttades en s\u00e4rskild l\u00e4gerdel f\u00f6r romer dit deporterades omkring 23 000.<\/p>\n<p style=\"text-align: justify;\">K\u00e4llor: Wikipedia, levandehistoria.se<\/p>\n<p style=\"text-align: justify;\">Julia A 9a, vt 2016<\/p>\n","protected":false},"excerpt":{"rendered":"<p>Auschwitz-Birkenau l\u00e5g i Polen och var det st\u00f6rsta och mest brutala nazityska koncentrations- och f\u00f6rintelsel\u00e4gret. Det var uppdelat i tre delar d\u00e4r Birkenau var den del d\u00e4r gaskamrar och krematorier fanns och det var h\u00e4r det systematiska m\u00f6rdandet av judar p\u00e5gick. Det var i b\u00f6rjan av 1942 man b\u00f6rjade anv\u00e4nda tv\u00e5 provisoriska gaskamrar i Birkenau. &hellip; <\/p>\n<p><a class=\"more-link btn\" href=\"http:\/\/xn--skuggorfrndetfrflutna-02b01b.se\/?page_id=2777\">Forts\u00e4tt l\u00e4sa<\/a><\/p>\n","protected":false},"author":1,"featured_media":0,"parent":0,"menu_order":0,"comment_status":"closed","ping_status":"closed","template":"","meta":{"_monsterinsights_skip_tracking":false,"_monsterinsights_sitenote_active":false,"_monsterinsights_sitenote_note":"","_monsterinsights_sitenote_category":0,"footnotes":""},"class_list":["post-2777","page","type-page","status-publish","hentry","nodate","item-wrap"],"jetpack_sharing_enabled":true,"_links":{"self":[{"href":"http:\/\/xn--skuggorfrndetfrflutna-02b01b.se\/index.php?rest_route=\/wp\/v2\/pages\/2777","targetHints":{"allow":["GET"]}}],"collection":[{"href":"http:\/\/xn--skuggorfrndetfrflutna-02b01b.se\/index.php?rest_route=\/wp\/v2\/pages"}],"about":[{"href":"http:\/\/xn--skuggorfrndetfrflutna-02b01b.se\/index.php?rest_route=\/wp\/v2\/types\/page"}],"author":[{"embeddable":true,"href":"http:\/\/xn--skuggorfrndetfrflutna-02b01b.se\/index.php?rest_route=\/wp\/v2\/users\/1"}],"replies":[{"embeddable":true,"href":"http:\/\/xn--skuggorfrndetfrflutna-02b01b.se\/index.php?rest_route=%2Fwp%2Fv2%2Fcomments&post=2777"}],"version-history":[{"count":1,"href":"http:\/\/xn--skuggorfrndetfrflutna-02b01b.se\/index.php?rest_route=\/wp\/v2\/pages\/2777\/revisions"}],"predecessor-version":[{"id":2779,"href":"http:\/\/xn--skuggorfrndetfrflutna-02b01b.se\/index.php?rest_route=\/wp\/v2\/pages\/2777\/revisions\/2779"}],"wp:attachment":[{"href":"http:\/\/xn--skuggorfrndetfrflutna-02b01b.se\/index.php?rest_route=%2Fwp%2Fv2%2Fmedia&parent=2777"}],"curies":[{"name":"wp","href":"https:\/\/api.w.org\/{rel}","templated":true}]}}

<p style="text-align: justify;">Auschwitz-Birkenau låg i Polen och var det största och mest brutala nazityska koncentrations- och förintelselägret. Det var uppdelat i tre delar där Birkenau var den del där gaskamrar och krematorier fanns och det var här det systematiska mördandet av judar pågick.</p>
<p style="text-align: justify;">Det var i början av 1942 man började använda två provisoriska gaskamrar i Birkenau. De hade kapacitet för ca.1000 personer och man använde gasen Zyklon-B för att ta död på sina offer. Offrens kroppar kastades i massgravar som sedan brändes. Våren 1943 ersattes de provisoriska gaskamrarna med fyra nybyggda som också hade förbränningsugnar/ krematorier. Dessa hade en kapacitet på 4416 personer/ dygn. Man kunde också öka kapaciteten till 8000 personer/ dygn genom att förkorta kremeringstiden. Här mördades omkring 1 miljon människor under andra världskriget.</p>
<p style="text-align: justify;">Birkenau byggdes hela tiden ut och blev det största lägret med över 250 baracker. den största delen av fångarna var judar som kom från de tyskkontrollerade länderna. I början av 1943 inrättades en särskild lägerdel för romer dit deporterades omkring 23 000.</p>
<p style="text-align: justify;">Källor: Wikipedia, levandehistoria.se</p>
<p style="text-align: justify;">Julia A 9a, vt 2016</p>

<p>Auschwitz-Birkenau låg i Polen och var det största och mest brutala nazityska koncentrations- och förintelselägret. Det var uppdelat i tre delar där Birkenau var den del där gaskamrar och krematorier fanns och det var här det systematiska mördandet av judar pågick. Det var i början av 1942 man började använda två provisoriska gaskamrar i Birkenau. &hellip; </p>
<p><a class="more-link btn" href="http://xn--skuggorfrndetfrflutna-02b01b.se/?page_id=2777">Fortsätt läsa</a></p>
