{"id":2340,"date":"2016-02-08T17:12:57","date_gmt":"2016-02-08T17:12:57","guid":{"rendered":"http:\/\/skugg.wopsa.se\/?page_id=2340"},"modified":"2016-02-09T19:48:51","modified_gmt":"2016-02-09T19:48:51","slug":"majdanek","status":"publish","type":"page","link":"http:\/\/xn--skuggorfrndetfrflutna-02b01b.se\/?page_id=2340","title":{"rendered":"Majdanek (KL Lublin)"},"content":{"rendered":"<p><a href=\"http:\/\/www.levandehistoria.se\/fakta-om-forintelsen\/forintelsen\/forintelselager\/majdanek\" target=\"_blank\">Klicka h\u00e4r f\u00f6r att komma till bra fakta om Majdanek!<\/a><\/p>\n<p><a href=\"http:\/\/skugg.wopsa.se\/?attachment_id=2341\" rel=\"attachment wp-att-2341\"><img loading=\"lazy\" decoding=\"async\" class=\"alignnone size-large wp-image-2341\" src=\"http:\/\/skugg.wopsa.se\/wp-content\/uploads\/2016\/02\/Polen-Ukraina-2012-365-1024x680.jpg\" alt=\"Polen Ukraina 2012 365\" width=\"1024\" height=\"680\" srcset=\"http:\/\/xn--skuggorfrndetfrflutna-02b01b.se\/wp-content\/uploads\/2016\/02\/Polen-Ukraina-2012-365-1024x680.jpg 1024w, http:\/\/xn--skuggorfrndetfrflutna-02b01b.se\/wp-content\/uploads\/2016\/02\/Polen-Ukraina-2012-365-300x199.jpg 300w, http:\/\/xn--skuggorfrndetfrflutna-02b01b.se\/wp-content\/uploads\/2016\/02\/Polen-Ukraina-2012-365-768x510.jpg 768w\" sizes=\"auto, (max-width: 1024px) 100vw, 1024px\" \/><\/a> <a href=\"http:\/\/skugg.wopsa.se\/?attachment_id=2342\" rel=\"attachment wp-att-2342\"><img loading=\"lazy\" decoding=\"async\" class=\"alignnone size-large wp-image-2342\" src=\"http:\/\/skugg.wopsa.se\/wp-content\/uploads\/2016\/02\/Polen-Ukraina-2012-371-1024x680.jpg\" alt=\"Polen Ukraina 2012 371\" width=\"1024\" height=\"680\" srcset=\"http:\/\/xn--skuggorfrndetfrflutna-02b01b.se\/wp-content\/uploads\/2016\/02\/Polen-Ukraina-2012-371-1024x680.jpg 1024w, http:\/\/xn--skuggorfrndetfrflutna-02b01b.se\/wp-content\/uploads\/2016\/02\/Polen-Ukraina-2012-371-300x199.jpg 300w, http:\/\/xn--skuggorfrndetfrflutna-02b01b.se\/wp-content\/uploads\/2016\/02\/Polen-Ukraina-2012-371-768x510.jpg 768w\" sizes=\"auto, (max-width: 1024px) 100vw, 1024px\" \/><\/a> <a href=\"http:\/\/skugg.wopsa.se\/?attachment_id=2343\" rel=\"attachment wp-att-2343\"><img loading=\"lazy\" decoding=\"async\" class=\"alignnone size-large wp-image-2343\" src=\"http:\/\/skugg.wopsa.se\/wp-content\/uploads\/2016\/02\/Polen-Ukraina-2012-385-1024x680.jpg\" alt=\"Polen Ukraina 2012 385\" width=\"1024\" height=\"680\" srcset=\"http:\/\/xn--skuggorfrndetfrflutna-02b01b.se\/wp-content\/uploads\/2016\/02\/Polen-Ukraina-2012-385-1024x680.jpg 1024w, http:\/\/xn--skuggorfrndetfrflutna-02b01b.se\/wp-content\/uploads\/2016\/02\/Polen-Ukraina-2012-385-300x199.jpg 300w, http:\/\/xn--skuggorfrndetfrflutna-02b01b.se\/wp-content\/uploads\/2016\/02\/Polen-Ukraina-2012-385-768x510.jpg 768w\" sizes=\"auto, (max-width: 1024px) 100vw, 1024px\" \/><\/a> <a href=\"http:\/\/skugg.wopsa.se\/?attachment_id=2344\" rel=\"attachment wp-att-2344\"><img loading=\"lazy\" decoding=\"async\" class=\"alignnone size-large wp-image-2344\" src=\"http:\/\/skugg.wopsa.se\/wp-content\/uploads\/2016\/02\/Polen-Ukraina-2012-391-1024x680.jpg\" alt=\"Polen Ukraina 2012 391\" width=\"1024\" height=\"680\" srcset=\"http:\/\/xn--skuggorfrndetfrflutna-02b01b.se\/wp-content\/uploads\/2016\/02\/Polen-Ukraina-2012-391-1024x680.jpg 1024w, http:\/\/xn--skuggorfrndetfrflutna-02b01b.se\/wp-content\/uploads\/2016\/02\/Polen-Ukraina-2012-391-300x199.jpg 300w, http:\/\/xn--skuggorfrndetfrflutna-02b01b.se\/wp-content\/uploads\/2016\/02\/Polen-Ukraina-2012-391-768x510.jpg 768w\" sizes=\"auto, (max-width: 1024px) 100vw, 1024px\" \/><\/a> <a href=\"http:\/\/skugg.wopsa.se\/?attachment_id=2345\" rel=\"attachment wp-att-2345\"><img loading=\"lazy\" decoding=\"async\" class=\"alignnone size-large wp-image-2345\" src=\"http:\/\/skugg.wopsa.se\/wp-content\/uploads\/2016\/02\/Polen-Ukraina-2012-399-1024x680.jpg\" alt=\"Polen Ukraina 2012 399\" width=\"1024\" height=\"680\" srcset=\"http:\/\/xn--skuggorfrndetfrflutna-02b01b.se\/wp-content\/uploads\/2016\/02\/Polen-Ukraina-2012-399-1024x680.jpg 1024w, http:\/\/xn--skuggorfrndetfrflutna-02b01b.se\/wp-content\/uploads\/2016\/02\/Polen-Ukraina-2012-399-300x199.jpg 300w, http:\/\/xn--skuggorfrndetfrflutna-02b01b.se\/wp-content\/uploads\/2016\/02\/Polen-Ukraina-2012-399-768x510.jpg 768w\" sizes=\"auto, (max-width: 1024px) 100vw, 1024px\" \/><\/a> <a href=\"http:\/\/skugg.wopsa.se\/?attachment_id=2346\" rel=\"attachment wp-att-2346\"><img loading=\"lazy\" decoding=\"async\" class=\"alignnone size-large wp-image-2346\" src=\"http:\/\/skugg.wopsa.se\/wp-content\/uploads\/2016\/02\/Polen-Ukraina-2012-403-680x1024.jpg\" alt=\"Polen Ukraina 2012 403\" width=\"680\" height=\"1024\" srcset=\"http:\/\/xn--skuggorfrndetfrflutna-02b01b.se\/wp-content\/uploads\/2016\/02\/Polen-Ukraina-2012-403-680x1024.jpg 680w, http:\/\/xn--skuggorfrndetfrflutna-02b01b.se\/wp-content\/uploads\/2016\/02\/Polen-Ukraina-2012-403-199x300.jpg 199w, http:\/\/xn--skuggorfrndetfrflutna-02b01b.se\/wp-content\/uploads\/2016\/02\/Polen-Ukraina-2012-403-768x1156.jpg 768w\" sizes=\"auto, (max-width: 680px) 100vw, 680px\" \/><\/a> <a href=\"http:\/\/skugg.wopsa.se\/?attachment_id=2348\" rel=\"attachment wp-att-2348\"><img loading=\"lazy\" decoding=\"async\" class=\"alignnone size-large wp-image-2348\" src=\"http:\/\/skugg.wopsa.se\/wp-content\/uploads\/2016\/02\/Polen-Ukraina-2012-436-1024x680.jpg\" alt=\"Polen Ukraina 2012 436\" width=\"1024\" height=\"680\" srcset=\"http:\/\/xn--skuggorfrndetfrflutna-02b01b.se\/wp-content\/uploads\/2016\/02\/Polen-Ukraina-2012-436-1024x680.jpg 1024w, http:\/\/xn--skuggorfrndetfrflutna-02b01b.se\/wp-content\/uploads\/2016\/02\/Polen-Ukraina-2012-436-300x199.jpg 300w, http:\/\/xn--skuggorfrndetfrflutna-02b01b.se\/wp-content\/uploads\/2016\/02\/Polen-Ukraina-2012-436-768x510.jpg 768w\" sizes=\"auto, (max-width: 1024px) 100vw, 1024px\" \/><\/a> <a href=\"http:\/\/skugg.wopsa.se\/?attachment_id=2349\" rel=\"attachment wp-att-2349\"><img loading=\"lazy\" decoding=\"async\" class=\"alignnone size-large wp-image-2349\" src=\"http:\/\/skugg.wopsa.se\/wp-content\/uploads\/2016\/02\/Polen-Ukraina-2012-444-1024x680.jpg\" alt=\"Polen Ukraina 2012 444\" width=\"1024\" height=\"680\" srcset=\"http:\/\/xn--skuggorfrndetfrflutna-02b01b.se\/wp-content\/uploads\/2016\/02\/Polen-Ukraina-2012-444-1024x680.jpg 1024w, http:\/\/xn--skuggorfrndetfrflutna-02b01b.se\/wp-content\/uploads\/2016\/02\/Polen-Ukraina-2012-444-300x199.jpg 300w, http:\/\/xn--skuggorfrndetfrflutna-02b01b.se\/wp-content\/uploads\/2016\/02\/Polen-Ukraina-2012-444-768x510.jpg 768w\" sizes=\"auto, (max-width: 1024px) 100vw, 1024px\" \/><\/a> <a href=\"http:\/\/skugg.wopsa.se\/?attachment_id=2350\" rel=\"attachment wp-att-2350\"><img loading=\"lazy\" decoding=\"async\" class=\"alignnone size-large wp-image-2350\" src=\"http:\/\/skugg.wopsa.se\/wp-content\/uploads\/2016\/02\/Polen-Ukraina-2012-471-1024x680.jpg\" alt=\"Polen Ukraina 2012 471\" width=\"1024\" height=\"680\" srcset=\"http:\/\/xn--skuggorfrndetfrflutna-02b01b.se\/wp-content\/uploads\/2016\/02\/Polen-Ukraina-2012-471-1024x680.jpg 1024w, http:\/\/xn--skuggorfrndetfrflutna-02b01b.se\/wp-content\/uploads\/2016\/02\/Polen-Ukraina-2012-471-300x199.jpg 300w, http:\/\/xn--skuggorfrndetfrflutna-02b01b.se\/wp-content\/uploads\/2016\/02\/Polen-Ukraina-2012-471-768x510.jpg 768w\" sizes=\"auto, (max-width: 1024px) 100vw, 1024px\" \/><\/a><\/p>\n<p>K\u00e4lla: Mikael Enoksson 2012.<\/p>\n","protected":false},"excerpt":{"rendered":"<p>Klicka h\u00e4r f\u00f6r att komma till bra fakta om Majdanek! K\u00e4lla: Mikael Enoksson 2012.<\/p>\n","protected":false},"author":1,"featured_media":0,"parent":0,"menu_order":0,"comment_status":"closed","ping_status":"closed","template":"","meta":{"_monsterinsights_skip_tracking":false,"_monsterinsights_sitenote_active":false,"_monsterinsights_sitenote_note":"","_monsterinsights_sitenote_category":0,"footnotes":""},"class_list":["post-2340","page","type-page","status-publish","hentry","nodate","item-wrap"],"jetpack_sharing_enabled":true,"_links":{"self":[{"href":"http:\/\/xn--skuggorfrndetfrflutna-02b01b.se\/index.php?rest_route=\/wp\/v2\/pages\/2340","targetHints":{"allow":["GET"]}}],"collection":[{"href":"http:\/\/xn--skuggorfrndetfrflutna-02b01b.se\/index.php?rest_route=\/wp\/v2\/pages"}],"about":[{"href":"http:\/\/xn--skuggorfrndetfrflutna-02b01b.se\/index.php?rest_route=\/wp\/v2\/types\/page"}],"author":[{"embeddable":true,"href":"http:\/\/xn--skuggorfrndetfrflutna-02b01b.se\/index.php?rest_route=\/wp\/v2\/users\/1"}],"replies":[{"embeddable":true,"href":"http:\/\/xn--skuggorfrndetfrflutna-02b01b.se\/index.php?rest_route=%2Fwp%2Fv2%2Fcomments&post=2340"}],"version-history":[{"count":3,"href":"http:\/\/xn--skuggorfrndetfrflutna-02b01b.se\/index.php?rest_route=\/wp\/v2\/pages\/2340\/revisions"}],"predecessor-version":[{"id":2362,"href":"http:\/\/xn--skuggorfrndetfrflutna-02b01b.se\/index.php?rest_route=\/wp\/v2\/pages\/2340\/revisions\/2362"}],"wp:attachment":[{"href":"http:\/\/xn--skuggorfrndetfrflutna-02b01b.se\/index.php?rest_route=%2Fwp%2Fv2%2Fmedia&parent=2340"}],"curies":[{"name":"wp","href":"https:\/\/api.w.org\/{rel}","templated":true}]}}