{"id":2302,"date":"2016-02-08T16:03:57","date_gmt":"2016-02-08T16:03:57","guid":{"rendered":"http:\/\/skugg.wopsa.se\/?page_id=2302"},"modified":"2016-02-08T16:03:57","modified_gmt":"2016-02-08T16:03:57","slug":"theresienstadt","status":"publish","type":"page","link":"http:\/\/xn--skuggorfrndetfrflutna-02b01b.se\/?page_id=2302","title":{"rendered":"Theresienstadt"},"content":{"rendered":"<p><a href=\"http:\/\/www.levandehistoria.se\/fakta-om-forintelsen\/forintelsen\/koncentrationslager\/theresienstadt\" target=\"_blank\">Klicka h\u00e4r f\u00f6r att komma till bra fakta om familjegettot Theresienstadt!<\/a><\/p>\n<p><a href=\"http:\/\/skugg.wopsa.se\/?attachment_id=2303\" rel=\"attachment wp-att-2303\"><img loading=\"lazy\" decoding=\"async\" class=\"alignnone size-full wp-image-2303\" src=\"http:\/\/skugg.wopsa.se\/wp-content\/uploads\/2016\/02\/Prag-2008-049.jpg\" alt=\"Prag 2008 049\" width=\"640\" height=\"480\" srcset=\"http:\/\/xn--skuggorfrndetfrflutna-02b01b.se\/wp-content\/uploads\/2016\/02\/Prag-2008-049.jpg 640w, http:\/\/xn--skuggorfrndetfrflutna-02b01b.se\/wp-content\/uploads\/2016\/02\/Prag-2008-049-300x225.jpg 300w\" sizes=\"auto, (max-width: 640px) 100vw, 640px\" \/><\/a> <a href=\"http:\/\/skugg.wopsa.se\/?attachment_id=2304\" rel=\"attachment wp-att-2304\"><img loading=\"lazy\" decoding=\"async\" class=\"alignnone size-large wp-image-2304\" src=\"http:\/\/skugg.wopsa.se\/wp-content\/uploads\/2016\/02\/Prag-2008-058.jpg\" alt=\"Prag 2008 058\" width=\"640\" height=\"480\" srcset=\"http:\/\/xn--skuggorfrndetfrflutna-02b01b.se\/wp-content\/uploads\/2016\/02\/Prag-2008-058.jpg 640w, http:\/\/xn--skuggorfrndetfrflutna-02b01b.se\/wp-content\/uploads\/2016\/02\/Prag-2008-058-300x225.jpg 300w\" sizes=\"auto, (max-width: 640px) 100vw, 640px\" \/><\/a> <a href=\"http:\/\/skugg.wopsa.se\/?attachment_id=2305\" rel=\"attachment wp-att-2305\"><img loading=\"lazy\" decoding=\"async\" class=\"alignnone size-large wp-image-2305\" src=\"http:\/\/skugg.wopsa.se\/wp-content\/uploads\/2016\/02\/Prag-2008-060.jpg\" alt=\"Prag 2008 060\" width=\"640\" height=\"480\" srcset=\"http:\/\/xn--skuggorfrndetfrflutna-02b01b.se\/wp-content\/uploads\/2016\/02\/Prag-2008-060.jpg 640w, http:\/\/xn--skuggorfrndetfrflutna-02b01b.se\/wp-content\/uploads\/2016\/02\/Prag-2008-060-300x225.jpg 300w\" sizes=\"auto, (max-width: 640px) 100vw, 640px\" \/><\/a> <a href=\"http:\/\/skugg.wopsa.se\/?attachment_id=2306\" rel=\"attachment wp-att-2306\"><img loading=\"lazy\" decoding=\"async\" class=\"alignnone size-large wp-image-2306\" src=\"http:\/\/skugg.wopsa.se\/wp-content\/uploads\/2016\/02\/Prag-2008-086.jpg\" alt=\"Prag 2008 086\" width=\"640\" height=\"480\" srcset=\"http:\/\/xn--skuggorfrndetfrflutna-02b01b.se\/wp-content\/uploads\/2016\/02\/Prag-2008-086.jpg 640w, http:\/\/xn--skuggorfrndetfrflutna-02b01b.se\/wp-content\/uploads\/2016\/02\/Prag-2008-086-300x225.jpg 300w\" sizes=\"auto, (max-width: 640px) 100vw, 640px\" \/><\/a> <a href=\"http:\/\/skugg.wopsa.se\/?attachment_id=2307\" rel=\"attachment wp-att-2307\"><img loading=\"lazy\" decoding=\"async\" class=\"alignnone size-large wp-image-2307\" src=\"http:\/\/skugg.wopsa.se\/wp-content\/uploads\/2016\/02\/Prag-2008-104.jpg\" alt=\"Prag 2008 104\" width=\"640\" height=\"480\" srcset=\"http:\/\/xn--skuggorfrndetfrflutna-02b01b.se\/wp-content\/uploads\/2016\/02\/Prag-2008-104.jpg 640w, http:\/\/xn--skuggorfrndetfrflutna-02b01b.se\/wp-content\/uploads\/2016\/02\/Prag-2008-104-300x225.jpg 300w\" sizes=\"auto, (max-width: 640px) 100vw, 640px\" \/><\/a> <a href=\"http:\/\/skugg.wopsa.se\/?attachment_id=2308\" rel=\"attachment wp-att-2308\"><img loading=\"lazy\" decoding=\"async\" class=\"alignnone size-large wp-image-2308\" src=\"http:\/\/skugg.wopsa.se\/wp-content\/uploads\/2016\/02\/Prag-2008-107.jpg\" alt=\"Prag 2008 107\" width=\"640\" height=\"480\" srcset=\"http:\/\/xn--skuggorfrndetfrflutna-02b01b.se\/wp-content\/uploads\/2016\/02\/Prag-2008-107.jpg 640w, http:\/\/xn--skuggorfrndetfrflutna-02b01b.se\/wp-content\/uploads\/2016\/02\/Prag-2008-107-300x225.jpg 300w\" sizes=\"auto, (max-width: 640px) 100vw, 640px\" \/><\/a> <a href=\"http:\/\/skugg.wopsa.se\/?attachment_id=2310\" rel=\"attachment wp-att-2310\"><img loading=\"lazy\" decoding=\"async\" class=\"alignnone size-large wp-image-2310\" src=\"http:\/\/skugg.wopsa.se\/wp-content\/uploads\/2016\/02\/Prag-2008-125.jpg\" alt=\"Prag 2008 125\" width=\"640\" height=\"480\" srcset=\"http:\/\/xn--skuggorfrndetfrflutna-02b01b.se\/wp-content\/uploads\/2016\/02\/Prag-2008-125.jpg 640w, http:\/\/xn--skuggorfrndetfrflutna-02b01b.se\/wp-content\/uploads\/2016\/02\/Prag-2008-125-300x225.jpg 300w\" sizes=\"auto, (max-width: 640px) 100vw, 640px\" \/><\/a><a href=\"http:\/\/skugg.wopsa.se\/?attachment_id=2309\" rel=\"attachment wp-att-2309\"><img loading=\"lazy\" decoding=\"async\" class=\"alignnone size-large wp-image-2309\" src=\"http:\/\/skugg.wopsa.se\/wp-content\/uploads\/2016\/02\/Prag-2008-116.jpg\" alt=\"Prag 2008 116\" width=\"640\" height=\"480\" srcset=\"http:\/\/xn--skuggorfrndetfrflutna-02b01b.se\/wp-content\/uploads\/2016\/02\/Prag-2008-116.jpg 640w, http:\/\/xn--skuggorfrndetfrflutna-02b01b.se\/wp-content\/uploads\/2016\/02\/Prag-2008-116-300x225.jpg 300w\" sizes=\"auto, (max-width: 640px) 100vw, 640px\" \/><\/a><\/p>\n<p>Bildk\u00e4lla: Mikael Enoksson 2008<\/p>\n","protected":false},"excerpt":{"rendered":"<p>Klicka h\u00e4r f\u00f6r att komma till bra fakta om familjegettot Theresienstadt! Bildk\u00e4lla: Mikael Enoksson 2008<\/p>\n","protected":false},"author":1,"featured_media":0,"parent":0,"menu_order":0,"comment_status":"closed","ping_status":"closed","template":"","meta":{"_monsterinsights_skip_tracking":false,"_monsterinsights_sitenote_active":false,"_monsterinsights_sitenote_note":"","_monsterinsights_sitenote_category":0,"footnotes":""},"class_list":["post-2302","page","type-page","status-publish","hentry","nodate","item-wrap"],"jetpack_sharing_enabled":true,"_links":{"self":[{"href":"http:\/\/xn--skuggorfrndetfrflutna-02b01b.se\/index.php?rest_route=\/wp\/v2\/pages\/2302","targetHints":{"allow":["GET"]}}],"collection":[{"href":"http:\/\/xn--skuggorfrndetfrflutna-02b01b.se\/index.php?rest_route=\/wp\/v2\/pages"}],"about":[{"href":"http:\/\/xn--skuggorfrndetfrflutna-02b01b.se\/index.php?rest_route=\/wp\/v2\/types\/page"}],"author":[{"embeddable":true,"href":"http:\/\/xn--skuggorfrndetfrflutna-02b01b.se\/index.php?rest_route=\/wp\/v2\/users\/1"}],"replies":[{"embeddable":true,"href":"http:\/\/xn--skuggorfrndetfrflutna-02b01b.se\/index.php?rest_route=%2Fwp%2Fv2%2Fcomments&post=2302"}],"version-history":[{"count":1,"href":"http:\/\/xn--skuggorfrndetfrflutna-02b01b.se\/index.php?rest_route=\/wp\/v2\/pages\/2302\/revisions"}],"predecessor-version":[{"id":2312,"href":"http:\/\/xn--skuggorfrndetfrflutna-02b01b.se\/index.php?rest_route=\/wp\/v2\/pages\/2302\/revisions\/2312"}],"wp:attachment":[{"href":"http:\/\/xn--skuggorfrndetfrflutna-02b01b.se\/index.php?rest_route=%2Fwp%2Fv2%2Fmedia&parent=2302"}],"curies":[{"name":"wp","href":"https:\/\/api.w.org\/{rel}","templated":true}]}}