{"id":1715,"date":"2015-02-22T09:56:08","date_gmt":"2015-02-22T09:56:08","guid":{"rendered":"http:\/\/xn--skuggorfrndetfrflutna-02b01b.se\/?page_id=1715"},"modified":"2015-02-22T09:56:08","modified_gmt":"2015-02-22T09:56:08","slug":"krigsminne-intervju-med-ebbe","status":"publish","type":"page","link":"http:\/\/xn--skuggorfrndetfrflutna-02b01b.se\/?page_id=1715","title":{"rendered":"Krigsminne &#8211; intervju med Ebbe"},"content":{"rendered":"<p>Jag har intervjuat Ebbe Lindblom, f\u00f6dd 28 juli 1948 idag 75 \u00e5r. Ebbe bor i \u00d6rebro d\u00e4r han ocks\u00e5 \u00e4r f\u00f6dd och uppv\u00e4xt. Under uppv\u00e4xten hade Ebbe det bra trots att det var fattigt och ont om mat. Ebbe k\u00e4nde dock inte att han var hungrig under kriget. Ebbes far var inkallad i V\u00e4rmland f\u00f6r att f\u00f6rsvara svenska gr\u00e4nsen, han jobbade \u00e4ven som bilmekaniker. Sj\u00e4lvklart saknade Ebbe sin far men ibland s\u00e5 fick han permission att \u00e5ka hem och tr\u00e4ffa sin familj under en dag. Han beskrev det som jobbigt men att han \u00e4nd\u00e5 var stolt \u00f6ver honom. Ebbe visade upp flera saker som han hade samlat p\u00e5 bland annat en permissionssedel. Hans mor var hemmafru och lagade mat och st\u00e4dade. Hon jobbade \u00e4ven lite extra genom att tillverka paraplyer som hon sen s\u00e5lde f\u00f6r att f\u00e5 ihop lite extra pengar. Ebbes mor var duktig p\u00e5 att sy och det var extremt viktigt p\u00e5 den tiden ber\u00e4ttar han eftersom att allt var tvunget att r\u00e4cka mycket l\u00e4ngre \u00e4n idag. Det gick inte att sl\u00e4nga saker utan man var tvungen att lag och \u00e5teranv\u00e4nda allt, man hade inte r\u00e5d att k\u00f6pa nytt helt enkelt. Ebbe hade tv\u00e5 stycken yngre syskon, en syster och en bror.<\/p>\n<p>Under sin uppv\u00e4xt visste inte Ebbe s\u00e4rskilt mycket om vad som p\u00e5gick under kriget, han var f\u00f6r liten men han tror att hans f\u00f6r\u00e4ldrar som l\u00e4ste tidningen visste mer vad som h\u00e4nde runt om i v\u00e4rlden. F\u00f6r det var s\u00e5 man fick reda p\u00e5 vad som p\u00e5gick under kriget, genom tidningen och radion. P\u00e5 radion lyssnade man inte p\u00e5 f\u00f6r att lyssna p\u00e5 musik utan det fanns bara en kanal som rapporterade nyheter dygnet runt med undantag f\u00f6r \u201dmusiktimmen\u201d som varade mellan 17-18 och d\u00e5 spelades det bara klassisk musik. I tidningen skrev man n\u00e4stan uteslutet om kriget och Ebbe ber\u00e4ttade att det var n\u00e5gon som sade \u201dkommer man sluta ge ut tidningen nu n\u00e4r kriget \u00e4r slut?\u201d efter att tidning meddelat att kriget var \u00f6ver.<span id=\"more-1518\"><\/span><\/p>\n<p>Han minns ransoneringskupongerna som han ocks\u00e5 hade ramat in och visade stolt upp f\u00f6r oss. Alla hade ransoneringskuponger under kriget p\u00e5 grund ut av bristen p\u00e5 mat och andra varor. I Sverige fick man bara k\u00f6pa saker om man hade ransoneringskuponger f\u00f6r att det skulle r\u00e4cka till alla. Det fanns dock vissa som handlade p\u00e5 den s\u00e5 kallade \u201dsvarta b\u00f6rsen.\u201d vilket betydde att man handlade av varandra utan ransoneringskuponger till exempel om man k\u00f6pte k\u00f6tt av en bonde. Ebbes b\u00e4sta minne under kriget var n\u00e4r freden kom, d\u00e5 var det fest och alla var glada. Han ber\u00e4ttar om att det var samling p\u00e5 stortorget i \u00d6rebro d\u00e4r man firade freden.<\/p>\n<p>Av: Oscar Lado 9D vt 14<\/p>\n","protected":false},"excerpt":{"rendered":"<p>Jag har intervjuat Ebbe Lindblom, f\u00f6dd 28 juli 1948 idag 75 \u00e5r. Ebbe bor i \u00d6rebro d\u00e4r han ocks\u00e5 \u00e4r f\u00f6dd och uppv\u00e4xt. Under uppv\u00e4xten hade Ebbe det bra trots att det var fattigt och ont om mat. Ebbe k\u00e4nde dock inte att han var hungrig under kriget. Ebbes far var inkallad i V\u00e4rmland f\u00f6r &hellip; <\/p>\n<p><a class=\"more-link btn\" href=\"http:\/\/xn--skuggorfrndetfrflutna-02b01b.se\/?page_id=1715\">Forts\u00e4tt l\u00e4sa<\/a><\/p>\n","protected":false},"author":1,"featured_media":0,"parent":0,"menu_order":0,"comment_status":"closed","ping_status":"open","template":"","meta":{"_monsterinsights_skip_tracking":false,"_monsterinsights_sitenote_active":false,"_monsterinsights_sitenote_note":"","_monsterinsights_sitenote_category":0,"footnotes":""},"class_list":["post-1715","page","type-page","status-publish","hentry","nodate","item-wrap"],"jetpack_sharing_enabled":true,"_links":{"self":[{"href":"http:\/\/xn--skuggorfrndetfrflutna-02b01b.se\/index.php?rest_route=\/wp\/v2\/pages\/1715","targetHints":{"allow":["GET"]}}],"collection":[{"href":"http:\/\/xn--skuggorfrndetfrflutna-02b01b.se\/index.php?rest_route=\/wp\/v2\/pages"}],"about":[{"href":"http:\/\/xn--skuggorfrndetfrflutna-02b01b.se\/index.php?rest_route=\/wp\/v2\/types\/page"}],"author":[{"embeddable":true,"href":"http:\/\/xn--skuggorfrndetfrflutna-02b01b.se\/index.php?rest_route=\/wp\/v2\/users\/1"}],"replies":[{"embeddable":true,"href":"http:\/\/xn--skuggorfrndetfrflutna-02b01b.se\/index.php?rest_route=%2Fwp%2Fv2%2Fcomments&post=1715"}],"version-history":[{"count":1,"href":"http:\/\/xn--skuggorfrndetfrflutna-02b01b.se\/index.php?rest_route=\/wp\/v2\/pages\/1715\/revisions"}],"predecessor-version":[{"id":1717,"href":"http:\/\/xn--skuggorfrndetfrflutna-02b01b.se\/index.php?rest_route=\/wp\/v2\/pages\/1715\/revisions\/1717"}],"wp:attachment":[{"href":"http:\/\/xn--skuggorfrndetfrflutna-02b01b.se\/index.php?rest_route=%2Fwp%2Fv2%2Fmedia&parent=1715"}],"curies":[{"name":"wp","href":"https:\/\/api.w.org\/{rel}","templated":true}]}}