{"id":1297,"date":"2014-03-22T20:46:35","date_gmt":"2014-03-22T20:46:35","guid":{"rendered":"http:\/\/xn--skuggorfrndetfrflutna-02b01b.se\/?page_id=1297"},"modified":"2014-03-22T20:48:46","modified_gmt":"2014-03-22T20:48:46","slug":"tarnow","status":"publish","type":"page","link":"http:\/\/xn--skuggorfrndetfrflutna-02b01b.se\/?page_id=1297","title":{"rendered":"Tarnow"},"content":{"rendered":"<p>Karta \u00f6ver Tarnow och getto. Klicka p\u00e5 l\u00e4nken!<\/p>\n<p><a href=\"http:\/\/www.ushmm.org\/wlc\/en\/article.php?ModuleId=10005461\">Fakta om Tarnow<\/a><\/p>\n<p><a href=\"http:\/\/www.ushmm.org\/wlc\/en\/media_nm.php?ModuleId=10005461&amp;MediaId=2179\">Omr\u00e5det<\/a><\/p>\n<p><a href=\"http:\/\/www.ushmm.org\/wlc\/en\/media_nm.php?ModuleId=10005461&amp;MediaId=2180\">Gettot i Tarnow<\/a><\/p>\n","protected":false},"excerpt":{"rendered":"<p>Karta \u00f6ver Tarnow och getto. Klicka p\u00e5 l\u00e4nken! Fakta om Tarnow Omr\u00e5det Gettot i Tarnow<\/p>\n","protected":false},"author":1,"featured_media":0,"parent":0,"menu_order":0,"comment_status":"closed","ping_status":"open","template":"","meta":{"_monsterinsights_skip_tracking":false,"_monsterinsights_sitenote_active":false,"_monsterinsights_sitenote_note":"","_monsterinsights_sitenote_category":0,"footnotes":""},"class_list":["post-1297","page","type-page","status-publish","hentry","nodate","item-wrap"],"jetpack_sharing_enabled":true,"_links":{"self":[{"href":"http:\/\/xn--skuggorfrndetfrflutna-02b01b.se\/index.php?rest_route=\/wp\/v2\/pages\/1297","targetHints":{"allow":["GET"]}}],"collection":[{"href":"http:\/\/xn--skuggorfrndetfrflutna-02b01b.se\/index.php?rest_route=\/wp\/v2\/pages"}],"about":[{"href":"http:\/\/xn--skuggorfrndetfrflutna-02b01b.se\/index.php?rest_route=\/wp\/v2\/types\/page"}],"author":[{"embeddable":true,"href":"http:\/\/xn--skuggorfrndetfrflutna-02b01b.se\/index.php?rest_route=\/wp\/v2\/users\/1"}],"replies":[{"embeddable":true,"href":"http:\/\/xn--skuggorfrndetfrflutna-02b01b.se\/index.php?rest_route=%2Fwp%2Fv2%2Fcomments&post=1297"}],"version-history":[{"count":2,"href":"http:\/\/xn--skuggorfrndetfrflutna-02b01b.se\/index.php?rest_route=\/wp\/v2\/pages\/1297\/revisions"}],"predecessor-version":[{"id":1300,"href":"http:\/\/xn--skuggorfrndetfrflutna-02b01b.se\/index.php?rest_route=\/wp\/v2\/pages\/1297\/revisions\/1300"}],"wp:attachment":[{"href":"http:\/\/xn--skuggorfrndetfrflutna-02b01b.se\/index.php?rest_route=%2Fwp%2Fv2%2Fmedia&parent=1297"}],"curies":[{"name":"wp","href":"https:\/\/api.w.org\/{rel}","templated":true}]}}