{"id":122,"date":"2013-08-31T17:35:43","date_gmt":"2013-08-31T17:35:43","guid":{"rendered":"http:\/\/xn--skuggorfrndetfrflutna-02b01b.se\/?page_id=122"},"modified":"2015-02-22T19:47:53","modified_gmt":"2015-02-22T19:47:53","slug":"norra-kyrkogarden-i-orebro","status":"publish","type":"page","link":"http:\/\/xn--skuggorfrndetfrflutna-02b01b.se\/?page_id=122","title":{"rendered":"Minnesplaketen"},"content":{"rendered":"<p><a href=\"http:\/\/xn--skuggorfrndetfrflutna-02b01b.se\/wp-content\/uploads\/2013\/08\/DSC_0053_webbbild.jpg\"><img loading=\"lazy\" decoding=\"async\" class=\"alignnone size-medium wp-image-137\" src=\"http:\/\/xn--skuggorfrndetfrflutna-02b01b.se\/wp-content\/uploads\/2013\/08\/DSC_0053_webbbild-300x196.jpg\" alt=\"DSC_0053_webbbild\" width=\"300\" height=\"196\" srcset=\"http:\/\/xn--skuggorfrndetfrflutna-02b01b.se\/wp-content\/uploads\/2013\/08\/DSC_0053_webbbild-300x196.jpg 300w, http:\/\/xn--skuggorfrndetfrflutna-02b01b.se\/wp-content\/uploads\/2013\/08\/DSC_0053_webbbild.jpg 390w\" sizes=\"auto, (max-width: 300px) 100vw, 300px\" \/><\/a><\/p>\n<p>Efter att Nerikes Allahanda hade tagit in nedan ins\u00e4ndare som eleverna hade formulerat ville Kyrkog\u00e5rdsf\u00f6rvaltningen i \u00d6rebro f\u00f6lja f\u00f6rslaget och eleverna i klass 9E \u00e5tersamlades i augusti f\u00f6r att i en workshop dra upp vad som borde st\u00e5 i en minnestext. Utifr\u00e5n elevernas f\u00f6rslag formulerade SO-l\u00e4raren texten nedan. I maj 2012 invigdes minnesplaketten.<\/p>\n<p>&nbsp;<\/p>\n<p>Ins\u00e4ndare:<\/p>\n<p><b>Skuggor fr\u00e5n det f\u00f6rflutna i \u00d6rebro<\/b><\/p>\n<p>Vi i klass 9E p\u00e5 Lill\u00e5ns skola har under v\u00e5ren arbetat med ett projekt som handlat om 21 av de 239 kvinnliga koncentrationsl\u00e4gerf\u00e5ngar som kom som flyktingar till Engelbrektskolans beredskapssjukhus i \u00d6rebro fr\u00e5n maj till december 1945. N\u00e4r de anl\u00e4nde var de flesta illa tilltygade b\u00e5de fysiskt och psykiskt men fick v\u00e5rd p\u00e5 det hastigt uppr\u00e4ttade beredskapssjukhuset i Engelbrektsskolan. Fyra av kvinnorna \u00f6verlevde inte och ligger begravda p\u00e5 Norra kyrkog\u00e5rden. Men det finns ingenting p\u00e5 b\u00e5da dessa platser som visar eller f\u00f6rklarar vad som en g\u00e5ng h\u00e4nde h\u00e4r i \u00d6rebro. Borde det inte finans en minnesplakett p\u00e5 den f\u00f6rra detta skolbyggnaden? Varf\u00f6r inte en minnessten p\u00e5 kyrkog\u00e5rden som f\u00f6rklarar varf\u00f6r det st\u00e5r fyra ensamma polska gravar just h\u00e4r? Vi klass 9E menar att det \u00e4r viktig att visa p\u00e5 nazismens konsekvenser ocks\u00e5 h\u00e4r i \u00d6rebro. M\u00e5nga \u00f6rebroare gjorde ocks\u00e5 stora insatser f\u00f6r att hj\u00e4lpa flyktingarna och vi tycker att vi m\u00e5ste bevara och \u00e5terber\u00e4tta denna historia. Den f\u00e5r inte gl\u00f6mmas bort!<\/p>\n<p>F\u00f6r klass 9E p\u00e5 Lill\u00e5ns skola<\/p>\n<p>Joakim Kennberg<\/p>\n<p>William Kippel<\/p>\n<p>Simon Kourieh<\/p>\n<p>Clara Hanell<\/p>\n<p>&nbsp;<\/p>\n<p><strong>Text p\u00e5 minnesplakett:<\/strong><\/p>\n<p style=\"text-align: left;\" align=\"center\"><b>Skuggor fr\u00e5n det f\u00f6rflutna<\/b><\/p>\n<p>Den 25 maj 1945 anl\u00e4nde de f\u00f6rsta av n\u00e4rmare 250 f\u00f6re detta kvinnliga koncentrationsl\u00e4gerf\u00e5ngar till det uppr\u00e4ttade beredskapssjukhuset p\u00e5 Engelbrektsskolan i \u00d6rebro. Skoleleverna p\u00e5 fick g\u00e5 i andra skolor fram tills att beredskaps-sjukhuset st\u00e4ngdes i december 1945. Kvinnorna kom fr\u00e5n l\u00e4ger som Auschwitz-Birkenau, Ravensbr\u00fcck och Bergen-Belsen och togs till Sverige med hj\u00e4lp av svenska R\u00f6da korset och UNRRA (United Nations Relief and Rehabilitation Administration).<\/p>\n<p>Efterhand \u00e5terv\u00e4nde de flesta av kvinnorna till sina heml\u00e4nder eller emigrerade till andra l\u00e4nder men m\u00e5nga blev s\u00e5 sm\u00e5ningom ocks\u00e5 svenska medborgare. Flera av kvinnorna dog i Sverige efter den behandling de utsattes f\u00f6r i de tyska koncentrationsl\u00e4gren och fyra av dem ligger begravda p\u00e5 Norra kyrkog\u00e5rden.<\/p>\n<p>Anna Chlebowa, Polen\u00a0 \u00a0\u00a0\u00a0\u00a0 \u00a0\u00a0\u00a0\u00a0\u00a0\u00a0\u00a0\u00a0\u00a0\u00a0\u00a0 20.10 1870 \u2013 11.7 1945<\/p>\n<p>Cecylia Fiszlak, Polen \u00a0\u00a0\u00a0\u00a0\u00a0\u00a0\u00a0 \u00a0\u00a0\u00a0\u00a0\u00a0\u00a0\u00a0\u00a0\u00a0\u00a0\u00a0 27.11 1896 \u2013 25.12 1945<\/p>\n<p>Julianna Kaminska, Polen \u00a0 \u00a0 \u00a0 \u00a0 \u00a0 \u00a028.1 1882 \u2013 18.4 1946<\/p>\n<p>Irene Rybak, Polen \u00a0 \u00a0 \u00a0 \u00a0 \u00a0 \u00a0 \u00a0 \u00a0 \u00a0 \u00a0 \u00a0 \u00a0 \u00a028.6 1897 \u2013 23.12 1947<\/p>\n<p align=\"center\">Vad \u00e4r en m\u00e4nniska?\u00a0 &#8211;\u00a0 Czym jest cz\u0142owiek?<\/p>\n<p>Minnesplaketten \u00e4r ett resultat av det projekt som klass 9E p\u00e5 Lill\u00e5ns skola genomf\u00f6rde l\u00e4s\u00e5ret 2010\/11. Mer information om Beredskapssjukhuset och om flyktingarna finns p\u00e5 hemsidan: <a href=\"http:\/\/www.svenskakyrkan.se\/default.aspx?id=893926\">http:\/\/www.svenskakyrkan.se<\/a><a href=\"http:\/\/www.xxxx.se\/beredskapssjukhuset\"><br \/>\n<\/a><\/p>\n<p><a href=\"http:\/\/xn--skuggorfrndetfrflutna-02b01b.se\/wp-content\/uploads\/2013\/08\/Bild9.jpg\"><img loading=\"lazy\" decoding=\"async\" class=\"alignnone size-medium wp-image-543\" src=\"http:\/\/xn--skuggorfrndetfrflutna-02b01b.se\/wp-content\/uploads\/2013\/08\/Bild9-225x300.jpg\" alt=\"Bild9\" width=\"225\" height=\"300\" srcset=\"http:\/\/xn--skuggorfrndetfrflutna-02b01b.se\/wp-content\/uploads\/2013\/08\/Bild9-225x300.jpg 225w, http:\/\/xn--skuggorfrndetfrflutna-02b01b.se\/wp-content\/uploads\/2013\/08\/Bild9.jpg 567w\" sizes=\"auto, (max-width: 225px) 100vw, 225px\" \/><\/a> <a href=\"http:\/\/xn--skuggorfrndetfrflutna-02b01b.se\/wp-content\/uploads\/2013\/08\/Bild8.jpg\"><img loading=\"lazy\" decoding=\"async\" class=\"alignnone  wp-image-542\" src=\"http:\/\/xn--skuggorfrndetfrflutna-02b01b.se\/wp-content\/uploads\/2013\/08\/Bild8.jpg\" alt=\"Bild8\" width=\"706\" height=\"529\" srcset=\"http:\/\/xn--skuggorfrndetfrflutna-02b01b.se\/wp-content\/uploads\/2013\/08\/Bild8.jpg 1008w, http:\/\/xn--skuggorfrndetfrflutna-02b01b.se\/wp-content\/uploads\/2013\/08\/Bild8-300x225.jpg 300w\" sizes=\"auto, (max-width: 706px) 100vw, 706px\" \/><\/a><\/p>\n<p><a href=\"http:\/\/xn--skuggorfrndetfrflutna-02b01b.se\/wp-content\/uploads\/2013\/08\/dsc00193.jpg\"><img loading=\"lazy\" decoding=\"async\" class=\"alignnone size-full wp-image-887\" src=\"http:\/\/xn--skuggorfrndetfrflutna-02b01b.se\/wp-content\/uploads\/2013\/08\/dsc00193.jpg\" alt=\"dsc00193\" width=\"960\" height=\"375\" srcset=\"http:\/\/xn--skuggorfrndetfrflutna-02b01b.se\/wp-content\/uploads\/2013\/08\/dsc00193.jpg 960w, http:\/\/xn--skuggorfrndetfrflutna-02b01b.se\/wp-content\/uploads\/2013\/08\/dsc00193-300x117.jpg 300w\" sizes=\"auto, (max-width: 960px) 100vw, 960px\" \/><\/a><\/p>\n<p><a href=\"http:\/\/xn--skuggorfrndetfrflutna-02b01b.se\/wp-content\/uploads\/2013\/08\/DSC00214.jpg\"><img loading=\"lazy\" decoding=\"async\" class=\"alignnone  wp-image-1727\" src=\"http:\/\/xn--skuggorfrndetfrflutna-02b01b.se\/wp-content\/uploads\/2013\/08\/DSC00214-1024x768.jpg\" alt=\"DSC00214\" width=\"950\" height=\"713\" srcset=\"http:\/\/xn--skuggorfrndetfrflutna-02b01b.se\/wp-content\/uploads\/2013\/08\/DSC00214-1024x768.jpg 1024w, http:\/\/xn--skuggorfrndetfrflutna-02b01b.se\/wp-content\/uploads\/2013\/08\/DSC00214-300x225.jpg 300w\" sizes=\"auto, (max-width: 950px) 100vw, 950px\" \/><\/a>Fotografier: Mikael Enoksson\/Levandehistoria<\/p>\n","protected":false},"excerpt":{"rendered":"<p>Efter att Nerikes Allahanda hade tagit in nedan ins\u00e4ndare som eleverna hade formulerat ville Kyrkog\u00e5rdsf\u00f6rvaltningen i \u00d6rebro f\u00f6lja f\u00f6rslaget och eleverna i klass 9E \u00e5tersamlades i augusti f\u00f6r att i en workshop dra upp vad som borde st\u00e5 i en minnestext. Utifr\u00e5n elevernas f\u00f6rslag formulerade SO-l\u00e4raren texten nedan. I maj 2012 invigdes minnesplaketten. &nbsp; Ins\u00e4ndare: &hellip; <\/p>\n<p><a class=\"more-link btn\" href=\"http:\/\/xn--skuggorfrndetfrflutna-02b01b.se\/?page_id=122\">Forts\u00e4tt l\u00e4sa<\/a><\/p>\n","protected":false},"author":1,"featured_media":0,"parent":0,"menu_order":0,"comment_status":"closed","ping_status":"open","template":"","meta":{"_monsterinsights_skip_tracking":false,"_monsterinsights_sitenote_active":false,"_monsterinsights_sitenote_note":"","_monsterinsights_sitenote_category":0,"footnotes":""},"class_list":["post-122","page","type-page","status-publish","hentry","nodate","item-wrap"],"jetpack_sharing_enabled":true,"_links":{"self":[{"href":"http:\/\/xn--skuggorfrndetfrflutna-02b01b.se\/index.php?rest_route=\/wp\/v2\/pages\/122","targetHints":{"allow":["GET"]}}],"collection":[{"href":"http:\/\/xn--skuggorfrndetfrflutna-02b01b.se\/index.php?rest_route=\/wp\/v2\/pages"}],"about":[{"href":"http:\/\/xn--skuggorfrndetfrflutna-02b01b.se\/index.php?rest_route=\/wp\/v2\/types\/page"}],"author":[{"embeddable":true,"href":"http:\/\/xn--skuggorfrndetfrflutna-02b01b.se\/index.php?rest_route=\/wp\/v2\/users\/1"}],"replies":[{"embeddable":true,"href":"http:\/\/xn--skuggorfrndetfrflutna-02b01b.se\/index.php?rest_route=%2Fwp%2Fv2%2Fcomments&post=122"}],"version-history":[{"count":14,"href":"http:\/\/xn--skuggorfrndetfrflutna-02b01b.se\/index.php?rest_route=\/wp\/v2\/pages\/122\/revisions"}],"predecessor-version":[{"id":1728,"href":"http:\/\/xn--skuggorfrndetfrflutna-02b01b.se\/index.php?rest_route=\/wp\/v2\/pages\/122\/revisions\/1728"}],"wp:attachment":[{"href":"http:\/\/xn--skuggorfrndetfrflutna-02b01b.se\/index.php?rest_route=%2Fwp%2Fv2%2Fmedia&parent=122"}],"curies":[{"name":"wp","href":"https:\/\/api.w.org\/{rel}","templated":true}]}}