{"id":101,"date":"2013-08-31T08:59:23","date_gmt":"2013-08-31T08:59:23","guid":{"rendered":"http:\/\/xn--skuggorfrndetfrflutna-02b01b.se\/?page_id=101"},"modified":"2014-02-09T07:52:40","modified_gmt":"2014-02-09T07:52:40","slug":"didaktik","status":"publish","type":"page","link":"http:\/\/xn--skuggorfrndetfrflutna-02b01b.se\/?page_id=101","title":{"rendered":"Didaktik"},"content":{"rendered":"<p>Genom att \u00e5terber\u00e4tta en m\u00e4nniskas historia blir man sj\u00e4lv en del av historien!<\/p>\n<p>Genom att utifr\u00e5n kvinnornas egna ber\u00e4ttelser s\u00e5som de nedtecknats av andra i olika dokument konstruerar eleven s\u00e5 kallade livsber\u00e4ttelser. Dessa ber\u00e4ttelser som inneh\u00e5ller avg\u00f6rande moment fr\u00e5n kvinnornas liv \u00e4r allts\u00e5 inte ber\u00e4ttade av kvinnorna sj\u00e4lva men genom dokumenten tecknas grovt hur m\u00e4nniskor p\u00e5verkades av nazismen och hur kvinnorna f\u00f6rs\u00f6ker bygga upp sina liv igen.<\/p>\n<p>Genom att anv\u00e4nda olika andra k\u00e4llor spinner eleverna en historisk v\u00e4v som handlar om hur m\u00e4nniskor behandlades och m\u00e4nniskor idag borde bli behandlade.<\/p>\n<p>Genom att eleven p\u00e5 olika s\u00e4tt kommunicerar sitt l\u00e4rande till andra skapas verklig kunskap.<\/p>\n<p>L\u00e4nk till projektets sida p\u00e5 Levande historias hemsida:<\/p>\n<p><a href=\"http:\/\/www.levandehistoria.se\/klassrummet\/pa-denna-plats\/orebro\" target=\"_blank\">http:\/\/www.levandehistoria.se\/klassrummet\/pa-denna-plats\/orebro<\/a><\/p>\n<p>&nbsp;<\/p>\n<p>H\u00e4r kommer de didaktiska teorier som ligger till grund f\u00f6r projektet att presenteras vidare.<\/p>\n<p><a title=\"Yad Vashem\" href=\"https:\/\/docs.google.com\/file\/d\/0B-HmSmf8cxy2MEdtWXViQ0tQMlk\/edit?usp=sharing\">Underlag f\u00f6r work-shop p\u00e5 Yad Vashem 2012 (Engelska). Klicka p\u00e5 l\u00e4nken.<\/a><\/p>\n<p><a href=\"http:\/\/xn--skuggorfrndetfrflutna-02b01b.se\/wp-content\/uploads\/2014\/02\/IMG_0682.jpg\"><img loading=\"lazy\" decoding=\"async\" class=\"alignnone size-large wp-image-900\" alt=\"IMG_0682\" src=\"http:\/\/xn--skuggorfrndetfrflutna-02b01b.se\/wp-content\/uploads\/2014\/02\/IMG_0682-1024x640.jpg\" width=\"1024\" height=\"640\" srcset=\"http:\/\/xn--skuggorfrndetfrflutna-02b01b.se\/wp-content\/uploads\/2014\/02\/IMG_0682-1024x640.jpg 1024w, http:\/\/xn--skuggorfrndetfrflutna-02b01b.se\/wp-content\/uploads\/2014\/02\/IMG_0682-300x187.jpg 300w\" sizes=\"auto, (max-width: 1024px) 100vw, 1024px\" \/><\/a><\/p>\n","protected":false},"excerpt":{"rendered":"<p>Genom att \u00e5terber\u00e4tta en m\u00e4nniskas historia blir man sj\u00e4lv en del av historien! Genom att utifr\u00e5n kvinnornas egna ber\u00e4ttelser s\u00e5som de nedtecknats av andra i olika dokument konstruerar eleven s\u00e5 kallade livsber\u00e4ttelser. Dessa ber\u00e4ttelser som inneh\u00e5ller avg\u00f6rande moment fr\u00e5n kvinnornas liv \u00e4r allts\u00e5 inte ber\u00e4ttade av kvinnorna sj\u00e4lva men genom dokumenten tecknas grovt hur m\u00e4nniskor &hellip; <\/p>\n<p><a class=\"more-link btn\" href=\"http:\/\/xn--skuggorfrndetfrflutna-02b01b.se\/?page_id=101\">Forts\u00e4tt l\u00e4sa<\/a><\/p>\n","protected":false},"author":1,"featured_media":0,"parent":0,"menu_order":0,"comment_status":"closed","ping_status":"open","template":"","meta":{"_monsterinsights_skip_tracking":false,"_monsterinsights_sitenote_active":false,"_monsterinsights_sitenote_note":"","_monsterinsights_sitenote_category":0,"footnotes":""},"class_list":["post-101","page","type-page","status-publish","hentry","nodate","item-wrap"],"jetpack_sharing_enabled":true,"_links":{"self":[{"href":"http:\/\/xn--skuggorfrndetfrflutna-02b01b.se\/index.php?rest_route=\/wp\/v2\/pages\/101","targetHints":{"allow":["GET"]}}],"collection":[{"href":"http:\/\/xn--skuggorfrndetfrflutna-02b01b.se\/index.php?rest_route=\/wp\/v2\/pages"}],"about":[{"href":"http:\/\/xn--skuggorfrndetfrflutna-02b01b.se\/index.php?rest_route=\/wp\/v2\/types\/page"}],"author":[{"embeddable":true,"href":"http:\/\/xn--skuggorfrndetfrflutna-02b01b.se\/index.php?rest_route=\/wp\/v2\/users\/1"}],"replies":[{"embeddable":true,"href":"http:\/\/xn--skuggorfrndetfrflutna-02b01b.se\/index.php?rest_route=%2Fwp%2Fv2%2Fcomments&post=101"}],"version-history":[{"count":8,"href":"http:\/\/xn--skuggorfrndetfrflutna-02b01b.se\/index.php?rest_route=\/wp\/v2\/pages\/101\/revisions"}],"predecessor-version":[{"id":921,"href":"http:\/\/xn--skuggorfrndetfrflutna-02b01b.se\/index.php?rest_route=\/wp\/v2\/pages\/101\/revisions\/921"}],"wp:attachment":[{"href":"http:\/\/xn--skuggorfrndetfrflutna-02b01b.se\/index.php?rest_route=%2Fwp%2Fv2%2Fmedia&parent=101"}],"curies":[{"name":"wp","href":"https:\/\/api.w.org\/{rel}","templated":true}]}}